CRAN Package Check Results for Package toolStability

Last updated on 2025-05-17 09:49:27 CEST.

Flavor Version Tinstall Tcheck Ttotal Status Flags
r-devel-linux-x86_64-debian-clang 0.1.2 5.85 58.75 64.60 NOTE
r-devel-linux-x86_64-debian-gcc 0.1.3 3.68 44.01 47.69 OK
r-devel-linux-x86_64-fedora-clang 0.1.3 106.18 OK
r-devel-linux-x86_64-fedora-gcc 0.1.3 118.73 OK
r-devel-windows-x86_64 0.1.2 7.00 83.00 90.00 NOTE
r-patched-linux-x86_64 0.1.2 5.36 53.68 59.04 NOTE
r-release-linux-x86_64 0.1.2 4.98 54.48 59.46 NOTE
r-release-macos-arm64 0.1.3 45.00 OK
r-release-macos-x86_64 0.1.2 74.00 NOTE
r-release-windows-x86_64 0.1.3 8.00 88.00 96.00 OK
r-oldrel-macos-arm64 0.1.3 61.00 OK
r-oldrel-macos-x86_64 0.1.3 91.00 OK
r-oldrel-windows-x86_64 0.1.2 9.00 94.00 103.00 NOTE

Check Details

Version: 0.1.2
Check: CRAN incoming feasibility
Result: NOTE Maintainer: ‘Tien-Cheng Wang <wangtien@student.hu-berlin.de>’ The Description field contains (1988) <https://cdnsciencepub.com/doi/abs/10.4141/cjps88-018>. Nassar Please use permanent DOI markup for linking to publications as in <doi:prefix/suffix>. Flavor: r-devel-linux-x86_64-debian-clang

Version: 0.1.2
Check: Rd files
Result: NOTE checkRd: (-1) Data.Rd:10: Lost braces in \itemize; meant \describe ? checkRd: (-1) Data.Rd:11: Lost braces in \itemize; meant \describe ? checkRd: (-1) Data.Rd:12: Lost braces in \itemize; meant \describe ? checkRd: (-1) Data.Rd:13: Lost braces in \itemize; meant \describe ? checkRd: (-1) Data.Rd:14: Lost braces in \itemize; meant \describe ? checkRd: (-1) Data.Rd:15: Lost braces in \itemize; meant \describe ? checkRd: (-1) Data.Rd:16: Lost braces in \itemize; meant \describe ? checkRd: (-1) Data.Rd:17: Lost braces in \itemize; meant \describe ? Flavors: r-devel-linux-x86_64-debian-clang, r-devel-windows-x86_64, r-patched-linux-x86_64, r-release-linux-x86_64, r-release-macos-x86_64, r-oldrel-windows-x86_64

These binaries (installable software) and packages are in development.
They may not be fully stable and should be used with caution. We make no claims about them.
Health stats visible at Monitor.