Last updated on 2025-05-03 22:50:08 CEST.
Flavor | Version | Tinstall | Tcheck | Ttotal | Status | Flags |
---|---|---|---|---|---|---|
r-devel-linux-x86_64-debian-clang | 1.1.2 | 8.86 | 55.32 | 64.18 | NOTE | |
r-devel-linux-x86_64-debian-gcc | 1.1.2 | 5.27 | 44.11 | 49.38 | NOTE | |
r-devel-linux-x86_64-fedora-clang | 1.1.2 | 106.52 | NOTE | |||
r-devel-linux-x86_64-fedora-gcc | 1.1.2 | 118.45 | NOTE | |||
r-devel-windows-x86_64 | 1.1.2 | 8.00 | 87.00 | 95.00 | NOTE | |
r-patched-linux-x86_64 | 1.1.2 | 8.52 | 52.42 | 60.94 | NOTE | |
r-release-linux-x86_64 | NOTE | |||||
r-release-macos-arm64 | 1.1.2 | 52.00 | NOTE | |||
r-release-macos-x86_64 | 1.1.2 | 72.00 | NOTE | |||
r-release-windows-x86_64 | 1.1.2 | 8.00 | 78.00 | 86.00 | NOTE | |
r-oldrel-macos-arm64 | 1.1.2 | 52.00 | NOTE | |||
r-oldrel-macos-x86_64 | 1.1.2 | 126.00 | NOTE | |||
r-oldrel-windows-x86_64 | 1.1.2 | 9.00 | 87.00 | 96.00 | NOTE |
Version: 1.1.2
Check: DESCRIPTION meta-information
Result: NOTE
Author field differs from that derived from Authors@R
Author: ‘Frédéric Gosselin [cre, aut] (<https://orcid.org/0000-0003-3737-106X>, INRAE), Institut national de recherche pour l‘agriculture, l’alimentation et l'environnement [cph] (INRAE)’
Authors@R: ‘Frédéric Gosselin [cre, aut] (ORCID: <https://orcid.org/0000-0003-3737-106X>, institution: INRAE), Institut national de recherche pour l‘agriculture, l’alimentation et l'environnement [cph] (INRAE)’
Flavors: r-devel-linux-x86_64-debian-clang, r-devel-linux-x86_64-debian-gcc
Version: 1.1.2
Check: dependencies in R code
Result: NOTE
'library' or 'require' calls in package code:
‘nimble’ ‘nimbleAPT’
Please use :: or requireNamespace() instead.
See section 'Suggested packages' in the 'Writing R Extensions' manual.
Flavors: r-devel-linux-x86_64-debian-clang, r-devel-linux-x86_64-debian-gcc, r-devel-linux-x86_64-fedora-clang, r-devel-linux-x86_64-fedora-gcc, r-devel-windows-x86_64, r-patched-linux-x86_64, r-release-linux-x86_64, r-release-macos-arm64, r-release-macos-x86_64, r-release-windows-x86_64, r-oldrel-macos-arm64, r-oldrel-macos-x86_64, r-oldrel-windows-x86_64
These binaries (installable software) and packages are in development.
They may not be fully stable and should be used with caution. We make no claims about them.
Health stats visible at Monitor.