Last updated on 2025-02-02 07:50:25 CET.
Flavor | Version | Tinstall | Tcheck | Ttotal | Status | Flags |
---|---|---|---|---|---|---|
r-devel-linux-x86_64-debian-clang | 1.1.2 | 9.21 | 54.89 | 64.10 | NOTE | |
r-devel-linux-x86_64-debian-gcc | 1.1.2 | 4.72 | 41.61 | 46.33 | NOTE | |
r-devel-linux-x86_64-fedora-clang | 1.1.2 | 105.86 | NOTE | |||
r-devel-linux-x86_64-fedora-gcc | 1.1.2 | 108.02 | NOTE | |||
r-devel-windows-x86_64 | 1.1.2 | 8.00 | 84.00 | 92.00 | NOTE | |
r-patched-linux-x86_64 | 1.1.2 | 8.28 | 52.55 | 60.83 | NOTE | |
r-release-linux-x86_64 | 1.1.2 | 8.52 | 51.98 | 60.50 | NOTE | |
r-release-macos-arm64 | 1.1.2 | 52.00 | NOTE | |||
r-release-macos-x86_64 | 1.1.2 | 126.00 | NOTE | |||
r-release-windows-x86_64 | 1.1.2 | 8.00 | 73.00 | 81.00 | NOTE | |
r-oldrel-macos-arm64 | 1.1.2 | 48.00 | WARN | |||
r-oldrel-macos-x86_64 | 1.1.2 | 89.00 | WARN | |||
r-oldrel-windows-x86_64 | 1.1.2 | 11.00 | 81.00 | 92.00 | NOTE |
Version: 1.1.2
Check: dependencies in R code
Result: NOTE
'library' or 'require' calls in package code:
‘nimble’ ‘nimbleAPT’
Please use :: or requireNamespace() instead.
See section 'Suggested packages' in the 'Writing R Extensions' manual.
Flavors: r-devel-linux-x86_64-debian-clang, r-devel-linux-x86_64-debian-gcc, r-devel-linux-x86_64-fedora-clang, r-devel-linux-x86_64-fedora-gcc, r-devel-windows-x86_64, r-patched-linux-x86_64, r-release-linux-x86_64, r-release-macos-arm64, r-release-macos-x86_64, r-release-windows-x86_64, r-oldrel-macos-arm64, r-oldrel-macos-x86_64, r-oldrel-windows-x86_64
Version: 1.1.2
Check: DESCRIPTION meta-information
Result: WARN
Non-standard license specification:
CECILL-2.1
Standardizable: FALSE
Flavors: r-oldrel-macos-arm64, r-oldrel-macos-x86_64
These binaries (installable software) and packages are in development.
They may not be fully stable and should be used with caution. We make no claims about them.
Health stats visible at Monitor.