Last updated on 2025-02-23 19:51:19 CET.
Flavor | Version | Tinstall | Tcheck | Ttotal | Status | Flags |
---|---|---|---|---|---|---|
r-devel-linux-x86_64-debian-clang | 2.32.1 | 389.31 | 3.46 | 392.77 | ERROR | |
r-devel-linux-x86_64-debian-gcc | 2.32.1 | 1344.90 | 457.92 | 1802.82 | NOTE | |
r-devel-linux-x86_64-fedora-clang | 2.32.1 | 523.73 | ERROR | |||
r-devel-linux-x86_64-fedora-gcc | 2.32.1 | 3732.89 | OK | |||
r-devel-macos-arm64 | 2.32.1 | 1013.00 | OK | |||
r-devel-macos-x86_64 | 2.32.1 | 1100.00 | OK | |||
r-devel-windows-x86_64 | 2.32.1 | 1197.00 | 265.00 | 1462.00 | NOTE | --no-examples --no-tests --no-vignettes |
r-patched-linux-x86_64 | 2.32.1 | 1738.51 | 598.32 | 2336.83 | NOTE | |
r-release-linux-x86_64 | 2.32.1 | 1746.66 | 605.13 | 2351.79 | NOTE | |
r-release-macos-arm64 | 2.32.1 | 515.00 | NOTE | |||
r-release-macos-x86_64 | 2.32.1 | 508.00 | NOTE | |||
r-release-windows-x86_64 | 2.32.1 | 1152.00 | 259.00 | 1411.00 | NOTE | --no-examples --no-tests --no-vignettes |
r-oldrel-macos-arm64 | 2.32.1 | 584.00 | NOTE | |||
r-oldrel-macos-x86_64 | 2.32.1 | 742.00 | NOTE | |||
r-oldrel-windows-x86_64 | 2.32.1 | 1473.00 | 291.00 | 1764.00 | NOTE | --no-examples --no-tests --no-vignettes |
Version: 2.32.1
Check: whether package can be installed
Result: ERROR
Installation failed.
Flavors: r-devel-linux-x86_64-debian-clang, r-devel-linux-x86_64-fedora-clang
Version: 2.32.1
Check: Rd cross-references
Result: NOTE
Found the following Rd file(s) with Rd \link{} targets missing package
anchors:
launch_shinystan.stanreg.Rd: shinystan-package
loo.stanreg.Rd: loo-package
plot.stanreg.Rd: bayesplot
pp_check.stanreg.Rd: bayesplot
stan_betareg.Rd: stanfit-class
stan_glm.Rd: stanfit-class
stan_lm.Rd: stanfit-class
stan_polr.Rd: stanfit-class
Please provide package anchors for all Rd \link{} targets not in the
package itself and the base packages.
Flavor: r-devel-linux-x86_64-debian-gcc
Version: 2.32.1
Flags: --no-examples --no-tests --no-vignettes
Check: Rd cross-references
Result: NOTE
Found the following Rd file(s) with Rd \link{} targets missing package
anchors:
launch_shinystan.stanreg.Rd: shinystan-package
loo.stanreg.Rd: loo-package
plot.stanreg.Rd: bayesplot
pp_check.stanreg.Rd: bayesplot
stan_betareg.Rd: stanfit-class
stan_glm.Rd: stanfit-class
stan_lm.Rd: stanfit-class
stan_polr.Rd: stanfit-class
Please provide package anchors for all Rd \link{} targets not in the
package itself and the base packages.
Flavor: r-devel-windows-x86_64
Version: 2.32.1
Check: for GNU extensions in Makefiles
Result: NOTE
GNU make is a SystemRequirements.
Flavors: r-patched-linux-x86_64, r-release-linux-x86_64, r-release-macos-arm64, r-release-macos-x86_64, r-oldrel-macos-arm64, r-oldrel-macos-x86_64
Version: 2.32.1
Check: installed package size
Result: NOTE
installed size is 311.3Mb
sub-directories of 1Mb or more:
R 2.0Mb
doc 4.7Mb
libs 303.8Mb
Flavors: r-release-macos-arm64, r-release-macos-x86_64, r-oldrel-macos-arm64, r-oldrel-macos-x86_64
Version: 2.32.1
Flags: --no-examples --no-tests --no-vignettes
Check: installed package size
Result: NOTE
installed size is 19.8Mb
sub-directories of 1Mb or more:
R 1.8Mb
doc 4.7Mb
libs 12.6Mb
Flavors: r-release-windows-x86_64, r-oldrel-windows-x86_64
Version: 2.32.1
Flags: --no-examples --no-tests --no-vignettes
Check: for GNU extensions in Makefiles
Result: NOTE
GNU make is a SystemRequirements.
Flavors: r-release-windows-x86_64, r-oldrel-windows-x86_64
These binaries (installable software) and packages are in development.
They may not be fully stable and should be used with caution. We make no claims about them.
Health stats visible at Monitor.