Last updated on 2024-05-02 08:01:57 CEST.
Flavor | Version | Tinstall | Tcheck | Ttotal | Status | Flags |
---|---|---|---|---|---|---|
r-devel-linux-x86_64-debian-clang | 2.32.1 | 2250.40 | 660.59 | 2910.99 | NOTE | |
r-devel-linux-x86_64-debian-gcc | 2.32.1 | 1720.58 | 596.47 | 2317.05 | NOTE | |
r-devel-linux-x86_64-fedora-clang | 2.32.1 | 3421.85 | NOTE | |||
r-devel-linux-x86_64-fedora-gcc | 2.32.1 | 2408.96 | NOTE | |||
r-devel-windows-x86_64 | 2.32.1 | 1241.00 | 280.00 | 1521.00 | NOTE | --no-examples --no-tests --no-vignettes |
r-patched-linux-x86_64 | 2.32.1 | 1954.42 | 792.93 | 2747.35 | NOTE | |
r-release-linux-x86_64 | 2.32.1 | 0.01 | 4.43 | 4.44 | ERROR | |
r-release-macos-arm64 | 2.32.1 | 951.00 | NOTE | |||
r-release-windows-x86_64 | 2.32.1 | 1252.00 | 255.00 | 1507.00 | NOTE | --no-examples --no-tests --no-vignettes |
r-oldrel-macos-arm64 | 2.32.1 | 584.00 | NOTE | |||
r-oldrel-macos-x86_64 | 2.32.1 | 742.00 | NOTE | |||
r-oldrel-windows-x86_64 | 2.32.1 | 1515.00 | 292.00 | 1807.00 | NOTE | --no-examples --no-tests --no-vignettes |
Version: 2.32.1
Check: for GNU extensions in Makefiles
Result: NOTE
GNU make is a SystemRequirements.
Flavors: r-devel-linux-x86_64-debian-clang, r-devel-linux-x86_64-debian-gcc, r-devel-linux-x86_64-fedora-clang, r-devel-linux-x86_64-fedora-gcc, r-patched-linux-x86_64, r-release-macos-arm64, r-oldrel-macos-arm64, r-oldrel-macos-x86_64
Version: 2.32.1
Check: installed package size
Result: NOTE
installed size is 27.8Mb
sub-directories of 1Mb or more:
R 1.8Mb
doc 4.8Mb
libs 20.4Mb
Flavors: r-devel-linux-x86_64-fedora-clang, r-release-macos-arm64, r-oldrel-macos-arm64, r-oldrel-macos-x86_64
Version: 2.32.1
Flags: --no-examples --no-tests --no-vignettes
Check: installed package size
Result: NOTE
installed size is 19.8Mb
sub-directories of 1Mb or more:
R 1.8Mb
doc 4.7Mb
libs 12.6Mb
Flavors: r-devel-windows-x86_64, r-release-windows-x86_64, r-oldrel-windows-x86_64
Version: 2.32.1
Flags: --no-examples --no-tests --no-vignettes
Check: for GNU extensions in Makefiles
Result: NOTE
GNU make is a SystemRequirements.
Flavors: r-devel-windows-x86_64, r-release-windows-x86_64, r-oldrel-windows-x86_64
Version: 2.32.1
Check: whether package can be installed
Result: ERROR
Installation failed.
Flavor: r-release-linux-x86_64
These binaries (installable software) and packages are in development.
They may not be fully stable and should be used with caution. We make no claims about them.
Health stats visible at Monitor.