Last updated on 2025-02-23 19:51:18 CET.
Flavor | Version | Tinstall | Tcheck | Ttotal | Status | Flags |
---|---|---|---|---|---|---|
r-devel-linux-x86_64-debian-clang | 0.1.4 | 32.66 | 371.07 | 403.73 | OK | |
r-devel-linux-x86_64-debian-gcc | 0.1.4 | 25.14 | 264.93 | 290.07 | OK | |
r-devel-linux-x86_64-fedora-clang | 0.1.4 | 639.43 | OK | |||
r-devel-linux-x86_64-fedora-gcc | 0.1.4 | 618.29 | OK | |||
r-devel-macos-arm64 | 0.1.4 | 209.00 | ERROR | |||
r-devel-macos-x86_64 | 0.1.4 | 465.00 | OK | |||
r-devel-windows-x86_64 | 0.1.4 | 33.00 | 604.00 | 637.00 | OK | |
r-patched-linux-x86_64 | 0.1.4 | 32.39 | 348.55 | 380.94 | OK | |
r-release-linux-x86_64 | 0.1.4 | 33.71 | 350.11 | 383.82 | OK | |
r-release-macos-arm64 | 0.1.4 | 187.00 | OK | |||
r-release-macos-x86_64 | 0.1.4 | 430.00 | OK | |||
r-release-windows-x86_64 | 0.1.4 | 34.00 | 530.00 | 564.00 | OK | |
r-oldrel-macos-arm64 | 0.1.4 | 18.00 | ERROR | |||
r-oldrel-macos-x86_64 | 0.1.4 | 11.00 | ERROR | |||
r-oldrel-windows-x86_64 | 0.1.4 | 47.00 | 646.00 | 693.00 | ERROR |
Version: 0.1.4
Check: re-building of vignette outputs
Result: ERROR
Error(s) in re-building vignettes:
--- re-building ‘rnaCrosslinkOO.Rmd’ using rmarkdown
File rnaCrosslinkProtocol.jpg not found in resource path
Error: processing vignette 'rnaCrosslinkOO.Rmd' failed with diagnostics:
pandoc document conversion failed with error 99
--- failed re-building ‘rnaCrosslinkOO.Rmd’
SUMMARY: processing the following file failed:
‘rnaCrosslinkOO.Rmd’
Error: Vignette re-building failed.
Execution halted
Flavors: r-devel-macos-arm64, r-oldrel-windows-x86_64
Version: 0.1.4
Check: package dependencies
Result: ERROR
Package required but not available: ‘R4RNA’
See section ‘The DESCRIPTION file’ in the ‘Writing R Extensions’
manual.
Flavors: r-oldrel-macos-arm64, r-oldrel-macos-x86_64
These binaries (installable software) and packages are in development.
They may not be fully stable and should be used with caution. We make no claims about them.
Health stats visible at Monitor.