Last updated on 2025-02-23 19:51:16 CET.
Flavor | Version | Tinstall | Tcheck | Ttotal | Status | Flags |
---|---|---|---|---|---|---|
r-devel-linux-x86_64-debian-clang | 2.9.6 | 31.06 | 210.83 | 241.89 | NOTE | |
r-devel-linux-x86_64-debian-gcc | 2.9.6 | 21.95 | 141.80 | 163.75 | NOTE | |
r-devel-linux-x86_64-fedora-clang | 2.9.6 | 380.87 | OK | |||
r-devel-linux-x86_64-fedora-gcc | 2.9.6 | 373.09 | OK | |||
r-devel-macos-arm64 | 2.9.6 | 105.00 | OK | |||
r-devel-macos-x86_64 | 2.9.6 | 198.00 | OK | |||
r-devel-windows-x86_64 | 2.9.6 | 39.00 | 241.00 | 280.00 | NOTE | |
r-patched-linux-x86_64 | 2.9.6 | 37.05 | 192.22 | 229.27 | OK | |
r-release-linux-x86_64 | 2.9.6 | 25.85 | 195.05 | 220.90 | OK | |
r-release-macos-arm64 | 2.9.6 | 97.00 | OK | |||
r-release-macos-x86_64 | 2.9.6 | 270.00 | OK | |||
r-release-windows-x86_64 | 2.9.6 | 39.00 | 241.00 | 280.00 | OK | |
r-oldrel-macos-arm64 | 2.9.6 | 110.00 | OK | |||
r-oldrel-macos-x86_64 | 2.9.6 | 215.00 | OK | |||
r-oldrel-windows-x86_64 | 2.9.6 | 45.00 | 298.00 | 343.00 | OK |
Version: 2.9.6
Check: Rd cross-references
Result: NOTE
Found the following Rd file(s) with Rd \link{} targets missing package
anchors:
MLG-accessors.Rd: genlight-class
aboot.Rd: genind, genpop, genlight-class
bitwise.dist.Rd: genlight-class, genind-class
bitwise.ia.Rd: genlight-class
bootgen-class.Rd: gen-class
bruvo.boot.Rd: genind, boot.phylo, nancycats, nj, nodelabels, tab
bruvo.dist.Rd: genind
bruvo.msn.Rd: genind, nancycats
bruvomat-methods.Rd: genind-class
clonecorrect.Rd: genind-class
coercion-methods.Rd: genind-class, splitStrata
diss.dist.Rd: genind
diversity_ci.Rd: genind
filter_stats.Rd: genind, genlight
fix_replen.Rd: genind
genclone-class.Rd: genind-class, genlight-class
genclone-method.Rd: genind-class
genetic_distance.Rd: genind-class, dist.genpop
genind2genalex.Rd: genind-class
genotype_curve.Rd: genind-class
ia.Rd: import2genind
info_table.Rd: genind-class
informloci.Rd: genind-class
is.clone.Rd: genind-class, genlight-class
missingno.Rd: genind-class, tab
mlg.Rd: ggplot
mlg.filter.Rd: genind-class
pgen.Rd: strata
plot_poppr_msn.Rd: genind-class, genlight-class
poppr-package.Rd: genind-class, genlight-class
poppr.Rd: tab, strata, last_plot
poppr.amova.Rd: genind-class, genlight-class, strata, quasieuclid,
lingoes, cailliez
poppr.msn.Rd: genind, genlight, nancycats, nj, nodelabels, tab
popsub.Rd: genind-class, genlight-class
psex.Rd: strata
read.genalex.Rd: genind, other, genind-class
recode_polyploids.Rd: genind-class, genpop-class
rraf.Rd: strata
shufflepop.Rd: genind-class
snpclone-coercion-methods.Rd: genlight-class
snpclone-method.Rd: genlight-class
test_replen.Rd: genind
upgma.Rd: as.phylo
win.ia.Rd: genlight-class
Please provide package anchors for all Rd \link{} targets not in the
package itself and the base packages.
Flavors: r-devel-linux-x86_64-debian-clang, r-devel-linux-x86_64-debian-gcc, r-devel-windows-x86_64
These binaries (installable software) and packages are in development.
They may not be fully stable and should be used with caution. We make no claims about them.
Health stats visible at Monitor.