Last updated on 2025-02-23 15:49:53 CET.
Flavor | Version | Tinstall | Tcheck | Ttotal | Status | Flags |
---|---|---|---|---|---|---|
r-devel-linux-x86_64-debian-clang | 3.0.0 | 83.48 | 352.00 | 435.48 | OK | |
r-devel-linux-x86_64-debian-gcc | 3.0.0 | 52.33 | 228.08 | 280.41 | OK | |
r-devel-linux-x86_64-fedora-clang | 3.0.0 | 712.04 | OK | |||
r-devel-linux-x86_64-fedora-gcc | 3.0.0 | 682.73 | OK | |||
r-devel-macos-arm64 | 3.0.0 | 148.00 | OK | |||
r-devel-macos-x86_64 | 3.0.0 | 317.00 | NOTE | |||
r-devel-windows-x86_64 | 3.0.0 | 82.00 | 343.00 | 425.00 | OK | |
r-patched-linux-x86_64 | 3.0.0 | 79.85 | 326.76 | 406.61 | OK | |
r-release-linux-x86_64 | 3.0.0 | 78.25 | 325.97 | 404.22 | OK | |
r-release-macos-arm64 | 3.0.0 | 146.00 | NOTE | |||
r-release-macos-x86_64 | 3.0.0 | 272.00 | NOTE | |||
r-release-windows-x86_64 | 3.0.0 | 83.00 | 338.00 | 421.00 | OK | |
r-oldrel-macos-arm64 | 3.0.0 | 156.00 | NOTE | |||
r-oldrel-macos-x86_64 | 3.0.0 | 262.00 | NOTE | |||
r-oldrel-windows-x86_64 | 3.0.0 | 106.00 | 448.00 | 554.00 | OK |
Version: 3.0.0
Check: whether startup messages can be suppressed
Result: NOTE
To use viewer = 'mapview', first install the required packages:mapview, mapedit
It looks like this package (or a package it requires) has a startup
message which cannot be suppressed: see ?packageStartupMessage.
Flavor: r-devel-macos-x86_64
Version: 3.0.0
Check: installed package size
Result: NOTE
installed size is 7.1Mb
sub-directories of 1Mb or more:
libs 3.8Mb
tmp_images 1.9Mb
Flavors: r-release-macos-arm64, r-release-macos-x86_64, r-oldrel-macos-arm64, r-oldrel-macos-x86_64
These binaries (installable software) and packages are in development.
They may not be fully stable and should be used with caution. We make no claims about them.
Health stats visible at Monitor.