Last updated on 2025-05-17 15:50:51 CEST.
Flavor | Version | Tinstall | Tcheck | Ttotal | Status | Flags |
---|---|---|---|---|---|---|
r-devel-linux-x86_64-debian-clang | 0.8.12 | 26.27 | 134.13 | 160.40 | NOTE | |
r-devel-linux-x86_64-debian-gcc | 0.8.12 | 20.96 | 90.06 | 111.02 | NOTE | |
r-devel-linux-x86_64-fedora-clang | 0.8.12 | 256.11 | OK | |||
r-devel-linux-x86_64-fedora-gcc | 0.8.12 | 261.57 | OK | |||
r-devel-windows-x86_64 | 0.8.12 | 36.00 | 157.00 | 193.00 | OK | |
r-patched-linux-x86_64 | 0.8.12 | 30.24 | 120.60 | 150.84 | OK | |
r-release-linux-x86_64 | 0.8.12 | 27.30 | 120.92 | 148.22 | OK | |
r-release-macos-arm64 | 0.8.12 | 74.00 | OK | |||
r-release-macos-x86_64 | 0.8.12 | 147.00 | OK | |||
r-release-windows-x86_64 | 0.8.12 | 34.00 | 155.00 | 189.00 | OK | |
r-oldrel-macos-arm64 | 0.8.12 | 76.00 | OK | |||
r-oldrel-macos-x86_64 | 0.8.12 | 111.00 | OK | |||
r-oldrel-windows-x86_64 | 0.8.12 | 42.00 | 191.00 | 233.00 | OK |
Version: 0.8.12
Check: CRAN incoming feasibility
Result: NOTE
Maintainer: ‘Francois Michonneau <francois.michonneau@gmail.com>’
No Authors@R field in DESCRIPTION.
Please add one, modifying
Authors@R: c(person(given = c("R", "Hackathon", "et"),
family = "al.",
role = "aut",
comment = "alphabetically: Ben Bolker, Marguerite Butler,\n Peter Cowan, Damien de Vienne, Dirk Eddelbuettel, Mark Holder, Thibaut\n Jombart, Steve Kembel, Francois Michonneau, David Orme, Brian O'Meara,\n Emmanuel Paradis, Jim Regetz, Derrick Zwickl"),
person(given = "Francois",
family = "Michonneau",
role = "cre",
email = "francois.michonneau@gmail.com"))
as necessary.
Flavors: r-devel-linux-x86_64-debian-clang, r-devel-linux-x86_64-debian-gcc
These binaries (installable software) and packages are in development.
They may not be fully stable and should be used with caution. We make no claims about them.
Health stats visible at Monitor.