Last updated on 2025-02-02 05:48:27 CET.
Flavor | Version | Tinstall | Tcheck | Ttotal | Status | Flags |
---|---|---|---|---|---|---|
r-devel-linux-x86_64-debian-clang | 1.0.3 | 198.23 | 92.20 | 290.43 | NOTE | |
r-devel-linux-x86_64-debian-gcc | 1.0.3 | 144.03 | 66.23 | 210.26 | NOTE | |
r-devel-linux-x86_64-fedora-clang | 1.0.3 | 609.77 | OK | |||
r-devel-linux-x86_64-fedora-gcc | 1.0.3 | 650.30 | OK | |||
r-devel-windows-x86_64 | 1.0.3 | 216.00 | 139.00 | 355.00 | NOTE | |
r-patched-linux-x86_64 | 1.0.3 | 209.52 | 87.09 | 296.61 | OK | |
r-release-linux-x86_64 | 1.0.3 | 201.41 | 86.23 | 287.64 | OK | |
r-release-macos-arm64 | 1.0.3 | 121.00 | NOTE | |||
r-release-macos-x86_64 | 1.0.3 | 128.00 | NOTE | |||
r-release-windows-x86_64 | 1.0.3 | 209.00 | 152.00 | 361.00 | OK | |
r-oldrel-macos-arm64 | 1.0.3 | 136.00 | NOTE | |||
r-oldrel-macos-x86_64 | 1.0.3 | 189.00 | NOTE | |||
r-oldrel-windows-x86_64 | 1.0.3 | 259.00 | 164.00 | 423.00 | OK |
Version: 1.0.3
Check: Rd cross-references
Result: NOTE
Found the following Rd file(s) with Rd \link{} targets missing package
anchors:
as_tbl_graph.malan_pedigreelist.Rd: tbl_graph
get_nodes_edges.Rd: as_tbl_graph
Please provide package anchors for all Rd \link{} targets not in the
package itself and the base packages.
Flavors: r-devel-linux-x86_64-debian-clang, r-devel-linux-x86_64-debian-gcc, r-devel-windows-x86_64
Version: 1.0.3
Check: installed package size
Result: NOTE
installed size is 10.5Mb
sub-directories of 1Mb or more:
libs 9.5Mb
Flavors: r-release-macos-arm64, r-release-macos-x86_64, r-oldrel-macos-arm64, r-oldrel-macos-x86_64
These binaries (installable software) and packages are in development.
They may not be fully stable and should be used with caution. We make no claims about them.
Health stats visible at Monitor.