Last updated on 2024-05-02 08:01:46 CEST.
Flavor | Version | Tinstall | Tcheck | Ttotal | Status | Flags |
---|---|---|---|---|---|---|
r-devel-linux-x86_64-debian-clang | 0.9-32 | 56.46 | 191.71 | 248.17 | NOTE | |
r-devel-linux-x86_64-debian-gcc | 0.9-32 | 37.16 | 139.00 | 176.16 | NOTE | |
r-devel-linux-x86_64-fedora-clang | 0.9-32 | 331.12 | NOTE | |||
r-devel-linux-x86_64-fedora-gcc | 0.9-32 | 318.73 | NOTE | |||
r-devel-windows-x86_64 | 0.9-32 | 54.00 | 193.00 | 247.00 | NOTE | |
r-patched-linux-x86_64 | 0.9-32 | 56.30 | 181.15 | 237.45 | NOTE | |
r-release-linux-x86_64 | 0.9-32 | 55.34 | 183.22 | 238.56 | NOTE | |
r-release-macos-arm64 | 0.9-32 | 84.00 | NOTE | |||
r-release-windows-x86_64 | 0.9-32 | 59.00 | 192.00 | 251.00 | NOTE | |
r-oldrel-macos-arm64 | 0.9-32 | 101.00 | OK | |||
r-oldrel-macos-x86_64 | 0.9-32 | 168.00 | OK | |||
r-oldrel-windows-x86_64 | 0.9-32 | 60.00 | 229.00 | 289.00 | OK |
Version: 0.9-32
Check: Rd files
Result: NOTE
checkRd: (-1) ipop-class.Rd:28: Lost braces
28 | \item{primal}{Object of class \code{ipop}}{Return the primal of the problem}
| ^
checkRd: (-1) ipop-class.Rd:29: Lost braces
29 | \item{dual}{Object of class \code{ipop}}{Return the dual of the problem}
| ^
checkRd: (-1) ipop-class.Rd:30: Lost braces
30 | \item{how}{Object of class \code{ipop}}{Return information on convergence}
| ^
Flavors: r-devel-linux-x86_64-debian-clang, r-devel-linux-x86_64-debian-gcc, r-devel-linux-x86_64-fedora-clang, r-devel-linux-x86_64-fedora-gcc, r-devel-windows-x86_64, r-patched-linux-x86_64, r-release-linux-x86_64, r-release-macos-arm64, r-release-windows-x86_64
These binaries (installable software) and packages are in development.
They may not be fully stable and should be used with caution. We make no claims about them.
Health stats visible at Monitor.