Last updated on 2025-02-23 15:49:45 CET.
Flavor | Version | Tinstall | Tcheck | Ttotal | Status | Flags |
---|---|---|---|---|---|---|
r-devel-linux-x86_64-debian-clang | 5.2 | 117.46 | 203.44 | 320.90 | NOTE | |
r-devel-linux-x86_64-debian-gcc | 5.2 | 106.70 | 153.58 | 260.28 | NOTE | |
r-devel-linux-x86_64-fedora-clang | 5.2 | 516.35 | NOTE | |||
r-devel-linux-x86_64-fedora-gcc | 5.2 | 581.64 | NOTE | |||
r-devel-macos-arm64 | 5.2 | 145.00 | NOTE | |||
r-devel-macos-x86_64 | 5.2 | 265.00 | NOTE | |||
r-devel-windows-x86_64 | 5.2 | 127.00 | 216.00 | 343.00 | NOTE | |
r-patched-linux-x86_64 | 5.2 | 140.04 | 199.82 | 339.86 | NOTE | |
r-release-linux-x86_64 | 5.2 | 139.41 | 201.74 | 341.15 | NOTE | |
r-release-macos-arm64 | 5.2 | 30.00 | ERROR | |||
r-release-macos-x86_64 | 5.2 | 145.00 | NOTE | |||
r-release-windows-x86_64 | 5.2 | 126.00 | 212.00 | 338.00 | NOTE | |
r-oldrel-macos-arm64 | 5.2 | 84.00 | NOTE | |||
r-oldrel-macos-x86_64 | 5.2 | 174.00 | NOTE | |||
r-oldrel-windows-x86_64 | 5.2 | 159.00 | 261.00 | 420.00 | NOTE |
Version: 5.2
Check: Rd files
Result: NOTE
checkRd: (-1) imInfer.Rd:34-35: Lost braces in \itemize; meant \describe ?
checkRd: (-1) imInfer.Rd:35-36: Lost braces in \itemize; meant \describe ?
checkRd: (-1) plot.IDEMDATA.Rd:22-23: Lost braces in \itemize; meant \describe ?
checkRd: (-1) plot.IDEMDATA.Rd:25: Lost braces in \itemize; meant \describe ?
checkRd: (-1) plot.IDEMDATA.Rd:27: Lost braces in \itemize; meant \describe ?
checkRd: (-1) plot.IDEMIMP.Rd:14: Lost braces in \itemize; meant \describe ?
checkRd: (-1) plot.IDEMIMP.Rd:15: Lost braces in \itemize; meant \describe ?
checkRd: (-1) plot.IDEMIMP.Rd:27-28: Lost braces in \itemize; meant \describe ?
checkRd: (-1) plot.IDEMIMP.Rd:30-32: Lost braces in \itemize; meant \describe ?
checkRd: (-1) plot.IDEMIMP.Rd:34: Lost braces in \itemize; meant \describe ?
checkRd: (-1) plot.IDEMIMP.Rd:36: Lost braces in \itemize; meant \describe ?
checkRd: (-1) plot.IDEMIMP.Rd:38: Lost braces in \itemize; meant \describe ?
checkRd: (-1) plot.IDEMIMP.Rd:40: Lost braces in \itemize; meant \describe ?
checkRd: (-1) plot.IDEMIMP.Rd:42: Lost braces in \itemize; meant \describe ?
checkRd: (-1) plot.IDEMIMP.Rd:44: Lost braces in \itemize; meant \describe ?
checkRd: (-1) plot.IDEMIMP.Rd:51-53: Lost braces in \itemize; meant \describe ?
checkRd: (-1) plot.IDEMIMP.Rd:55-58: Lost braces in \itemize; meant \describe ?
checkRd: (-1) plot.IDEMIMP.Rd:60-63: Lost braces in \itemize; meant \describe ?
checkRd: (-1) plot.IDEMIMP.Rd:65-66: Lost braces in \itemize; meant \describe ?
checkRd: (-1) plot.IDEMIMP.Rd:69-70: Lost braces in \itemize; meant \describe ?
checkRd: (-1) plot.IDEMIMP.Rd:72-73: Lost braces in \itemize; meant \describe ?
checkRd: (-1) plot.IDEMIMP.Rd:75: Lost braces in \itemize; meant \describe ?
checkRd: (-1) summary.IDEMDATA.Rd:15: Lost braces in \itemize; meant \describe ?
checkRd: (-1) summary.IDEMDATA.Rd:17-18: Lost braces in \itemize; meant \describe ?
checkRd: (-1) summary.IDEMDATA.Rd:20: Lost braces in \itemize; meant \describe ?
checkRd: (-1) summary.IDEMINFER.Rd:14: Lost braces in \itemize; meant \describe ?
checkRd: (-1) summary.IDEMINFER.Rd:15: Lost braces in \itemize; meant \describe ?
Flavors: r-devel-linux-x86_64-debian-clang, r-devel-linux-x86_64-debian-gcc, r-devel-linux-x86_64-fedora-clang, r-devel-linux-x86_64-fedora-gcc, r-devel-macos-arm64, r-devel-macos-x86_64, r-devel-windows-x86_64, r-patched-linux-x86_64, r-release-linux-x86_64, r-release-macos-x86_64, r-release-windows-x86_64
Version: 5.2
Check: for GNU extensions in Makefiles
Result: NOTE
GNU make is a SystemRequirements.
Flavors: r-patched-linux-x86_64, r-release-linux-x86_64, r-release-macos-x86_64, r-release-windows-x86_64, r-oldrel-macos-arm64, r-oldrel-macos-x86_64, r-oldrel-windows-x86_64
Version: 5.2
Check: whether package can be installed
Result: ERROR
Installation failed.
Flavor: r-release-macos-arm64
Version: 5.2
Check: installed package size
Result: NOTE
installed size is 39.3Mb
sub-directories of 1Mb or more:
doc 1.2Mb
libs 37.5Mb
Flavors: r-release-macos-x86_64, r-oldrel-macos-arm64, r-oldrel-macos-x86_64
These binaries (installable software) and packages are in development.
They may not be fully stable and should be used with caution. We make no claims about them.
Health stats visible at Monitor.