Last updated on 2025-02-23 15:49:45 CET.
Flavor | Version | Tinstall | Tcheck | Ttotal | Status | Flags |
---|---|---|---|---|---|---|
r-devel-linux-x86_64-debian-clang | 2.0.2 | 230.05 | 176.09 | 406.14 | NOTE | |
r-devel-linux-x86_64-debian-gcc | 2.0.2 | 209.37 | 137.89 | 347.26 | NOTE | |
r-devel-linux-x86_64-fedora-clang | 2.0.2 | 694.02 | NOTE | |||
r-devel-linux-x86_64-fedora-gcc | 2.0.2 | 804.61 | NOTE | |||
r-devel-macos-arm64 | 2.0.2 | 189.00 | NOTE | |||
r-devel-macos-x86_64 | 2.0.2 | 308.00 | NOTE | |||
r-devel-windows-x86_64 | 2.0.2 | 233.00 | 236.00 | 469.00 | NOTE | |
r-patched-linux-x86_64 | 2.0.2 | 279.75 | 191.10 | 470.85 | NOTE | |
r-release-linux-x86_64 | 2.0.2 | 271.01 | 191.90 | 462.91 | NOTE | |
r-release-macos-arm64 | 2.0.2 | 102.00 | NOTE | |||
r-release-macos-x86_64 | 2.0.2 | 150.00 | NOTE | |||
r-release-windows-x86_64 | 2.0.2 | 237.00 | 238.00 | 475.00 | NOTE | |
r-oldrel-macos-arm64 | 2.0.2 | 160.00 | NOTE | |||
r-oldrel-macos-x86_64 | 2.0.2 | 259.00 | NOTE | |||
r-oldrel-windows-x86_64 | 2.0.2 | 309.00 | 298.00 | 607.00 | NOTE |
Version: 2.0.2
Check: Rd files
Result: NOTE
checkRd: (-1) simgl.Rd:50: Lost braces; missing escapes or markup?
50 | Uses the {updog} R package for simulating read counts and generating
| ^
Flavors: r-devel-linux-x86_64-debian-clang, r-devel-linux-x86_64-debian-gcc, r-devel-linux-x86_64-fedora-clang, r-devel-linux-x86_64-fedora-gcc, r-devel-macos-arm64, r-devel-macos-x86_64, r-devel-windows-x86_64, r-patched-linux-x86_64, r-release-linux-x86_64, r-release-macos-arm64, r-release-macos-x86_64, r-release-windows-x86_64
Version: 2.0.2
Check: Rd cross-references
Result: NOTE
Found the following Rd file(s) with Rd \link{} targets missing package
anchors:
hwep-package.Rd: future
Please provide package anchors for all Rd \link{} targets not in the
package itself and the base packages.
Flavors: r-devel-linux-x86_64-debian-clang, r-devel-linux-x86_64-debian-gcc, r-devel-windows-x86_64
Version: 2.0.2
Check: for GNU extensions in Makefiles
Result: NOTE
GNU make is a SystemRequirements.
Flavors: r-patched-linux-x86_64, r-release-linux-x86_64, r-release-macos-arm64, r-release-macos-x86_64, r-release-windows-x86_64, r-oldrel-macos-arm64, r-oldrel-macos-x86_64, r-oldrel-windows-x86_64
Version: 2.0.2
Check: installed package size
Result: NOTE
installed size is 50.5Mb
sub-directories of 1Mb or more:
libs 49.9Mb
Flavors: r-release-macos-arm64, r-release-macos-x86_64, r-oldrel-macos-arm64, r-oldrel-macos-x86_64
These binaries (installable software) and packages are in development.
They may not be fully stable and should be used with caution. We make no claims about them.
Health stats visible at Monitor.