CRAN Package Check Results for Package germinationmetrics

Last updated on 2025-05-15 13:51:00 CEST.

Flavor Version Tinstall Tcheck Ttotal Status Flags
r-devel-linux-x86_64-debian-clang 0.1.8 13.15 160.29 173.44 NOTE
r-devel-linux-x86_64-debian-gcc 0.1.8 8.78 118.47 127.25 NOTE
r-devel-linux-x86_64-fedora-clang 0.1.8 269.15 OK
r-devel-linux-x86_64-fedora-gcc 0.1.8 291.54 OK
r-devel-windows-x86_64 0.1.8 16.00 244.00 260.00 OK
r-patched-linux-x86_64 0.1.8 13.86 152.95 166.81 OK
r-release-linux-x86_64 0.1.8 13.37 152.19 165.56 OK
r-release-macos-arm64 0.1.8 77.00 OK
r-release-macos-x86_64 0.1.8 153.00 OK
r-release-windows-x86_64 0.1.8 15.00 245.00 260.00 OK
r-oldrel-macos-arm64 0.1.8 70.00 OK
r-oldrel-macos-x86_64 0.1.8 118.00 OK
r-oldrel-windows-x86_64 0.1.8 18.00 251.00 269.00 OK

Check Details

Version: 0.1.8
Check: DESCRIPTION meta-information
Result: NOTE Author field differs from that derived from Authors@R Author: ‘J. Aravind [aut, cre] (<https://orcid.org/0000-0002-4791-442X>), S. Vimala Devi [aut], J. Radhamani [aut], Sherry Rachel Jacob [aut], Kalyani Srinivasan [aut], ICAR-NBGPR [cph] (www.nbpgr.ernet.in)’ Authors@R: ‘J. Aravind [aut, cre] (ORCID: <https://orcid.org/0000-0002-4791-442X>), S. Vimala Devi [aut], J. Radhamani [aut], Sherry Rachel Jacob [aut], Kalyani Srinivasan [aut], ICAR-NBGPR [cph] (url: www.nbpgr.ernet.in)’ Flavors: r-devel-linux-x86_64-debian-clang, r-devel-linux-x86_64-debian-gcc

These binaries (installable software) and packages are in development.
They may not be fully stable and should be used with caution. We make no claims about them.
Health stats visible at Monitor.