Last updated on 2025-10-09 17:50:38 CEST.
Flavor | Version | Tinstall | Tcheck | Ttotal | Status | Flags |
---|---|---|---|---|---|---|
r-devel-linux-x86_64-debian-clang | 1.1.1 | 38.65 | 152.40 | 191.05 | WARN | |
r-devel-linux-x86_64-debian-gcc | 1.1.1 | 30.41 | 105.68 | 136.09 | WARN | |
r-devel-linux-x86_64-fedora-clang | 1.1.1 | 324.25 | WARN | |||
r-devel-linux-x86_64-fedora-gcc | 1.1.1 | 283.72 | WARN | |||
r-devel-windows-x86_64 | 1.1.1 | 48.00 | 158.00 | 206.00 | WARN | |
r-patched-linux-x86_64 | 1.1.1 | 39.68 | 142.96 | 182.64 | WARN | |
r-release-linux-x86_64 | 1.1.1 | 37.73 | 143.09 | 180.82 | WARN | |
r-release-macos-arm64 | 1.1.1 | 76.00 | NOTE | |||
r-release-macos-x86_64 | 1.1.1 | 124.00 | NOTE | |||
r-release-windows-x86_64 | 1.1.1 | 46.00 | 154.00 | 200.00 | WARN | |
r-oldrel-macos-arm64 | 1.1.1 | 69.00 | NOTE | |||
r-oldrel-macos-x86_64 | 1.1.1 | 99.00 | NOTE | |||
r-oldrel-windows-x86_64 | 1.1.1 | 60.00 | 199.00 | 259.00 | WARN |
Version: 1.1.1
Check: whether package can be installed
Result: WARN
Found the following significant warnings:
/home/hornik/tmp/R.check/r-devel-clang/Work/build/Packages/RcppArmadillo/include/RcppArmadillo/version/arma.h:66:17: warning: Using fallback compilation with Armadillo 14.6.3. Please consider defining -DARMA_USE_CURRENT and also removing C++11 compilation directive. See GitHub issue #475 for more. [-W#pragma-messages]
Warning: replacing previous import ‘e1071::element’ by ‘ggplot2::element’ when loading ‘fmf’
See ‘/home/hornik/tmp/R.check/r-devel-clang/Work/PKGS/fmf.Rcheck/00install.out’ for details.
* used C compiler: ‘Debian clang version 19.1.7 (7)’
* used C++ compiler: ‘Debian clang version 19.1.7 (7)’
Flavor: r-devel-linux-x86_64-debian-clang
Version: 1.1.1
Check: C++ specification
Result: NOTE
Specified C++11: please drop specification unless essential
Flavors: r-devel-linux-x86_64-debian-clang, r-devel-linux-x86_64-debian-gcc, r-devel-linux-x86_64-fedora-clang, r-devel-linux-x86_64-fedora-gcc, r-devel-windows-x86_64, r-patched-linux-x86_64, r-release-linux-x86_64, r-release-macos-arm64, r-release-macos-x86_64, r-release-windows-x86_64, r-oldrel-macos-arm64, r-oldrel-macos-x86_64, r-oldrel-windows-x86_64
Version: 1.1.1
Check: whether package can be installed
Result: WARN
Found the following significant warnings:
/home/hornik/tmp/R.check/r-devel-gcc/Work/build/Packages/RcppArmadillo/include/RcppArmadillo/version/arma.h:66:199: note: ‘#pragma message: Using fallback compilation with Armadillo 14.6.3. Please consider defining -DARMA_USE_CURRENT and also removing C++11 compilation directive. See GitHub issue #475 for more.’
Warning: replacing previous import ‘e1071::element’ by ‘ggplot2::element’ when loading ‘fmf’
See ‘/home/hornik/tmp/R.check/r-devel-gcc/Work/PKGS/fmf.Rcheck/00install.out’ for details.
* used C compiler: ‘gcc-15 (Debian 15.2.0-4) 15.2.0’
* used C++ compiler: ‘g++-15 (Debian 15.2.0-4) 15.2.0’
Flavor: r-devel-linux-x86_64-debian-gcc
Version: 1.1.1
Check: whether package can be installed
Result: WARN
Found the following significant warnings:
Warning: replacing previous import ‘e1071::element’ by ‘ggplot2::element’ when loading ‘fmf’
See ‘/data/gannet/ripley/R/packages/tests-clang/fmf.Rcheck/00install.out’ for details.
* used C compiler: ‘clang version 21.1.2’
* used C++ compiler: ‘clang version 21.1.2’
Flavor: r-devel-linux-x86_64-fedora-clang
Version: 1.1.1
Check: whether package can be installed
Result: WARN
Found the following significant warnings:
Warning: replacing previous import ‘e1071::element’ by ‘ggplot2::element’ when loading ‘fmf’
See ‘/data/gannet/ripley/R/packages/tests-devel/fmf.Rcheck/00install.out’ for details.
* used C compiler: ‘gcc (GCC) 15.1.1 20250521 (Red Hat 15.1.1-2)’
* used C++ compiler: ‘g++ (GCC) 15.1.1 20250521 (Red Hat 15.1.1-2)’
Flavor: r-devel-linux-x86_64-fedora-gcc
Version: 1.1.1
Check: whether package can be installed
Result: WARN
Found the following significant warnings:
Warning: replacing previous import 'e1071::element' by 'ggplot2::element' when loading 'fmf'
See 'd:/Rcompile/CRANpkg/local/4.6/fmf.Rcheck/00install.out' for details.
* used C compiler: 'gcc.exe (GCC) 14.2.0'
* used C++ compiler: 'g++.exe (GCC) 14.2.0'
Flavor: r-devel-windows-x86_64
Version: 1.1.1
Check: whether package can be installed
Result: WARN
Found the following significant warnings:
Warning: replacing previous import ‘e1071::element’ by ‘ggplot2::element’ when loading ‘fmf’
See ‘/home/hornik/tmp/R.check/r-patched-gcc/Work/PKGS/fmf.Rcheck/00install.out’ for details.
* used C compiler: ‘gcc-14 (Debian 14.3.0-8) 14.3.0’
* used C++ compiler: ‘g++-14 (Debian 14.3.0-8) 14.3.0’
Flavor: r-patched-linux-x86_64
Version: 1.1.1
Check: whether package can be installed
Result: WARN
Found the following significant warnings:
Warning: replacing previous import ‘e1071::element’ by ‘ggplot2::element’ when loading ‘fmf’
See ‘/home/hornik/tmp/R.check/r-release-gcc/Work/PKGS/fmf.Rcheck/00install.out’ for details.
* used C compiler: ‘gcc-14 (Debian 14.3.0-8) 14.3.0’
* used C++ compiler: ‘g++-14 (Debian 14.3.0-8) 14.3.0’
Flavor: r-release-linux-x86_64
Version: 1.1.1
Check: whether package can be installed
Result: WARN
Found the following significant warnings:
Warning: replacing previous import 'e1071::element' by 'ggplot2::element' when loading 'fmf'
See 'd:/Rcompile/CRANpkg/local/4.5/fmf.Rcheck/00install.out' for details.
* used C compiler: 'gcc.exe (GCC) 14.2.0'
* used C++ compiler: 'g++.exe (GCC) 14.2.0'
Flavor: r-release-windows-x86_64
Version: 1.1.1
Check: whether package can be installed
Result: WARN
Found the following significant warnings:
Warning: replacing previous import 'e1071::element' by 'ggplot2::element' when loading 'fmf'
See 'd:/Rcompile/CRANpkg/local/4.4/fmf.Rcheck/00install.out' for details.
* used C compiler: 'gcc.exe (GCC) 13.3.0'
* used C++ compiler: 'g++.exe (GCC) 13.3.0'
Flavor: r-oldrel-windows-x86_64
These binaries (installable software) and packages are in development.
They may not be fully stable and should be used with caution. We make no claims about them.
Health stats visible at Monitor.