Last updated on 2025-02-02 10:48:20 CET.
Flavor | Version | Tinstall | Tcheck | Ttotal | Status | Flags |
---|---|---|---|---|---|---|
r-devel-linux-x86_64-debian-clang | 2025.1.20 | 13.63 | 175.78 | 189.41 | OK | |
r-devel-linux-x86_64-debian-gcc | 2025.1.20 | 10.49 | 120.59 | 131.08 | OK | |
r-devel-linux-x86_64-fedora-clang | 2025.1.20 | 321.37 | OK | |||
r-devel-linux-x86_64-fedora-gcc | 2025.1.20 | 293.08 | OK | |||
r-devel-windows-x86_64 | 2025.1.20 | 16.00 | 196.00 | 212.00 | OK | |
r-patched-linux-x86_64 | 2025.1.20 | 14.74 | 163.58 | 178.32 | OK | |
r-release-linux-x86_64 | 2025.1.20 | 12.47 | 162.98 | 175.45 | OK | |
r-release-macos-arm64 | 2025.1.20 | 87.00 | WARN | |||
r-release-macos-x86_64 | 2025.1.20 | 152.00 | WARN | |||
r-release-windows-x86_64 | 2025.1.20 | 14.00 | 196.00 | 210.00 | OK | |
r-oldrel-macos-arm64 | 2024.12.4 | 83.00 | OK | |||
r-oldrel-macos-x86_64 | 2024.12.4 | 164.00 | OK | |||
r-oldrel-windows-x86_64 | 2025.1.20 | 17.00 | 233.00 | 250.00 | OK |
Version: 2025.1.20
Check: Rd files
Result: WARN
prepare_Rd: package version mismatch:
glmmTMB was built with TMB package version 1.9.15
Current TMB package version is 1.9.16
Please re-install glmmTMB from source or restore original ‘TMB’ package (see '?reinstalling' for more information)
Flavors: r-release-macos-arm64, r-release-macos-x86_64
These binaries (installable software) and packages are in development.
They may not be fully stable and should be used with caution. We make no claims about them.
Health stats visible at Monitor.