Last updated on 2025-02-02 07:50:06 CET.
Flavor | Version | Tinstall | Tcheck | Ttotal | Status | Flags |
---|---|---|---|---|---|---|
r-devel-linux-x86_64-debian-clang | 0.5.0 | 6.38 | 68.75 | 75.13 | NOTE | |
r-devel-linux-x86_64-debian-gcc | 0.5.0 | 3.73 | 49.61 | 53.34 | NOTE | |
r-devel-linux-x86_64-fedora-clang | 0.5.0 | 122.85 | NOTE | |||
r-devel-linux-x86_64-fedora-gcc | 0.5.0 | 254.49 | NOTE | |||
r-devel-windows-x86_64 | 0.5.0 | 8.00 | 86.00 | 94.00 | NOTE | |
r-patched-linux-x86_64 | 0.5.0 | 5.99 | 63.91 | 69.90 | NOTE | |
r-release-linux-x86_64 | 0.5.0 | 6.07 | 63.71 | 69.78 | NOTE | |
r-release-macos-arm64 | 0.5.0 | 66.00 | NOTE | |||
r-release-macos-x86_64 | 0.5.0 | 98.00 | NOTE | |||
r-release-windows-x86_64 | 0.5.0 | 8.00 | 86.00 | 94.00 | NOTE | |
r-oldrel-macos-arm64 | 0.5.0 | 56.00 | OK | |||
r-oldrel-macos-x86_64 | 0.5.0 | 129.00 | OK | |||
r-oldrel-windows-x86_64 | 0.5.0 | 10.00 | 101.00 | 111.00 | OK |
Version: 0.5.0
Check: Rd files
Result: NOTE
checkRd: (-1) cbc_design.Rd:160: Lost braces; missing escapes or markup?
160 | see \code{?DoE.base::fac.design} as well as the JSS article on the {DoE.base}
| ^
checkRd: (-1) cbc_design.Rd:174: Lost braces; missing escapes or markup?
174 | well as the JSS article on the {DoE.base} package (Grömping, 2018).
| ^
checkRd: (-1) cbc_design.Rd:197: Lost braces; missing escapes or markup?
197 | {idefix} package (Traets et al, 2020).
| ^
checkRd: (-1) cbc_power.Rd:70: Lost braces; missing escapes or markup?
70 | estimation. See the {logitr} documentation for details about other
| ^
Flavors: r-devel-linux-x86_64-debian-clang, r-devel-linux-x86_64-debian-gcc, r-devel-linux-x86_64-fedora-clang, r-devel-linux-x86_64-fedora-gcc, r-devel-windows-x86_64, r-patched-linux-x86_64, r-release-linux-x86_64, r-release-macos-arm64, r-release-macos-x86_64, r-release-windows-x86_64
These binaries (installable software) and packages are in development.
They may not be fully stable and should be used with caution. We make no claims about them.
Health stats visible at Monitor.