Last updated on 2025-05-17 15:50:37 CEST.
Flavor | Version | Tinstall | Tcheck | Ttotal | Status | Flags |
---|---|---|---|---|---|---|
r-devel-linux-x86_64-debian-clang | 1.6.3 | 3.39 | 56.09 | 59.48 | NOTE | |
r-devel-linux-x86_64-debian-gcc | 1.6.3 | 3.09 | 38.81 | 41.90 | NOTE | |
r-devel-linux-x86_64-fedora-clang | 1.6.3 | 92.29 | NOTE | |||
r-devel-linux-x86_64-fedora-gcc | 1.6.3 | 109.95 | NOTE | |||
r-devel-windows-x86_64 | 1.6.3 | 5.00 | 83.00 | 88.00 | NOTE | |
r-patched-linux-x86_64 | 1.6.3 | 4.30 | 52.42 | 56.72 | NOTE | |
r-release-linux-x86_64 | 1.6.3 | 4.01 | 52.82 | 56.83 | NOTE | |
r-release-macos-arm64 | 1.6.3 | 43.00 | NOTE | |||
r-release-macos-x86_64 | 1.6.3 | 67.00 | NOTE | |||
r-release-windows-x86_64 | 1.6.3 | 6.00 | 85.00 | 91.00 | NOTE | |
r-oldrel-macos-arm64 | 1.6.3 | 43.00 | NOTE | |||
r-oldrel-macos-x86_64 | 1.6.3 | 73.00 | NOTE | |||
r-oldrel-windows-x86_64 | 1.6.3 | 8.00 | 98.00 | 106.00 | NOTE |
Version: 1.6.3
Check: CRAN incoming feasibility
Result: NOTE
Maintainer: ‘Michal Burdukiewicz <michalburdukiewicz@gmail.com>’
Package CITATION file contains call(s) to old-style citEntry(). Please
use bibentry() instead.
Flavors: r-devel-linux-x86_64-debian-clang, r-devel-linux-x86_64-debian-gcc
Version: 1.6.3
Check: Rd files
Result: NOTE
checkRd: (-1) calc_ed.Rd:14: Lost braces; missing escapes or markup?
14 | of groups or less than \code{a}. Both \code{a} and {b} must have the the same
| ^
checkRd: (-1) calc_pi.Rd:14: Lost braces; missing escapes or markup?
14 | of groups or less than \code{a}. Both \code{a} and {b} must have the the same
| ^
checkRd: (-1) calc_si.Rd:14: Lost braces; missing escapes or markup?
14 | of groups or less than \code{a}. Both \code{a} and {b} must have the the same
| ^
checkRd: (-1) cluster_reg_exp.Rd:15: Lost braces in \itemize; \value handles \item{}{} directly
checkRd: (-1) cluster_reg_exp.Rd:16: Lost braces in \itemize; \value handles \item{}{} directly
checkRd: (-1) cluster_reg_exp.Rd:17: Lost braces in \itemize; \value handles \item{}{} directly
checkRd: (-1) cluster_reg_exp.Rd:18: Lost braces in \itemize; \value handles \item{}{} directly
Flavors: r-devel-linux-x86_64-debian-clang, r-devel-linux-x86_64-debian-gcc, r-devel-linux-x86_64-fedora-clang, r-devel-linux-x86_64-fedora-gcc, r-devel-windows-x86_64, r-patched-linux-x86_64, r-release-linux-x86_64, r-release-macos-arm64, r-release-macos-x86_64, r-release-windows-x86_64, r-oldrel-macos-arm64, r-oldrel-macos-x86_64, r-oldrel-windows-x86_64
These binaries (installable software) and packages are in development.
They may not be fully stable and should be used with caution. We make no claims about them.
Health stats visible at Monitor.