Last updated on 2024-05-02 01:56:53 CEST.
Flavor | Version | Tinstall | Tcheck | Ttotal | Status | Flags |
---|---|---|---|---|---|---|
r-devel-linux-x86_64-debian-clang | 1.5.12 | 224.44 | 240.91 | 465.35 | NOTE | |
r-devel-linux-x86_64-debian-gcc | 1.5.12 | 174.55 | 181.88 | 356.43 | NOTE | |
r-devel-linux-x86_64-fedora-clang | 1.5.12 | 661.14 | NOTE | |||
r-devel-linux-x86_64-fedora-gcc | 1.5.12 | 647.41 | NOTE | |||
r-devel-windows-x86_64 | 1.5.12 | 226.00 | 230.00 | 456.00 | NOTE | |
r-patched-linux-x86_64 | 1.5.12 | 214.88 | 239.75 | 454.63 | NOTE | |
r-release-linux-x86_64 | 1.5.12 | 216.83 | 231.40 | 448.23 | NOTE | |
r-release-macos-arm64 | 1.5.12 | 130.00 | NOTE | |||
r-release-windows-x86_64 | 1.5.12 | 233.00 | 235.00 | 468.00 | NOTE | |
r-oldrel-macos-arm64 | 1.5.12 | 162.00 | NOTE | |||
r-oldrel-macos-x86_64 | 1.5.12 | 319.00 | NOTE | |||
r-oldrel-windows-x86_64 | 1.5.12 | 272.00 | 301.00 | 573.00 | NOTE |
Version: 1.5.12
Check: C++ specification
Result: NOTE
Specified C++11: please drop specification unless essential
Flavors: r-devel-linux-x86_64-debian-clang, r-devel-linux-x86_64-debian-gcc, r-devel-linux-x86_64-fedora-clang, r-devel-linux-x86_64-fedora-gcc, r-devel-windows-x86_64, r-patched-linux-x86_64, r-release-linux-x86_64, r-release-macos-arm64, r-release-windows-x86_64, r-oldrel-macos-arm64, r-oldrel-macos-x86_64, r-oldrel-windows-x86_64
Version: 1.5.12
Check: Rd files
Result: NOTE
checkRd: (-1) FBM-class.Rd:97: Lost braces; missing escapes or markup?
97 | to be used by package {bigmemory}.
| ^
checkRd: (-1) FBM-class.Rd:99: Lost braces; missing escapes or markup?
99 | to be used by package {bigmemory}.
| ^
checkRd: (-1) big_read.Rd:57: Lost braces; missing escapes or markup?
57 | Read a file as a Filebacked Big Matrix by using package {bigreadr}.
| ^
Flavors: r-devel-linux-x86_64-debian-clang, r-devel-linux-x86_64-debian-gcc, r-devel-linux-x86_64-fedora-clang, r-devel-linux-x86_64-fedora-gcc, r-devel-windows-x86_64, r-patched-linux-x86_64, r-release-linux-x86_64, r-release-macos-arm64, r-release-windows-x86_64
Version: 1.5.12
Check: dependencies in R code
Result: NOTE
Namespace in Imports field not imported from: ‘rmio’
All declared Imports should be used.
Flavors: r-devel-linux-x86_64-fedora-clang, r-devel-linux-x86_64-fedora-gcc
Version: 1.5.12
Check: installed package size
Result: NOTE
installed size is 11.6Mb
sub-directories of 1Mb or more:
extdata 2.3Mb
libs 8.6Mb
Flavors: r-release-macos-arm64, r-oldrel-macos-arm64, r-oldrel-macos-x86_64
These binaries (installable software) and packages are in development.
They may not be fully stable and should be used with caution. We make no claims about them.
Health stats visible at Monitor.