CRAN Package Check Results for Package SmCCNet

Last updated on 2025-05-03 22:50:10 CEST.

Flavor Version Tinstall Tcheck Ttotal Status Flags
r-devel-linux-x86_64-debian-clang 2.0.3 4.48 90.84 95.32 NOTE
r-devel-linux-x86_64-debian-gcc 2.0.3 2.97 71.50 74.47 NOTE
r-devel-linux-x86_64-fedora-clang 2.0.3 168.85 OK
r-devel-linux-x86_64-fedora-gcc 2.0.3 163.01 OK
r-devel-windows-x86_64 2.0.3 6.00 183.00 189.00 OK
r-patched-linux-x86_64 2.0.3 4.74 88.94 93.68 OK
r-release-linux-x86_64 OK
r-release-macos-arm64 2.0.3 63.00 OK
r-release-macos-x86_64 2.0.3 114.00 OK
r-release-windows-x86_64 2.0.3 6.00 181.00 187.00 OK
r-oldrel-macos-arm64 2.0.3 65.00 OK
r-oldrel-macos-x86_64 2.0.3 93.00 OK
r-oldrel-windows-x86_64 2.0.3 7.00 185.00 192.00 OK

Check Details

Version: 2.0.3
Check: CRAN incoming feasibility
Result: NOTE Maintainer: ‘Weixuan Liu <weixuan.liu@cuanschutz.edu>’ No Authors@R field in DESCRIPTION. Please add one, modifying Authors@R: c(person(given = "Weixuan", family = "Liu", role = c("aut", "cre"), email = "weixuan.liu@cuanschutz.edu"), person(given = "Yonghua", family = "Zhuang", role = c("aut", "cre")), person(given = c("W.", "Jenny"), family = "Shi", role = c("aut", "cre")), person(given = "Thao", family = "Vu", role = "aut"), person(given = "Iain", family = "Konigsberg", role = "aut"), person(given = "Katherine", family = "Pratte", role = "aut"), person(given = "Laura", family = "Saba", role = "aut"), person(given = "Katerina", family = "Kechris", role = "aut")) as necessary. Flavors: r-devel-linux-x86_64-debian-clang, r-devel-linux-x86_64-debian-gcc

These binaries (installable software) and packages are in development.
They may not be fully stable and should be used with caution. We make no claims about them.
Health stats visible at Monitor.