CRAN Package Check Results for Package SCRIP

Last updated on 2025-07-06 15:49:34 CEST.

Flavor Version Tinstall Tcheck Ttotal Status Flags
r-devel-linux-x86_64-debian-clang 1.0.0 54.80 489.17 543.97 NOTE
r-devel-linux-x86_64-debian-gcc 1.0.0 38.48 345.04 383.52 NOTE
r-devel-linux-x86_64-fedora-clang 1.0.0 913.88 NOTE
r-devel-linux-x86_64-fedora-gcc 1.0.0 875.37 NOTE
r-devel-windows-x86_64 1.0.0 50.00 404.00 454.00 OK
r-patched-linux-x86_64 1.0.0 54.27 466.36 520.63 OK
r-release-linux-x86_64 1.0.0 47.22 459.28 506.50 OK
r-release-macos-arm64 1.0.0 228.00 OK
r-release-macos-x86_64 1.0.0 438.00 OK
r-release-windows-x86_64 1.0.0 50.00 413.00 463.00 OK
r-oldrel-macos-arm64 1.0.0 230.00 OK
r-oldrel-macos-x86_64 1.0.0 327.00 OK
r-oldrel-windows-x86_64 1.0.0 71.00 544.00 615.00 OK

Check Details

Version: 1.0.0
Check: CRAN incoming feasibility
Result: NOTE Maintainer: ‘Fei Qin <fqin@email.sc.edu>’ The Description field contains <https://genomebiology.biomedcentral.com/articles/10.1186/s13059-017-1305-0>. Please use permanent DOI markup for linking to publications as in <doi:prefix/suffix>. Flavors: r-devel-linux-x86_64-debian-clang, r-devel-linux-x86_64-debian-gcc

Version: 1.0.0
Check: dependencies in R code
Result: NOTE Namespaces in Imports field not imported from: ‘BiocManager’ ‘crayon’ ‘knitr’ ‘methods’ All declared Imports should be used. Flavors: r-devel-linux-x86_64-fedora-clang, r-devel-linux-x86_64-fedora-gcc

These binaries (installable software) and packages are in development.
They may not be fully stable and should be used with caution. We make no claims about them.
Health stats visible at Monitor.