Last updated on 2025-02-23 15:49:55 CET.
Flavor | Version | Tinstall | Tcheck | Ttotal | Status | Flags |
---|---|---|---|---|---|---|
r-devel-linux-x86_64-debian-clang | 0.1.6 | 4.65 | 43.29 | 47.94 | ERROR | |
r-devel-linux-x86_64-debian-gcc | 0.1.6 | 3.12 | 50.86 | 53.98 | OK | |
r-devel-linux-x86_64-fedora-clang | 0.1.6 | 123.83 | NOTE | |||
r-devel-linux-x86_64-fedora-gcc | 0.1.6 | 134.29 | NOTE | |||
r-devel-macos-arm64 | 0.1.6 | 32.00 | ERROR | |||
r-devel-macos-x86_64 | 0.1.6 | 57.00 | ERROR | |||
r-devel-windows-x86_64 | 0.1.6 | 7.00 | 82.00 | 89.00 | OK | |
r-patched-linux-x86_64 | 0.1.6 | 4.31 | 61.71 | 66.02 | OK | |
r-release-linux-x86_64 | 0.1.6 | 4.63 | 62.31 | 66.94 | OK | |
r-release-macos-arm64 | 0.1.6 | 42.00 | OK | |||
r-release-macos-x86_64 | 0.1.6 | 59.00 | OK | |||
r-release-windows-x86_64 | 0.1.6 | 6.00 | 81.00 | 87.00 | OK | |
r-oldrel-macos-arm64 | 0.1.6 | 42.00 | OK | |||
r-oldrel-macos-x86_64 | 0.1.6 | 71.00 | OK | |||
r-oldrel-windows-x86_64 | 0.1.6 | 8.00 | 97.00 | 105.00 | OK |
Version: 0.1.6
Check: re-building of vignette outputs
Result: ERROR
Error(s) in re-building vignettes:
...
--- re-building ‘Using_Rgff.Rmd’ using rmarkdown
Quitting from lines 344-349 [unnamed-chunk-23] (Using_Rgff.Rmd)
Error: processing vignette 'Using_Rgff.Rmd' failed with diagnostics:
Package "rtracklayer" is required to convert from GTF to GFF3. Please install it.
--- failed re-building ‘Using_Rgff.Rmd’
SUMMARY: processing the following file failed:
‘Using_Rgff.Rmd’
Error: Vignette re-building failed.
Execution halted
Flavor: r-devel-linux-x86_64-debian-clang
Version: 0.1.6
Check: dependencies in R code
Result: NOTE
Namespace in Imports field not imported from: ‘tidyr’
All declared Imports should be used.
Flavors: r-devel-linux-x86_64-fedora-clang, r-devel-linux-x86_64-fedora-gcc
Version: 0.1.6
Check: re-building of vignette outputs
Result: ERROR
Error(s) in re-building vignettes:
--- re-building ‘Using_Rgff.Rmd’ using rmarkdown
Quitting from lines 344-349 [unnamed-chunk-23] (Using_Rgff.Rmd)
Error: processing vignette 'Using_Rgff.Rmd' failed with diagnostics:
Package "rtracklayer" is required to convert from GTF to GFF3. Please install it.
--- failed re-building ‘Using_Rgff.Rmd’
SUMMARY: processing the following file failed:
‘Using_Rgff.Rmd’
Error: Vignette re-building failed.
Execution halted
Flavors: r-devel-macos-arm64, r-devel-macos-x86_64
These binaries (installable software) and packages are in development.
They may not be fully stable and should be used with caution. We make no claims about them.
Health stats visible at Monitor.