CRAN Package Check Results for Package RcppArmadillo

Last updated on 2025-05-15 07:49:49 CEST.

Flavor Version Tinstall Tcheck Ttotal Status Flags
r-devel-linux-x86_64-debian-clang 14.4.2-1 34.54 195.98 230.52 OK
r-devel-linux-x86_64-debian-gcc 14.4.2-1 22.78 139.37 162.15 OK
r-devel-linux-x86_64-fedora-clang 14.4.2-1 404.80 OK
r-devel-linux-x86_64-fedora-gcc 14.4.2-1 451.31 OK
r-devel-windows-x86_64 14.4.2-1 66.00 304.00 370.00 OK
r-patched-linux-x86_64 14.4.2-1 30.72 186.12 216.84 OK
r-release-linux-x86_64 14.4.2-1 31.57 181.45 213.02 OK
r-release-macos-arm64 14.4.2-1 OK
r-release-macos-x86_64 14.4.2-1 266.00 OK
r-release-windows-x86_64 14.4.2-1 66.00 304.00 370.00 OK
r-oldrel-macos-arm64 14.4.2-1 132.00 NOTE
r-oldrel-macos-x86_64 14.4.2-1 265.00 NOTE
r-oldrel-windows-x86_64 14.4.2-1 69.00 307.00 376.00 NOTE

Check Details

Version: 14.4.2-1
Check: installed package size
Result: NOTE installed size is 9.6Mb sub-directories of 1Mb or more: include 6.6Mb libs 2.2Mb Flavors: r-oldrel-macos-arm64, r-oldrel-macos-x86_64, r-oldrel-windows-x86_64

These binaries (installable software) and packages are in development.
They may not be fully stable and should be used with caution. We make no claims about them.
Health stats visible at Monitor.