Last updated on 2025-02-02 05:48:33 CET.
Flavor | Version | Tinstall | Tcheck | Ttotal | Status | Flags |
---|---|---|---|---|---|---|
r-devel-linux-x86_64-debian-clang | 1.1.3 | 208.14 | 138.20 | 346.34 | NOTE | |
r-devel-linux-x86_64-debian-gcc | 1.1.3 | 159.60 | 107.17 | 266.77 | NOTE | |
r-devel-linux-x86_64-fedora-clang | 1.1.3 | 656.61 | NOTE | |||
r-devel-linux-x86_64-fedora-gcc | 1.1.3 | 724.96 | NOTE | |||
r-devel-windows-x86_64 | 1.1.3 | 242.00 | 228.00 | 470.00 | NOTE | |
r-patched-linux-x86_64 | 1.1.3 | 220.01 | 143.09 | 363.10 | NOTE | |
r-release-linux-x86_64 | 1.1.3 | 222.24 | 146.98 | 369.22 | NOTE | |
r-release-macos-arm64 | 1.1.3 | 101.00 | NOTE | |||
r-release-macos-x86_64 | 1.1.3 | 127.00 | NOTE | |||
r-release-windows-x86_64 | 1.1.3 | 243.00 | 199.00 | 442.00 | NOTE | |
r-oldrel-macos-arm64 | 1.1.3 | 218.00 | NOTE | |||
r-oldrel-macos-x86_64 | 1.1.3 | 349.00 | NOTE | |||
r-oldrel-windows-x86_64 | 1.1.3 | 269.00 | 232.00 | 501.00 | NOTE |
Version: 1.1.3
Check: Rd files
Result: NOTE
checkRd: (-1) rbm.haplos.power.Rd:35: Lost braces; missing escapes or markup?
35 | \item{simus.haplos}{ Which method to simulate the data, if \code{simus.haplos="freqs"}, {rbm.haplos.freqs()} is used, otherwise \code{rbm.haplos.thresholds()} is used.}
| ^
Flavors: r-devel-linux-x86_64-debian-clang, r-devel-linux-x86_64-debian-gcc, r-devel-linux-x86_64-fedora-clang, r-devel-linux-x86_64-fedora-gcc, r-devel-windows-x86_64, r-patched-linux-x86_64, r-release-linux-x86_64, r-release-macos-arm64, r-release-macos-x86_64, r-release-windows-x86_64
Version: 1.1.3
Check: installed package size
Result: NOTE
installed size is 21.7Mb
sub-directories of 1Mb or more:
data 4.5Mb
libs 16.2Mb
Flavors: r-release-macos-arm64, r-release-macos-x86_64, r-release-windows-x86_64, r-oldrel-macos-arm64, r-oldrel-macos-x86_64, r-oldrel-windows-x86_64
These binaries (installable software) and packages are in development.
They may not be fully stable and should be used with caution. We make no claims about them.
Health stats visible at Monitor.