Last updated on 2025-02-23 15:49:53 CET.
Flavor | Version | Tinstall | Tcheck | Ttotal | Status | Flags |
---|---|---|---|---|---|---|
r-devel-linux-x86_64-debian-clang | 1.5 | 34.64 | 33.12 | 67.76 | NOTE | |
r-devel-linux-x86_64-debian-gcc | 1.5 | 21.59 | 23.49 | 45.08 | NOTE | |
r-devel-linux-x86_64-fedora-clang | 1.5 | 124.02 | NOTE | |||
r-devel-linux-x86_64-fedora-gcc | 1.5 | 110.13 | NOTE | |||
r-devel-macos-arm64 | 1.5 | 31.00 | NOTE | |||
r-devel-macos-x86_64 | 1.5 | 61.00 | NOTE | |||
r-devel-windows-x86_64 | 1.5 | 30.00 | 75.00 | 105.00 | NOTE | |
r-patched-linux-x86_64 | 1.5 | 33.09 | 30.99 | 64.08 | NOTE | |
r-release-linux-x86_64 | 1.5 | 31.66 | 31.66 | 63.32 | NOTE | |
r-release-macos-arm64 | 1.5 | 31.00 | NOTE | |||
r-release-macos-x86_64 | 1.5 | 43.00 | NOTE | |||
r-release-windows-x86_64 | 1.5 | 32.00 | 74.00 | 106.00 | NOTE | |
r-oldrel-macos-arm64 | 1.5 | 36.00 | OK | |||
r-oldrel-macos-x86_64 | 1.5 | 67.00 | OK | |||
r-oldrel-windows-x86_64 | 1.5 | 39.00 | 86.00 | 125.00 | OK |
Version: 1.5
Check: Rd files
Result: NOTE
checkRd: (-1) GetEfftoxContour.Rd:37: Lost braces; missing escapes or markup?
37 | \item{Contour}{Contour vector for desirability function. Contains in order: (pi_{1,E},pi_{2,T},pi_{3,E},pi_{4,T}).}
| ^
checkRd: (-1) GetEfftoxContour.Rd:37: Lost braces; missing escapes or markup?
37 | \item{Contour}{Contour vector for desirability function. Contains in order: (pi_{1,E},pi_{2,T},pi_{3,E},pi_{4,T}).}
| ^
checkRd: (-1) GetEfftoxContour.Rd:37: Lost braces; missing escapes or markup?
37 | \item{Contour}{Contour vector for desirability function. Contains in order: (pi_{1,E},pi_{2,T},pi_{3,E},pi_{4,T}).}
| ^
checkRd: (-1) GetEfftoxContour.Rd:37: Lost braces; missing escapes or markup?
37 | \item{Contour}{Contour vector for desirability function. Contains in order: (pi_{1,E},pi_{2,T},pi_{3,E},pi_{4,T}).}
| ^
checkRd: (-1) GetEfftoxContour.Rd:47: Lost braces; missing escapes or markup?
47 | \item{HypermeansEFF}{Hypermeans for the Efftox model. In order, entries are hypermeans for (beta_{0,E},beta_{1,E},beta_{2,E},beta_{0,T},beta_{1,T},psi).}
| ^
checkRd: (-1) GetEfftoxContour.Rd:47: Lost braces; missing escapes or markup?
47 | \item{HypermeansEFF}{Hypermeans for the Efftox model. In order, entries are hypermeans for (beta_{0,E},beta_{1,E},beta_{2,E},beta_{0,T},beta_{1,T},psi).}
| ^
checkRd: (-1) GetEfftoxContour.Rd:47: Lost braces; missing escapes or markup?
47 | \item{HypermeansEFF}{Hypermeans for the Efftox model. In order, entries are hypermeans for (beta_{0,E},beta_{1,E},beta_{2,E},beta_{0,T},beta_{1,T},psi).}
| ^
checkRd: (-1) GetEfftoxContour.Rd:47: Lost braces; missing escapes or markup?
47 | \item{HypermeansEFF}{Hypermeans for the Efftox model. In order, entries are hypermeans for (beta_{0,E},beta_{1,E},beta_{2,E},beta_{0,T},beta_{1,T},psi).}
| ^
checkRd: (-1) GetEfftoxContour.Rd:47: Lost braces; missing escapes or markup?
47 | \item{HypermeansEFF}{Hypermeans for the Efftox model. In order, entries are hypermeans for (beta_{0,E},beta_{1,E},beta_{2,E},beta_{0,T},beta_{1,T},psi).}
| ^
checkRd: (-1) GetEfftoxContour.Rd:49: Lost braces; missing escapes or markup?
49 | \item{HypervarsEFF}{Hypervariances for the Efftox model. In order, entries are hypervariances for (beta_{0,E},beta_{1,E},beta_{2,E},beta_{0,T},beta_{1,T},psi).}
| ^
checkRd: (-1) GetEfftoxContour.Rd:49: Lost braces; missing escapes or markup?
49 | \item{HypervarsEFF}{Hypervariances for the Efftox model. In order, entries are hypervariances for (beta_{0,E},beta_{1,E},beta_{2,E},beta_{0,T},beta_{1,T},psi).}
| ^
checkRd: (-1) GetEfftoxContour.Rd:49: Lost braces; missing escapes or markup?
49 | \item{HypervarsEFF}{Hypervariances for the Efftox model. In order, entries are hypervariances for (beta_{0,E},beta_{1,E},beta_{2,E},beta_{0,T},beta_{1,T},psi).}
| ^
checkRd: (-1) GetEfftoxContour.Rd:49: Lost braces; missing escapes or markup?
49 | \item{HypervarsEFF}{Hypervariances for the Efftox model. In order, entries are hypervariances for (beta_{0,E},beta_{1,E},beta_{2,E},beta_{0,T},beta_{1,T},psi).}
| ^
checkRd: (-1) GetEfftoxContour.Rd:49: Lost braces; missing escapes or markup?
49 | \item{HypervarsEFF}{Hypervariances for the Efftox model. In order, entries are hypervariances for (beta_{0,E},beta_{1,E},beta_{2,E},beta_{0,T},beta_{1,T},psi).}
| ^
checkRd: (-1) GetEfftoxUt.Rd:47: Lost braces; missing escapes or markup?
47 | \item{HypermeansEFF}{Hypermeans for the Efftox model. In order, entries are hypermeans for (beta_{0,E},beta_{1,E},beta_{2,E},beta_{0,T},beta_{1,T},psi).}
| ^
checkRd: (-1) GetEfftoxUt.Rd:47: Lost braces; missing escapes or markup?
47 | \item{HypermeansEFF}{Hypermeans for the Efftox model. In order, entries are hypermeans for (beta_{0,E},beta_{1,E},beta_{2,E},beta_{0,T},beta_{1,T},psi).}
| ^
checkRd: (-1) GetEfftoxUt.Rd:47: Lost braces; missing escapes or markup?
47 | \item{HypermeansEFF}{Hypermeans for the Efftox model. In order, entries are hypermeans for (beta_{0,E},beta_{1,E},beta_{2,E},beta_{0,T},beta_{1,T},psi).}
| ^
checkRd: (-1) GetEfftoxUt.Rd:47: Lost braces; missing escapes or markup?
47 | \item{HypermeansEFF}{Hypermeans for the Efftox model. In order, entries are hypermeans for (beta_{0,E},beta_{1,E},beta_{2,E},beta_{0,T},beta_{1,T},psi).}
| ^
checkRd: (-1) GetEfftoxUt.Rd:47: Lost braces; missing escapes or markup?
47 | \item{HypermeansEFF}{Hypermeans for the Efftox model. In order, entries are hypermeans for (beta_{0,E},beta_{1,E},beta_{2,E},beta_{0,T},beta_{1,T},psi).}
| ^
checkRd: (-1) GetEfftoxUt.Rd:49: Lost braces; missing escapes or markup?
49 | \item{HypervarsEFF}{Hypervariances for the Efftox model. In order, entries are hypervariances for (beta_{0,E},beta_{1,E},beta_{2,E},beta_{0,T},beta_{1,T},psi).}
| ^
checkRd: (-1) GetEfftoxUt.Rd:49: Lost braces; missing escapes or markup?
49 | \item{HypervarsEFF}{Hypervariances for the Efftox model. In order, entries are hypervariances for (beta_{0,E},beta_{1,E},beta_{2,E},beta_{0,T},beta_{1,T},psi).}
| ^
checkRd: (-1) GetEfftoxUt.Rd:49: Lost braces; missing escapes or markup?
49 | \item{HypervarsEFF}{Hypervariances for the Efftox model. In order, entries are hypervariances for (beta_{0,E},beta_{1,E},beta_{2,E},beta_{0,T},beta_{1,T},psi).}
| ^
checkRd: (-1) GetEfftoxUt.Rd:49: Lost braces; missing escapes or markup?
49 | \item{HypervarsEFF}{Hypervariances for the Efftox model. In order, entries are hypervariances for (beta_{0,E},beta_{1,E},beta_{2,E},beta_{0,T},beta_{1,T},psi).}
| ^
checkRd: (-1) GetEfftoxUt.Rd:49: Lost braces; missing escapes or markup?
49 | \item{HypervarsEFF}{Hypervariances for the Efftox model. In order, entries are hypervariances for (beta_{0,E},beta_{1,E},beta_{2,E},beta_{0,T},beta_{1,T},psi).}
| ^
checkRd: (-1) GetSpsoContour.Rd:35: Lost braces; missing escapes or markup?
35 | \item{Contour}{Contour vector for desirability function. Contains in order: (pi_{1,E},pi_{2,T},pi_{3,E},pi_{4,T}).}
| ^
checkRd: (-1) GetSpsoContour.Rd:35: Lost braces; missing escapes or markup?
35 | \item{Contour}{Contour vector for desirability function. Contains in order: (pi_{1,E},pi_{2,T},pi_{3,E},pi_{4,T}).}
| ^
checkRd: (-1) GetSpsoContour.Rd:35: Lost braces; missing escapes or markup?
35 | \item{Contour}{Contour vector for desirability function. Contains in order: (pi_{1,E},pi_{2,T},pi_{3,E},pi_{4,T}).}
| ^
checkRd: (-1) GetSpsoContour.Rd:35: Lost braces; missing escapes or markup?
35 | \item{Contour}{Contour vector for desirability function. Contains in order: (pi_{1,E},pi_{2,T},pi_{3,E},pi_{4,T}).}
| ^
checkRd: (-1) SimEfftoxContour.Rd:39: Lost braces; missing escapes or markup?
39 | \item{Contour}{Contour vector for desirability function. Contains in order: (pi_{1,E},pi_{2,T},pi_{3,E},pi_{4,T}).}
| ^
checkRd: (-1) SimEfftoxContour.Rd:39: Lost braces; missing escapes or markup?
39 | \item{Contour}{Contour vector for desirability function. Contains in order: (pi_{1,E},pi_{2,T},pi_{3,E},pi_{4,T}).}
| ^
checkRd: (-1) SimEfftoxContour.Rd:39: Lost braces; missing escapes or markup?
39 | \item{Contour}{Contour vector for desirability function. Contains in order: (pi_{1,E},pi_{2,T},pi_{3,E},pi_{4,T}).}
| ^
checkRd: (-1) SimEfftoxContour.Rd:39: Lost braces; missing escapes or markup?
39 | \item{Contour}{Contour vector for desirability function. Contains in order: (pi_{1,E},pi_{2,T},pi_{3,E},pi_{4,T}).}
| ^
checkRd: (-1) SimEfftoxContour.Rd:49: Lost braces; missing escapes or markup?
49 | \item{HypermeansEFF}{Hypermeans for the Efftox model. In order, entries are hypermeans for (beta_{0,E},beta_{1,E},beta_{2,E},beta_{0,T},beta_{1,T},psi).}
| ^
checkRd: (-1) SimEfftoxContour.Rd:49: Lost braces; missing escapes or markup?
49 | \item{HypermeansEFF}{Hypermeans for the Efftox model. In order, entries are hypermeans for (beta_{0,E},beta_{1,E},beta_{2,E},beta_{0,T},beta_{1,T},psi).}
| ^
checkRd: (-1) SimEfftoxContour.Rd:49: Lost braces; missing escapes or markup?
49 | \item{HypermeansEFF}{Hypermeans for the Efftox model. In order, entries are hypermeans for (beta_{0,E},beta_{1,E},beta_{2,E},beta_{0,T},beta_{1,T},psi).}
| ^
checkRd: (-1) SimEfftoxContour.Rd:49: Lost braces; missing escapes or markup?
49 | \item{HypermeansEFF}{Hypermeans for the Efftox model. In order, entries are hypermeans for (beta_{0,E},beta_{1,E},beta_{2,E},beta_{0,T},beta_{1,T},psi).}
| ^
checkRd: (-1) SimEfftoxContour.Rd:49: Lost braces; missing escapes or markup?
49 | \item{HypermeansEFF}{Hypermeans for the Efftox model. In order, entries are hypermeans for (beta_{0,E},beta_{1,E},beta_{2,E},beta_{0,T},beta_{1,T},psi).}
| ^
checkRd: (-1) SimEfftoxContour.Rd:51: Lost braces; missing escapes or markup?
51 | \item{HypervarsEFF}{Hypervariances for the Efftox model. In order, entries are hypervariances for (beta_{0,E},beta_{1,E},beta_{2,E},beta_{0,T},beta_{1,T},psi).}
| ^
checkRd: (-1) SimEfftoxContour.Rd:51: Lost braces; missing escapes or markup?
51 | \item{HypervarsEFF}{Hypervariances for the Efftox model. In order, entries are hypervariances for (beta_{0,E},beta_{1,E},beta_{2,E},beta_{0,T},beta_{1,T},psi).}
| ^
checkRd: (-1) SimEfftoxContour.Rd:51: Lost braces; missing escapes or markup?
51 | \item{HypervarsEFF}{Hypervariances for the Efftox model. In order, entries are hypervariances for (beta_{0,E},beta_{1,E},beta_{2,E},beta_{0,T},beta_{1,T},psi).}
| ^
checkRd: (-1) SimEfftoxContour.Rd:51: Lost braces; missing escapes or markup?
51 | \item{HypervarsEFF}{Hypervariances for the Efftox model. In order, entries are hypervariances for (beta_{0,E},beta_{1,E},beta_{2,E},beta_{0,T},beta_{1,T},psi).}
| ^
checkRd: (-1) SimEfftoxContour.Rd:51: Lost braces; missing escapes or markup?
51 | \item{HypervarsEFF}{Hypervariances for the Efftox model. In order, entries are hypervariances for (beta_{0,E},beta_{1,E},beta_{2,E},beta_{0,T},beta_{1,T},psi).}
| ^
checkRd: (-1) SimEfftoxUt.Rd:49: Lost braces; missing escapes or markup?
49 | \item{HypermeansEFF}{Hypermeans for the Efftox model. In order, entries are hypermeans for (beta_{0,E},beta_{1,E},beta_{2,E},beta_{0,T},beta_{1,T},psi).}
| ^
checkRd: (-1) SimEfftoxUt.Rd:49: Lost braces; missing escapes or markup?
49 | \item{HypermeansEFF}{Hypermeans for the Efftox model. In order, entries are hypermeans for (beta_{0,E},beta_{1,E},beta_{2,E},beta_{0,T},beta_{1,T},psi).}
| ^
checkRd: (-1) SimEfftoxUt.Rd:49: Lost braces; missing escapes or markup?
49 | \item{HypermeansEFF}{Hypermeans for the Efftox model. In order, entries are hypermeans for (beta_{0,E},beta_{1,E},beta_{2,E},beta_{0,T},beta_{1,T},psi).}
| ^
checkRd: (-1) SimEfftoxUt.Rd:49: Lost braces; missing escapes or markup?
49 | \item{HypermeansEFF}{Hypermeans for the Efftox model. In order, entries are hypermeans for (beta_{0,E},beta_{1,E},beta_{2,E},beta_{0,T},beta_{1,T},psi).}
| ^
checkRd: (-1) SimEfftoxUt.Rd:49: Lost braces; missing escapes or markup?
49 | \item{HypermeansEFF}{Hypermeans for the Efftox model. In order, entries are hypermeans for (beta_{0,E},beta_{1,E},beta_{2,E},beta_{0,T},beta_{1,T},psi).}
| ^
checkRd: (-1) SimEfftoxUt.Rd:51: Lost braces; missing escapes or markup?
51 | \item{HypervarsEFF}{Hypervariances for the Efftox model. In order, entries are hypervariances for (beta_{0,E},beta_{1,E},beta_{2,E},beta_{0,T},beta_{1,T},psi).}
| ^
checkRd: (-1) SimEfftoxUt.Rd:51: Lost braces; missing escapes or markup?
51 | \item{HypervarsEFF}{Hypervariances for the Efftox model. In order, entries are hypervariances for (beta_{0,E},beta_{1,E},beta_{2,E},beta_{0,T},beta_{1,T},psi).}
| ^
checkRd: (-1) SimEfftoxUt.Rd:51: Lost braces; missing escapes or markup?
51 | \item{HypervarsEFF}{Hypervariances for the Efftox model. In order, entries are hypervariances for (beta_{0,E},beta_{1,E},beta_{2,E},beta_{0,T},beta_{1,T},psi).}
| ^
checkRd: (-1) SimEfftoxUt.Rd:51: Lost braces; missing escapes or markup?
51 | \item{HypervarsEFF}{Hypervariances for the Efftox model. In order, entries are hypervariances for (beta_{0,E},beta_{1,E},beta_{2,E},beta_{0,T},beta_{1,T},psi).}
| ^
checkRd: (-1) SimEfftoxUt.Rd:51: Lost braces; missing escapes or markup?
51 | \item{HypervarsEFF}{Hypervariances for the Efftox model. In order, entries are hypervariances for (beta_{0,E},beta_{1,E},beta_{2,E},beta_{0,T},beta_{1,T},psi).}
| ^
checkRd: (-1) SimSpsoContour.Rd:37: Lost braces; missing escapes or markup?
37 | \item{Contour}{Contour vector for desirability function. Contains in order: (pi_{1,E},pi_{2,T},pi_{3,E},pi_{4,T}).}
| ^
checkRd: (-1) SimSpsoContour.Rd:37: Lost braces; missing escapes or markup?
37 | \item{Contour}{Contour vector for desirability function. Contains in order: (pi_{1,E},pi_{2,T},pi_{3,E},pi_{4,T}).}
| ^
checkRd: (-1) SimSpsoContour.Rd:37: Lost braces; missing escapes or markup?
37 | \item{Contour}{Contour vector for desirability function. Contains in order: (pi_{1,E},pi_{2,T},pi_{3,E},pi_{4,T}).}
| ^
checkRd: (-1) SimSpsoContour.Rd:37: Lost braces; missing escapes or markup?
37 | \item{Contour}{Contour vector for desirability function. Contains in order: (pi_{1,E},pi_{2,T},pi_{3,E},pi_{4,T}).}
| ^
Flavors: r-devel-linux-x86_64-debian-clang, r-devel-linux-x86_64-debian-gcc, r-devel-linux-x86_64-fedora-clang, r-devel-linux-x86_64-fedora-gcc, r-devel-macos-arm64, r-devel-macos-x86_64, r-devel-windows-x86_64, r-patched-linux-x86_64, r-release-linux-x86_64, r-release-macos-arm64, r-release-macos-x86_64, r-release-windows-x86_64
These binaries (installable software) and packages are in development.
They may not be fully stable and should be used with caution. We make no claims about them.
Health stats visible at Monitor.