Last updated on 2025-10-30 19:53:18 CET.
| Flavor | Version | Tinstall | Tcheck | Ttotal | Status | Flags | 
|---|---|---|---|---|---|---|
| r-devel-linux-x86_64-debian-clang | 3.0.1 | 26.14 | 215.72 | 241.86 | OK | |
| r-devel-linux-x86_64-debian-gcc | 3.0.1 | 17.61 | 141.49 | 159.10 | OK | |
| r-devel-linux-x86_64-fedora-clang | 3.0.1 | 70.00 | 325.25 | 395.25 | OK | |
| r-devel-linux-x86_64-fedora-gcc | 3.0.1 | 69.00 | 300.74 | 369.74 | OK | |
| r-devel-windows-x86_64 | 3.0.1 | 27.00 | 220.00 | 247.00 | OK | |
| r-patched-linux-x86_64 | 3.0.1 | 29.12 | 201.95 | 231.07 | OK | |
| r-release-linux-x86_64 | 3.0.1 | 24.23 | 198.68 | 222.91 | OK | |
| r-release-macos-arm64 | 3.0.1 | 14.00 | 106.00 | 120.00 | OK | |
| r-release-macos-x86_64 | 3.0.1 | 25.00 | 214.00 | 239.00 | OK | |
| r-release-windows-x86_64 | 3.0.1 | 28.00 | 222.00 | 250.00 | OK | |
| r-oldrel-macos-arm64 | 3.0.1 | 16.00 | 129.00 | 145.00 | NOTE | |
| r-oldrel-macos-x86_64 | 3.0.1 | 26.00 | 212.00 | 238.00 | NOTE | |
| r-oldrel-windows-x86_64 | 3.0.1 | 38.00 | 296.00 | 334.00 | OK | 
Version: 3.0.1
Check: installed package size
Result: NOTE
    installed size is  6.9Mb
    sub-directories of 1Mb or more:
      R      2.2Mb
      data   4.0Mb
Flavors: r-oldrel-macos-arm64, r-oldrel-macos-x86_64
These binaries (installable software) and packages are in development.
They may not be fully stable and should be used with caution. We make no claims about them.
Health stats visible at Monitor.