Last updated on 2025-02-23 19:51:25 CET.
Flavor | Version | Tinstall | Tcheck | Ttotal | Status | Flags |
---|---|---|---|---|---|---|
r-devel-linux-x86_64-debian-clang | 5.5.2 | 16.66 | 94.11 | 110.77 | NOTE | |
r-devel-linux-x86_64-debian-gcc | 5.5.2 | 11.37 | 61.80 | 73.17 | NOTE | |
r-devel-linux-x86_64-fedora-clang | 5.5.2 | 174.35 | NOTE | |||
r-devel-linux-x86_64-fedora-gcc | 5.5.2 | 166.50 | NOTE | |||
r-devel-macos-arm64 | 5.5.2 | 48.00 | NOTE | |||
r-devel-macos-x86_64 | 5.5.2 | 106.00 | NOTE | |||
r-devel-windows-x86_64 | 5.5.2 | 20.00 | 121.00 | 141.00 | NOTE | |
r-patched-linux-x86_64 | 5.5.2 | 18.87 | 87.04 | 105.91 | NOTE | |
r-release-linux-x86_64 | 5.5.2 | 14.89 | 87.33 | 102.22 | NOTE | |
r-release-macos-arm64 | 5.5.2 | 47.00 | NOTE | |||
r-release-macos-x86_64 | 5.5.2 | 90.00 | NOTE | |||
r-release-windows-x86_64 | 5.5.2 | 20.00 | 111.00 | 131.00 | NOTE | |
r-oldrel-macos-arm64 | 5.5.2 | 53.00 | NOTE | |||
r-oldrel-macos-x86_64 | 5.5.2 | 92.00 | NOTE | |||
r-oldrel-windows-x86_64 | 5.5.2 | 25.00 | 135.00 | 160.00 | NOTE |
Version: 5.5.2
Check: Rd files
Result: NOTE
checkRd: (-1) ZIClass.Rd:87: Escaped LaTeX specials: \_
checkRd: (-1) ZITrain.Rd:72: Escaped LaTeX specials: \_
checkRd: (-1) ZITrain.Rd:74: Escaped LaTeX specials: \_
checkRd: (-1) zid.Rd:45: Escaped LaTeX specials: \_
checkRd: (-1) zim.Rd:63: Escaped LaTeX specials: \_
checkRd: (-1) zim.Rd:182: Lost braces
182 | dQuote{tab-delimited text file} when you have done and close the spreadsheet
| ^
Flavors: r-devel-linux-x86_64-debian-clang, r-devel-linux-x86_64-debian-gcc, r-devel-linux-x86_64-fedora-clang, r-devel-linux-x86_64-fedora-gcc, r-devel-macos-arm64, r-devel-macos-x86_64, r-devel-windows-x86_64, r-patched-linux-x86_64, r-release-linux-x86_64, r-release-macos-arm64, r-release-macos-x86_64, r-release-windows-x86_64
Version: 5.5.2
Check: Rd files
Result: NOTE
checkRd: (-1) ZIClass.Rd:87: Escaped LaTeX specials: \_
checkRd: (-1) ZITrain.Rd:72: Escaped LaTeX specials: \_
checkRd: (-1) ZITrain.Rd:74: Escaped LaTeX specials: \_
checkRd: (-1) zid.Rd:45: Escaped LaTeX specials: \_
checkRd: (-1) zim.Rd:63: Escaped LaTeX specials: \_
Flavors: r-oldrel-macos-arm64, r-oldrel-macos-x86_64, r-oldrel-windows-x86_64
Version: 5.5.2
Check: package dependencies
Result: NOTE
Package suggested but not available for checking: ‘rJava’
Flavor: r-oldrel-macos-x86_64
These binaries (installable software) and packages are in development.
They may not be fully stable and should be used with caution. We make no claims about them.
Health stats visible at Monitor.