CRAN Package Check Results for Package zipfextR

Last updated on 2025-05-15 11:50:20 CEST.

Flavor Version Tinstall Tcheck Ttotal Status Flags
r-devel-linux-x86_64-debian-clang 1.0.2 9.04 80.05 89.09 NOTE
r-devel-linux-x86_64-debian-gcc 1.0.2 6.60 54.24 60.84 NOTE
r-devel-linux-x86_64-fedora-clang 1.0.2 140.99 OK
r-devel-linux-x86_64-fedora-gcc 1.0.2 133.44 OK
r-devel-windows-x86_64 1.0.2 10.00 96.00 106.00 OK
r-patched-linux-x86_64 1.0.2 8.68 77.26 85.94 OK
r-release-linux-x86_64 1.0.2 9.34 76.64 85.98 OK
r-release-macos-arm64 1.0.2 43.00 OK
r-release-macos-x86_64 1.0.2 76.00 OK
r-release-windows-x86_64 1.0.2 10.00 97.00 107.00 OK
r-oldrel-macos-arm64 1.0.2 44.00 NOTE
r-oldrel-macos-x86_64 1.0.2 59.00 NOTE
r-oldrel-windows-x86_64 1.0.2 14.00 119.00 133.00 NOTE

Check Details

Version: 1.0.2
Check: CRAN incoming feasibility
Result: NOTE Maintainer: ‘Ariel Duarte-López <aduarte@ac.upc.edu>’ The Description field contains (2013) <arXiv:1304.4540>, the Zipf-Poisson Extreme (Zipf-PE), the Please refer to arXiv e-prints via their arXiv DOI <doi:10.48550/arXiv.YYMM.NNNNN>. Flavors: r-devel-linux-x86_64-debian-clang, r-devel-linux-x86_64-debian-gcc

Version: 1.0.2
Check: LazyData
Result: NOTE 'LazyData' is specified without a 'data' directory Flavors: r-oldrel-macos-arm64, r-oldrel-macos-x86_64, r-oldrel-windows-x86_64

These binaries (installable software) and packages are in development.
They may not be fully stable and should be used with caution. We make no claims about them.
Health stats visible at Monitor.