Last updated on 2024-05-02 13:50:21 CEST.
Flavor | Version | Tinstall | Tcheck | Ttotal | Status | Flags |
---|---|---|---|---|---|---|
r-devel-linux-x86_64-debian-clang | 0.3.2 | 5.38 | 54.43 | 59.81 | NOTE | |
r-devel-linux-x86_64-debian-gcc | 0.3.2 | 3.61 | 39.33 | 42.94 | NOTE | |
r-devel-linux-x86_64-fedora-clang | 0.3.2 | 71.50 | NOTE | |||
r-devel-linux-x86_64-fedora-gcc | 0.3.2 | 65.55 | NOTE | |||
r-devel-windows-x86_64 | 0.3.2 | 6.00 | 65.00 | 71.00 | NOTE | |
r-patched-linux-x86_64 | 0.3.2 | 4.74 | 51.59 | 56.33 | NOTE | |
r-release-linux-x86_64 | 0.3.2 | 4.75 | 50.23 | 54.98 | NOTE | |
r-release-macos-arm64 | 0.3.2 | 25.00 | NOTE | |||
r-release-windows-x86_64 | 0.3.2 | 8.00 | 66.00 | 74.00 | NOTE | |
r-oldrel-macos-arm64 | 0.3.2 | 26.00 | OK | |||
r-oldrel-macos-x86_64 | 0.3.2 | 38.00 | OK | |||
r-oldrel-windows-x86_64 | 0.3.2 | 7.00 | 71.00 | 78.00 | OK |
Version: 0.3.2
Check: Rd files
Result: NOTE
checkRd: (-1) label_kansuji.Rd:48: Lost braces; missing escapes or markup?
48 | but if TRUE and installed '{scales}` package, 1.10 will be displayed.}
| ^
Flavors: r-devel-linux-x86_64-debian-clang, r-devel-linux-x86_64-debian-gcc, r-devel-linux-x86_64-fedora-clang, r-devel-linux-x86_64-fedora-gcc, r-devel-windows-x86_64, r-patched-linux-x86_64, r-release-linux-x86_64, r-release-macos-arm64, r-release-windows-x86_64
Version: 0.3.2
Check: HTML version of manual
Result: NOTE
Found the following HTML validation problems:
kana.html:65:1 (kana.Rd:33): Warning: trimming empty <dt>
Flavors: r-devel-linux-x86_64-debian-clang, r-devel-linux-x86_64-debian-gcc, r-devel-linux-x86_64-fedora-clang, r-devel-linux-x86_64-fedora-gcc, r-devel-windows-x86_64, r-patched-linux-x86_64, r-release-linux-x86_64, r-release-windows-x86_64
Version: 0.3.2
Check: data for non-ASCII characters
Result: NOTE
Note: found 47 marked UTF-8 strings
Flavors: r-devel-linux-x86_64-fedora-clang, r-devel-linux-x86_64-fedora-gcc
These binaries (installable software) and packages are in development.
They may not be fully stable and should be used with caution. We make no claims about them.
Health stats visible at Monitor.