CRAN Package Check Results for Package youngSwimmers

Last updated on 2025-05-17 15:51:00 CEST.

Flavor Version Tinstall Tcheck Ttotal Status Flags
r-devel-linux-x86_64-debian-clang 0.0.1 2.60 24.15 26.75 NOTE
r-devel-linux-x86_64-debian-gcc 0.0.1 2.07 19.55 21.62 NOTE
r-devel-linux-x86_64-fedora-clang 0.0.1 39.60 OK
r-devel-linux-x86_64-fedora-gcc 0.0.1 37.40 OK
r-devel-windows-x86_64 0.0.1 4.00 44.00 48.00 OK
r-patched-linux-x86_64 0.0.1 2.37 21.51 23.88 OK
r-release-linux-x86_64 0.0.1 2.18 21.50 23.68 OK
r-release-macos-arm64 0.0.1 18.00 OK
r-release-macos-x86_64 0.0.1 32.00 OK
r-release-windows-x86_64 0.0.1 4.00 45.00 49.00 OK
r-oldrel-macos-arm64 0.0.1 19.00 OK
r-oldrel-macos-x86_64 0.0.1 27.00 OK
r-oldrel-windows-x86_64 0.0.1 5.00 47.00 52.00 OK

Check Details

Version: 0.0.1
Check: CRAN incoming feasibility
Result: NOTE Maintainer: ‘Matías Castillo Aguilar <matcasti@umag.cl>’ Package CITATION file contains call(s) to old-style citEntry(). Please use bibentry() instead. Flavors: r-devel-linux-x86_64-debian-clang, r-devel-linux-x86_64-debian-gcc

These binaries (installable software) and packages are in development.
They may not be fully stable and should be used with caution. We make no claims about them.
Health stats visible at Monitor.