Last updated on 2025-02-23 19:51:24 CET.
Flavor | Version | Tinstall | Tcheck | Ttotal | Status | Flags |
---|---|---|---|---|---|---|
r-devel-linux-x86_64-debian-clang | 1.7.8.1 | 488.75 | 304.43 | 793.18 | NOTE | |
r-devel-linux-x86_64-debian-gcc | 1.7.8.1 | 417.53 | 182.64 | 600.17 | NOTE | |
r-devel-linux-x86_64-fedora-clang | 1.7.8.1 | 1294.20 | NOTE | |||
r-devel-linux-x86_64-fedora-gcc | 1.7.8.1 | 1453.40 | NOTE | |||
r-devel-macos-arm64 | 1.7.8.1 | 336.00 | OK | |||
r-devel-macos-x86_64 | 1.7.8.1 | 423.00 | OK | |||
r-devel-windows-x86_64 | 1.7.8.1 | 552.00 | 291.00 | 843.00 | OK | |
r-patched-linux-x86_64 | 1.7.8.1 | 577.94 | 276.38 | 854.32 | NOTE | |
r-release-linux-x86_64 | 1.7.8.1 | 579.13 | 279.93 | 859.06 | NOTE | |
r-release-macos-arm64 | 1.7.8.1 | 356.00 | NOTE | |||
r-release-macos-x86_64 | 1.7.8.1 | 689.00 | NOTE | |||
r-release-windows-x86_64 | 1.7.8.1 | 562.00 | 293.00 | 855.00 | NOTE | |
r-oldrel-macos-arm64 | 1.7.8.1 | 355.00 | NOTE | |||
r-oldrel-macos-x86_64 | 1.7.8.1 | 609.00 | NOTE | |||
r-oldrel-windows-x86_64 | 1.7.8.1 | 538.00 | 411.00 | 949.00 | NOTE |
Version: 1.7.8.1
Check: top-level files
Result: NOTE
possible bashism in configure.ac line 65 (unsafe echo with backslash):
echo ' To use all CPU cores for training jobs, you should install OpenMP by running\n'
Flavors: r-devel-linux-x86_64-debian-clang, r-devel-linux-x86_64-debian-gcc, r-devel-linux-x86_64-fedora-clang, r-devel-linux-x86_64-fedora-gcc
Version: 1.7.8.1
Check: for unstated dependencies in ‘demo’
Result: NOTE
'::' or ':::' import not declared from: ‘devtools’
'library' or 'require' calls not declared from:
‘caret’ ‘cplm’ ‘e1071’
Flavors: r-devel-linux-x86_64-debian-clang, r-devel-linux-x86_64-debian-gcc
Version: 1.7.8.1
Check: for GNU extensions in Makefiles
Result: NOTE
GNU make is a SystemRequirements.
Flavors: r-patched-linux-x86_64, r-release-linux-x86_64, r-release-macos-arm64, r-release-macos-x86_64, r-release-windows-x86_64, r-oldrel-macos-arm64, r-oldrel-macos-x86_64, r-oldrel-windows-x86_64
Version: 1.7.8.1
Check: installed package size
Result: NOTE
installed size is 54.1Mb
sub-directories of 1Mb or more:
libs 53.2Mb
Flavors: r-release-macos-arm64, r-release-macos-x86_64, r-release-windows-x86_64, r-oldrel-macos-arm64, r-oldrel-macos-x86_64, r-oldrel-windows-x86_64
These binaries (installable software) and packages are in development.
They may not be fully stable and should be used with caution. We make no claims about them.
Health stats visible at Monitor.