Last updated on 2025-05-03 22:50:14 CEST.
Flavor | Version | Tinstall | Tcheck | Ttotal | Status | Flags |
---|---|---|---|---|---|---|
r-devel-linux-x86_64-debian-clang | 0.30 | 3.42 | 32.80 | 36.22 | NOTE | |
r-devel-linux-x86_64-debian-gcc | 0.30 | 2.56 | 25.23 | 27.79 | NOTE | |
r-devel-linux-x86_64-fedora-clang | 0.30 | 54.56 | OK | |||
r-devel-linux-x86_64-fedora-gcc | 0.30 | 65.53 | OK | |||
r-devel-windows-x86_64 | 0.30 | 5.00 | 52.00 | 57.00 | NOTE | |
r-patched-linux-x86_64 | 0.30 | 3.49 | 30.51 | 34.00 | NOTE | |
r-release-linux-x86_64 | NOTE | |||||
r-release-macos-arm64 | 0.30 | 40.00 | OK | |||
r-release-macos-x86_64 | 0.30 | 57.00 | OK | |||
r-release-windows-x86_64 | 0.30 | 6.00 | 52.00 | 58.00 | NOTE | |
r-oldrel-macos-arm64 | 0.30 | 26.00 | OK | |||
r-oldrel-macos-x86_64 | 0.30 | 39.00 | OK | |||
r-oldrel-windows-x86_64 | 0.30 | 6.00 | 62.00 | 68.00 | OK |
Version: 0.30
Check: DESCRIPTION meta-information
Result: NOTE
Author field differs from that derived from Authors@R
Author: ‘Yihui Xie [aut, cre] (<https://orcid.org/0000-0003-0645-5666>), Posit Software, PBC [cph, fnd], Alessandro Gasparini [ctb] (<https://orcid.org/0000-0002-8319-7624>), Benjie Gillam [ctb], Claus Thorn Ekstrøm [ctb], Daniel Anderson [ctb], Dawei Lang [ctb], Deo Salil [ctb], Emi Tanaka [ctb], Garrick Aden-Buie [ctb] (<https://orcid.org/0000-0002-7111-0077>), Iñaki Ucar [ctb] (<https://orcid.org/0000-0001-6403-5550>), John Little [ctb], Joselyn Chávez [ctb] (<https://orcid.org/0000-0002-4974-4591>), Joseph Casillas [ctb], JooYoung Seo [ctb] (<https://orcid.org/0000-0002-4064-6012>), Lucy D'Agostino McGowan [ctb] (<https://orcid.org/0000-0001-7297-9359>), Malcolm Barrett [ctb] (<https://orcid.org/0000-0003-0299-5825>), Matthew Mark Strasiotto [ctb] (mstr3336), Michael Wayne Kearney [ctb], Nan-Hung Hsieh [ctb], Ole Petter Bang [ctb] (CSS in rmarkdown/templates/xaringan/resources/default.css), Orlando Olaya Bucaro [ctb], Patrick Schratz [ctb], Paul Klemm [ctb] (<https://orcid.org/0000-0002-5985-1737>), Paul Lemmens [ctb], Robert Fromont [ctb] (<https://orcid.org/0000-0001-5271-5487>), Sean Lopp [ctb], Silvia Canelon [ctb] (<https://orcid.org/0000-0003-1709-1394>), Susan VanderPlas [ctb] (<https://orcid.org/0000-0002-3803-0972>), Tuo Wang [ctb], Waldir Leoncio [ctb], Yongfu Liao [ctb], Yue Jiang [ctb] (<https://orcid.org/0000-0002-9798-5517>), Zhian N. Kamvar [ctb] (<https://orcid.org/0000-0003-1458-7108>)’
Authors@R: ‘Yihui Xie [aut, cre] (ORCID: <https://orcid.org/0000-0003-0645-5666>), Posit Software, PBC [cph, fnd], Alessandro Gasparini [ctb] (ORCID: <https://orcid.org/0000-0002-8319-7624>), Benjie Gillam [ctb], Claus Thorn Ekstrøm [ctb], Daniel Anderson [ctb], Dawei Lang [ctb], Deo Salil [ctb], Emi Tanaka [ctb], Garrick Aden-Buie [ctb] (ORCID: <https://orcid.org/0000-0002-7111-0077>), Iñaki Ucar [ctb] (ORCID: <https://orcid.org/0000-0001-6403-5550>), John Little [ctb], Joselyn Chávez [ctb] (ORCID: <https://orcid.org/0000-0002-4974-4591>), Joseph Casillas [ctb], JooYoung Seo [ctb] (ORCID: <https://orcid.org/0000-0002-4064-6012>), Lucy D'Agostino McGowan [ctb] (ORCID: <https://orcid.org/0000-0001-7297-9359>), Malcolm Barrett [ctb] (ORCID: <https://orcid.org/0000-0003-0299-5825>), Matthew Mark Strasiotto [ctb] (github: mstr3336), Michael Wayne Kearney [ctb], Nan-Hung Hsieh [ctb], Ole Petter Bang [ctb] (CSS in rmarkdown/templates/xaringan/resources/default.css), Orlando Olaya Bucaro [ctb], Patrick Schratz [ctb], Paul Klemm [ctb] (ORCID: <https://orcid.org/0000-0002-5985-1737>), Paul Lemmens [ctb], Robert Fromont [ctb] (ORCID: <https://orcid.org/0000-0001-5271-5487>), Sean Lopp [ctb], Silvia Canelon [ctb] (ORCID: <https://orcid.org/0000-0003-1709-1394>), Susan VanderPlas [ctb] (ORCID: <https://orcid.org/0000-0002-3803-0972>), Tuo Wang [ctb], Waldir Leoncio [ctb], Yongfu Liao [ctb], Yue Jiang [ctb] (ORCID: <https://orcid.org/0000-0002-9798-5517>), Zhian N. Kamvar [ctb] (ORCID: <https://orcid.org/0000-0003-1458-7108>)’
Flavors: r-devel-linux-x86_64-debian-clang, r-devel-linux-x86_64-debian-gcc
Version: 0.30
Check: Rd cross-references
Result: NOTE
Found the following Rd file(s) with Rd \link{} targets missing package
anchors:
inf_mr.Rd: httw
moon_reader.Rd: html_document
Please provide package anchors for all Rd \link{} targets not in the
package itself and the base packages.
Flavors: r-devel-linux-x86_64-debian-clang, r-devel-linux-x86_64-debian-gcc, r-devel-windows-x86_64, r-patched-linux-x86_64, r-release-linux-x86_64, r-release-windows-x86_64
These binaries (installable software) and packages are in development.
They may not be fully stable and should be used with caution. We make no claims about them.
Health stats visible at Monitor.