Last updated on 2025-02-02 07:50:30 CET.
Flavor | Version | Tinstall | Tcheck | Ttotal | Status | Flags |
---|---|---|---|---|---|---|
r-devel-linux-x86_64-debian-clang | 1.1.22 | 5.99 | 55.80 | 61.79 | NOTE | |
r-devel-linux-x86_64-debian-gcc | 1.1.22 | 3.49 | 39.63 | 43.12 | NOTE | |
r-devel-linux-x86_64-fedora-clang | 1.1.22 | 101.16 | NOTE | |||
r-devel-linux-x86_64-fedora-gcc | 1.1.22 | 112.17 | NOTE | |||
r-devel-windows-x86_64 | 1.1.22 | 7.00 | 79.00 | 86.00 | NOTE | |
r-patched-linux-x86_64 | 1.1.22 | 5.20 | 51.31 | 56.51 | NOTE | |
r-release-linux-x86_64 | 1.1.22 | 4.92 | 51.38 | 56.30 | NOTE | |
r-release-macos-arm64 | 1.1.22 | 38.00 | NOTE | |||
r-release-macos-x86_64 | 1.1.22 | 53.00 | NOTE | |||
r-release-windows-x86_64 | 1.1.22 | 7.00 | 81.00 | 88.00 | NOTE | |
r-oldrel-macos-arm64 | 1.1.22 | 35.00 | OK | |||
r-oldrel-macos-x86_64 | 1.1.22 | 79.00 | OK | |||
r-oldrel-windows-x86_64 | 1.1.22 | 9.00 | 85.00 | 94.00 | OK |
Version: 1.1.22
Check: Rd files
Result: NOTE
checkRd: (-1) exploreSignatures.Rd:47: Lost braces in \itemize; \value handles \item{}{} directly
checkRd: (-1) exploreSignatures.Rd:48: Lost braces in \itemize; \value handles \item{}{} directly
checkRd: (-1) exploreSignatures.Rd:49-50: Lost braces in \itemize; \value handles \item{}{} directly
checkRd: (-1) exploreSignatures.Rd:56: Lost braces in \itemize; \value handles \item{}{} directly
checkRd: (-1) exploreSignatures.Rd:57: Lost braces in \itemize; \value handles \item{}{} directly
checkRd: (-1) exploreSignatures.Rd:58-59: Lost braces in \itemize; \value handles \item{}{} directly
checkRd: (-1) exploreSignatures.Rd:65-66: Lost braces in \itemize; \value handles \item{}{} directly
checkRd: (-1) exploreSignatures.Rd:67-69: Lost braces in \itemize; \value handles \item{}{} directly
checkRd: (-1) generateData.Rd:47: Lost braces
47 | \bold{code{data}} \tab the generated data \cr
| ^
checkRd: (-1) generateData.Rd:53: Lost braces
53 | Refer to \bold{\emph{code{\link{retrieveDataFactory}}}} and to
| ^
checkRd: (-1) qualifyFunctionArguments.Rd:14: Lost braces
14 | A emph{\code{list}} with following names
| ^
checkRd: (-1) qualifyFunctionArguments.Rd:26: Lost braces
26 | \item{code{arguments}}{a \code{pairList} of argument names and values.
| ^
Flavors: r-devel-linux-x86_64-debian-clang, r-devel-linux-x86_64-debian-gcc, r-devel-linux-x86_64-fedora-clang, r-devel-linux-x86_64-fedora-gcc, r-devel-windows-x86_64, r-patched-linux-x86_64, r-release-linux-x86_64, r-release-macos-arm64, r-release-macos-x86_64, r-release-windows-x86_64
These binaries (installable software) and packages are in development.
They may not be fully stable and should be used with caution. We make no claims about them.
Health stats visible at Monitor.