CRAN Package Check Results for Package wyz.code.metaTesting

Last updated on 2025-05-15 09:52:47 CEST.

Flavor Version Tinstall Tcheck Ttotal Status Flags
r-devel-linux-x86_64-debian-clang 1.1.22 6.60 56.76 63.36 NOTE
r-devel-linux-x86_64-debian-gcc 1.1.22 4.54 41.19 45.73 NOTE
r-devel-linux-x86_64-fedora-clang 1.1.22 101.60 NOTE
r-devel-linux-x86_64-fedora-gcc 1.1.22 104.63 NOTE
r-devel-windows-x86_64 1.1.22 8.00 78.00 86.00 NOTE
r-patched-linux-x86_64 1.1.22 6.44 53.28 59.72 NOTE
r-release-linux-x86_64 1.1.22 5.85 53.22 59.07 NOTE
r-release-macos-arm64 1.1.22 38.00 NOTE
r-release-macos-x86_64 1.1.22 67.00 NOTE
r-release-windows-x86_64 1.1.22 8.00 80.00 88.00 NOTE
r-oldrel-macos-arm64 1.1.22 38.00 NOTE
r-oldrel-macos-x86_64 1.1.22 53.00 NOTE
r-oldrel-windows-x86_64 1.1.22 10.00 92.00 102.00 NOTE

Check Details

Version: 1.1.22
Check: CRAN incoming feasibility
Result: NOTE Maintainer: ‘Fabien Gelineau <neonira@gmail.com>’ No Authors@R field in DESCRIPTION. Please add one, modifying Authors@R: person(given = "Fabien", family = "Gelineau", role = c("aut", "cre"), email = "neonira@gmail.com") as necessary. Flavors: r-devel-linux-x86_64-debian-clang, r-devel-linux-x86_64-debian-gcc

Version: 1.1.22
Check: Rd files
Result: NOTE checkRd: (-1) exploreSignatures.Rd:47: Lost braces in \itemize; \value handles \item{}{} directly checkRd: (-1) exploreSignatures.Rd:48: Lost braces in \itemize; \value handles \item{}{} directly checkRd: (-1) exploreSignatures.Rd:49-50: Lost braces in \itemize; \value handles \item{}{} directly checkRd: (-1) exploreSignatures.Rd:56: Lost braces in \itemize; \value handles \item{}{} directly checkRd: (-1) exploreSignatures.Rd:57: Lost braces in \itemize; \value handles \item{}{} directly checkRd: (-1) exploreSignatures.Rd:58-59: Lost braces in \itemize; \value handles \item{}{} directly checkRd: (-1) exploreSignatures.Rd:65-66: Lost braces in \itemize; \value handles \item{}{} directly checkRd: (-1) exploreSignatures.Rd:67-69: Lost braces in \itemize; \value handles \item{}{} directly checkRd: (-1) generateData.Rd:47: Lost braces 47 | \bold{code{data}} \tab the generated data \cr | ^ checkRd: (-1) generateData.Rd:53: Lost braces 53 | Refer to \bold{\emph{code{\link{retrieveDataFactory}}}} and to | ^ checkRd: (-1) qualifyFunctionArguments.Rd:14: Lost braces 14 | A emph{\code{list}} with following names | ^ checkRd: (-1) qualifyFunctionArguments.Rd:26: Lost braces 26 | \item{code{arguments}}{a \code{pairList} of argument names and values. | ^ Flavors: r-devel-linux-x86_64-debian-clang, r-devel-linux-x86_64-debian-gcc, r-devel-linux-x86_64-fedora-clang, r-devel-linux-x86_64-fedora-gcc, r-devel-windows-x86_64, r-patched-linux-x86_64, r-release-linux-x86_64, r-release-macos-arm64, r-release-macos-x86_64, r-release-windows-x86_64, r-oldrel-macos-arm64, r-oldrel-macos-x86_64, r-oldrel-windows-x86_64

These binaries (installable software) and packages are in development.
They may not be fully stable and should be used with caution. We make no claims about them.
Health stats visible at Monitor.