Last updated on 2025-02-23 15:50:02 CET.
Flavor | Version | Tinstall | Tcheck | Ttotal | Status | Flags |
---|---|---|---|---|---|---|
r-devel-linux-x86_64-debian-clang | 1.4.2 | 12.16 | 178.37 | 190.53 | OK | |
r-devel-linux-x86_64-debian-gcc | 1.4.2 | 7.91 | 95.37 | 103.28 | ERROR | |
r-devel-linux-x86_64-fedora-clang | 1.4.2 | 211.85 | ERROR | |||
r-devel-linux-x86_64-fedora-gcc | 1.4.2 | 224.83 | ERROR | |||
r-devel-macos-arm64 | 1.4.2 | 97.00 | OK | |||
r-devel-macos-x86_64 | 1.4.2 | 210.00 | OK | |||
r-devel-windows-x86_64 | 1.4.2 | 13.00 | 194.00 | 207.00 | OK | |
r-patched-linux-x86_64 | 1.4.2 | 9.95 | 164.30 | 174.25 | OK | |
r-release-linux-x86_64 | 1.4.2 | 10.83 | 128.84 | 139.67 | ERROR | |
r-release-macos-arm64 | 1.4.2 | 108.00 | OK | |||
r-release-macos-x86_64 | 1.4.2 | 157.00 | OK | |||
r-release-windows-x86_64 | 1.4.2 | 12.00 | 193.00 | 205.00 | OK | |
r-oldrel-macos-arm64 | 1.4.2 | 106.00 | OK | |||
r-oldrel-macos-x86_64 | 1.4.2 | 162.00 | OK | |||
r-oldrel-windows-x86_64 | 1.4.2 | 16.00 | 252.00 | 268.00 | OK |
Version: 1.4.2
Check: re-building of vignette outputs
Result: ERROR
Error(s) in re-building vignettes:
...
--- re-building ‘Vignette_BlacksburgVA.Rmd’ using rmarkdown
** Processing: /home/hornik/tmp/R.check/r-devel-gcc/Work/PKGS/wxgenR.Rcheck/vign_test/wxgenR/vignettes/Vignette_BlacksburgVA_files/figure-html/unnamed-chunk-9-1.png
768x768 pixels, 3x8 bits/pixel, RGB
Input IDAT size = 226885 bytes
Input file size = 227287 bytes
Trying:
zc = 9 zm = 8 zs = 0 f = 0
zc = 9 zm = 8 zs = 1 f = 0
zc = 1 zm = 8 zs = 2 f = 0
zc = 9 zm = 8 zs = 3 f = 0
zc = 9 zm = 8 zs = 0 f = 5 IDAT size = 219470
zc = 9 zm = 8 zs = 1 f = 5
zc = 1 zm = 8 zs = 2 f = 5
zc = 9 zm = 8 zs = 3 f = 5
Selecting parameters:
zc = 9 zm = 8 zs = 0 f = 5 IDAT size = 219470
Output IDAT size = 219470 bytes (7415 bytes decrease)
Output file size = 219548 bytes (7739 bytes = 3.40% decrease)
** Processing: /home/hornik/tmp/R.check/r-devel-gcc/Work/PKGS/wxgenR.Rcheck/vign_test/wxgenR/vignettes/Vignette_BlacksburgVA_files/figure-html/unnamed-chunk-10-1.png
768x768 pixels, 3x8 bits/pixel, RGB
Input IDAT size = 237414 bytes
Input file size = 237828 bytes
Trying:
zc = 9 zm = 8 zs = 0 f = 0
zc = 9 zm = 8 zs = 1 f = 0
zc = 1 zm = 8 zs = 2 f = 0
zc = 9 zm = 8 zs = 3 f = 0
zc = 9 zm = 8 zs = 0 f = 5 IDAT size = 231658
zc = 9 zm = 8 zs = 1 f = 5
zc = 1 zm = 8 zs = 2 f = 5
zc = 9 zm = 8 zs = 3 f = 5
Selecting parameters:
zc = 9 zm = 8 zs = 0 f = 5 IDAT size = 231658
Output IDAT size = 231658 bytes (5756 bytes decrease)
Output file size = 231736 bytes (6092 bytes = 2.56% decrease)
** Processing: /home/hornik/tmp/R.check/r-devel-gcc/Work/PKGS/wxgenR.Rcheck/vign_test/wxgenR/vignettes/Vignette_BlacksburgVA_files/figure-html/unnamed-chunk-12-1.png
768x768 pixels, 3x8 bits/pixel, RGB
Input IDAT size = 99000 bytes
Input file size = 99222 bytes
Trying:
zc = 9 zm = 8 zs = 0 f = 0 IDAT size = 82786
zc = 9 zm = 8 zs = 1 f = 0
zc = 1 zm = 8 zs = 2 f = 0
zc = 9 zm = 8 zs = 3 f = 0
zc = 9 zm = 8 zs = 0 f = 5
zc = 9 zm = 8 zs = 1 f = 5
zc = 1 zm = 8 zs = 2 f = 5
zc = 9 zm = 8 zs = 3 f = 5
Selecting parameters:
zc = 9 zm = 8 zs = 0 f = 0 IDAT size = 82786
Output IDAT size = 82786 bytes (16214 bytes decrease)
Output file size = 82864 bytes (16358 bytes = 16.49% decrease)
** Processing: /home/hornik/tmp/R.check/r-devel-gcc/Work/PKGS/wxgenR.Rcheck/vign_test/wxgenR/vignettes/Vignette_BlacksburgVA_files/figure-html/unnamed-chunk-13-1.png
768x768 pixels, 3x8 bits/pixel, RGB
Input IDAT size = 90268 bytes
Input file size = 90478 bytes
Trying:
zc = 9 zm = 8 zs = 0 f = 0 IDAT size = 73896
zc = 9 zm = 8 zs = 1 f = 0
zc = 1 zm = 8 zs = 2 f = 0
zc = 9 zm = 8 zs = 3 f = 0
zc = 9 zm = 8 zs = 0 f = 5
zc = 9 zm = 8 zs = 1 f = 5
zc = 1 zm = 8 zs = 2 f = 5
zc = 9 zm = 8 zs = 3 f = 5
Selecting parameters:
zc = 9 zm = 8 zs = 0 f = 0 IDAT size = 73896
Output IDAT size = 73896 bytes (16372 bytes decrease)
Output file size = 73974 bytes (16504 bytes = 18.24% decrease)
--- finished re-building ‘Vignette_BlacksburgVA.Rmd’
--- re-building ‘Vignette_LowerSantaCruzRiverBasinAZ.Rmd’ using rmarkdown
Quitting from lines 198-201 [unnamed-chunk-6] (Vignette_LowerSantaCruzRiverBasinAZ.Rmd)
Error: processing vignette 'Vignette_LowerSantaCruzRiverBasinAZ.Rmd' failed with diagnostics:
The melt generic in data.table has been passed a data.frame and will attempt to redirect to the relevant reshape2 method; please note that reshape2 is superseded and is no longer actively developed, and this redirection is now deprecated. To continue using melt methods from reshape2 while both packages are attached, e.g. melt.list, you can prepend the namespace, i.e. reshape2::melt(.). In the next version, this warning will become an error.
--- failed re-building ‘Vignette_LowerSantaCruzRiverBasinAZ.Rmd’
SUMMARY: processing the following file failed:
‘Vignette_LowerSantaCruzRiverBasinAZ.Rmd’
Error: Vignette re-building failed.
Execution halted
Flavor: r-devel-linux-x86_64-debian-gcc
Version: 1.4.2
Check: re-building of vignette outputs
Result: ERROR
Error(s) in re-building vignettes:
--- re-building ‘Vignette_BlacksburgVA.Rmd’ using rmarkdown
** Processing: /data/gannet/ripley/R/packages/tests-clang/wxgenR.Rcheck/vign_test/wxgenR/vignettes/Vignette_BlacksburgVA_files/figure-html/unnamed-chunk-9-1.png
768x768 pixels, 3x8 bits/pixel, RGB
Input IDAT size = 213890 bytes
Input file size = 214280 bytes
Trying:
zc = 9 zm = 8 zs = 0 f = 0
zc = 9 zm = 8 zs = 1 f = 0
zc = 1 zm = 8 zs = 2 f = 0
zc = 9 zm = 8 zs = 3 f = 0
zc = 9 zm = 8 zs = 0 f = 5 IDAT size = 203351
zc = 9 zm = 8 zs = 1 f = 5
zc = 1 zm = 8 zs = 2 f = 5
zc = 9 zm = 8 zs = 3 f = 5
Selecting parameters:
zc = 9 zm = 8 zs = 0 f = 5 IDAT size = 203351
Output IDAT size = 203351 bytes (10539 bytes decrease)
Output file size = 203429 bytes (10851 bytes = 5.06% decrease)
** Processing: /data/gannet/ripley/R/packages/tests-clang/wxgenR.Rcheck/vign_test/wxgenR/vignettes/Vignette_BlacksburgVA_files/figure-html/unnamed-chunk-10-1.png
768x768 pixels, 3x8 bits/pixel, RGB
Input IDAT size = 235973 bytes
Input file size = 236387 bytes
Trying:
zc = 9 zm = 8 zs = 0 f = 0
zc = 9 zm = 8 zs = 1 f = 0
zc = 1 zm = 8 zs = 2 f = 0
zc = 9 zm = 8 zs = 3 f = 0
zc = 9 zm = 8 zs = 0 f = 5 IDAT size = 226320
zc = 9 zm = 8 zs = 1 f = 5
zc = 1 zm = 8 zs = 2 f = 5
zc = 9 zm = 8 zs = 3 f = 5
Selecting parameters:
zc = 9 zm = 8 zs = 0 f = 5 IDAT size = 226320
Output IDAT size = 226320 bytes (9653 bytes decrease)
Output file size = 226398 bytes (9989 bytes = 4.23% decrease)
** Processing: /data/gannet/ripley/R/packages/tests-clang/wxgenR.Rcheck/vign_test/wxgenR/vignettes/Vignette_BlacksburgVA_files/figure-html/unnamed-chunk-12-1.png
768x768 pixels, 3x8 bits/pixel, RGB
Input IDAT size = 97470 bytes
Input file size = 97680 bytes
Trying:
zc = 9 zm = 8 zs = 0 f = 0 IDAT size = 77795
zc = 9 zm = 8 zs = 1 f = 0
zc = 1 zm = 8 zs = 2 f = 0
zc = 9 zm = 8 zs = 3 f = 0
zc = 9 zm = 8 zs = 0 f = 5
zc = 9 zm = 8 zs = 1 f = 5
zc = 1 zm = 8 zs = 2 f = 5
zc = 9 zm = 8 zs = 3 f = 5
Selecting parameters:
zc = 9 zm = 8 zs = 0 f = 0 IDAT size = 77795
Output IDAT size = 77795 bytes (19675 bytes decrease)
Output file size = 77873 bytes (19807 bytes = 20.28% decrease)
** Processing: /data/gannet/ripley/R/packages/tests-clang/wxgenR.Rcheck/vign_test/wxgenR/vignettes/Vignette_BlacksburgVA_files/figure-html/unnamed-chunk-13-1.png
768x768 pixels, 3x8 bits/pixel, RGB
Input IDAT size = 89659 bytes
Input file size = 89857 bytes
Trying:
zc = 9 zm = 8 zs = 0 f = 0 IDAT size = 71030
zc = 9 zm = 8 zs = 1 f = 0
zc = 1 zm = 8 zs = 2 f = 0
zc = 9 zm = 8 zs = 3 f = 0
zc = 9 zm = 8 zs = 0 f = 5
zc = 9 zm = 8 zs = 1 f = 5
zc = 1 zm = 8 zs = 2 f = 5
zc = 9 zm = 8 zs = 3 f = 5
Selecting parameters:
zc = 9 zm = 8 zs = 0 f = 0 IDAT size = 71030
Output IDAT size = 71030 bytes (18629 bytes decrease)
Output file size = 71108 bytes (18749 bytes = 20.87% decrease)
--- finished re-building ‘Vignette_BlacksburgVA.Rmd’
--- re-building ‘Vignette_LowerSantaCruzRiverBasinAZ.Rmd’ using rmarkdown
Quitting from lines 198-201 [unnamed-chunk-6] (Vignette_LowerSantaCruzRiverBasinAZ.Rmd)
Error: processing vignette 'Vignette_LowerSantaCruzRiverBasinAZ.Rmd' failed with diagnostics:
The melt generic in data.table has been passed a data.frame and will attempt to redirect to the relevant reshape2 method; please note that reshape2 is superseded and is no longer actively developed, and this redirection is now deprecated. To continue using melt methods from reshape2 while both packages are attached, e.g. melt.list, you can prepend the namespace, i.e. reshape2::melt(.). In the next version, this warning will become an error.
--- failed re-building ‘Vignette_LowerSantaCruzRiverBasinAZ.Rmd’
SUMMARY: processing the following file failed:
‘Vignette_LowerSantaCruzRiverBasinAZ.Rmd’
Error: Vignette re-building failed.
Execution halted
Flavor: r-devel-linux-x86_64-fedora-clang
Version: 1.4.2
Check: re-building of vignette outputs
Result: ERROR
Error(s) in re-building vignettes:
--- re-building ‘Vignette_BlacksburgVA.Rmd’ using rmarkdown
** Processing: /data/gannet/ripley/R/packages/tests-devel/wxgenR.Rcheck/vign_test/wxgenR/vignettes/Vignette_BlacksburgVA_files/figure-html/unnamed-chunk-9-1.png
768x768 pixels, 3x8 bits/pixel, RGB
Input IDAT size = 187088 bytes
Input file size = 187430 bytes
Trying:
zc = 9 zm = 8 zs = 0 f = 0
zc = 9 zm = 8 zs = 1 f = 0
zc = 1 zm = 8 zs = 2 f = 0
zc = 9 zm = 8 zs = 3 f = 0
zc = 9 zm = 8 zs = 0 f = 5 IDAT size = 177567
zc = 9 zm = 8 zs = 1 f = 5
zc = 1 zm = 8 zs = 2 f = 5
zc = 9 zm = 8 zs = 3 f = 5
Selecting parameters:
zc = 9 zm = 8 zs = 0 f = 5 IDAT size = 177567
Output IDAT size = 177567 bytes (9521 bytes decrease)
Output file size = 177645 bytes (9785 bytes = 5.22% decrease)
** Processing: /data/gannet/ripley/R/packages/tests-devel/wxgenR.Rcheck/vign_test/wxgenR/vignettes/Vignette_BlacksburgVA_files/figure-html/unnamed-chunk-10-1.png
768x768 pixels, 3x8 bits/pixel, RGB
Input IDAT size = 235973 bytes
Input file size = 236387 bytes
Trying:
zc = 9 zm = 8 zs = 0 f = 0
zc = 9 zm = 8 zs = 1 f = 0
zc = 1 zm = 8 zs = 2 f = 0
zc = 9 zm = 8 zs = 3 f = 0
zc = 9 zm = 8 zs = 0 f = 5 IDAT size = 226320
zc = 9 zm = 8 zs = 1 f = 5
zc = 1 zm = 8 zs = 2 f = 5
zc = 9 zm = 8 zs = 3 f = 5
Selecting parameters:
zc = 9 zm = 8 zs = 0 f = 5 IDAT size = 226320
Output IDAT size = 226320 bytes (9653 bytes decrease)
Output file size = 226398 bytes (9989 bytes = 4.23% decrease)
** Processing: /data/gannet/ripley/R/packages/tests-devel/wxgenR.Rcheck/vign_test/wxgenR/vignettes/Vignette_BlacksburgVA_files/figure-html/unnamed-chunk-12-1.png
768x768 pixels, 3x8 bits/pixel, RGB
Input IDAT size = 96398 bytes
Input file size = 96608 bytes
Trying:
zc = 9 zm = 8 zs = 0 f = 0 IDAT size = 76067
zc = 9 zm = 8 zs = 1 f = 0
zc = 1 zm = 8 zs = 2 f = 0
zc = 9 zm = 8 zs = 3 f = 0
zc = 9 zm = 8 zs = 0 f = 5
zc = 9 zm = 8 zs = 1 f = 5
zc = 1 zm = 8 zs = 2 f = 5
zc = 9 zm = 8 zs = 3 f = 5
Selecting parameters:
zc = 9 zm = 8 zs = 0 f = 0 IDAT size = 76067
Output IDAT size = 76067 bytes (20331 bytes decrease)
Output file size = 76145 bytes (20463 bytes = 21.18% decrease)
** Processing: /data/gannet/ripley/R/packages/tests-devel/wxgenR.Rcheck/vign_test/wxgenR/vignettes/Vignette_BlacksburgVA_files/figure-html/unnamed-chunk-13-1.png
768x768 pixels, 3x8 bits/pixel, RGB
Input IDAT size = 89659 bytes
Input file size = 89857 bytes
Trying:
zc = 9 zm = 8 zs = 0 f = 0 IDAT size = 71030
zc = 9 zm = 8 zs = 1 f = 0
zc = 1 zm = 8 zs = 2 f = 0
zc = 9 zm = 8 zs = 3 f = 0
zc = 9 zm = 8 zs = 0 f = 5
zc = 9 zm = 8 zs = 1 f = 5
zc = 1 zm = 8 zs = 2 f = 5
zc = 9 zm = 8 zs = 3 f = 5
Selecting parameters:
zc = 9 zm = 8 zs = 0 f = 0 IDAT size = 71030
Output IDAT size = 71030 bytes (18629 bytes decrease)
Output file size = 71108 bytes (18749 bytes = 20.87% decrease)
--- finished re-building ‘Vignette_BlacksburgVA.Rmd’
--- re-building ‘Vignette_LowerSantaCruzRiverBasinAZ.Rmd’ using rmarkdown
Quitting from lines 198-201 [unnamed-chunk-6] (Vignette_LowerSantaCruzRiverBasinAZ.Rmd)
Error: processing vignette 'Vignette_LowerSantaCruzRiverBasinAZ.Rmd' failed with diagnostics:
The melt generic in data.table has been passed a data.frame and will attempt to redirect to the relevant reshape2 method; please note that reshape2 is superseded and is no longer actively developed, and this redirection is now deprecated. To continue using melt methods from reshape2 while both packages are attached, e.g. melt.list, you can prepend the namespace, i.e. reshape2::melt(.). In the next version, this warning will become an error.
--- failed re-building ‘Vignette_LowerSantaCruzRiverBasinAZ.Rmd’
SUMMARY: processing the following file failed:
‘Vignette_LowerSantaCruzRiverBasinAZ.Rmd’
Error: Vignette re-building failed.
Execution halted
Flavor: r-devel-linux-x86_64-fedora-gcc
Version: 1.4.2
Check: re-building of vignette outputs
Result: ERROR
Error(s) in re-building vignettes:
...
--- re-building ‘Vignette_BlacksburgVA.Rmd’ using rmarkdown
** Processing: /home/hornik/tmp/R.check/r-release-gcc/Work/PKGS/wxgenR.Rcheck/vign_test/wxgenR/vignettes/Vignette_BlacksburgVA_files/figure-html/unnamed-chunk-9-1.png
768x768 pixels, 3x8 bits/pixel, RGB
Input IDAT size = 200471 bytes
Input file size = 200837 bytes
Trying:
zc = 9 zm = 8 zs = 0 f = 0
zc = 9 zm = 8 zs = 1 f = 0
zc = 1 zm = 8 zs = 2 f = 0
zc = 9 zm = 8 zs = 3 f = 0
zc = 9 zm = 8 zs = 0 f = 5 IDAT size = 194635
zc = 9 zm = 8 zs = 1 f = 5
zc = 1 zm = 8 zs = 2 f = 5
zc = 9 zm = 8 zs = 3 f = 5
Selecting parameters:
zc = 9 zm = 8 zs = 0 f = 5 IDAT size = 194635
Output IDAT size = 194635 bytes (5836 bytes decrease)
Output file size = 194713 bytes (6124 bytes = 3.05% decrease)
** Processing: /home/hornik/tmp/R.check/r-release-gcc/Work/PKGS/wxgenR.Rcheck/vign_test/wxgenR/vignettes/Vignette_BlacksburgVA_files/figure-html/unnamed-chunk-10-1.png
768x768 pixels, 3x8 bits/pixel, RGB
Input IDAT size = 237414 bytes
Input file size = 237828 bytes
Trying:
zc = 9 zm = 8 zs = 0 f = 0
zc = 9 zm = 8 zs = 1 f = 0
zc = 1 zm = 8 zs = 2 f = 0
zc = 9 zm = 8 zs = 3 f = 0
zc = 9 zm = 8 zs = 0 f = 5 IDAT size = 231658
zc = 9 zm = 8 zs = 1 f = 5
zc = 1 zm = 8 zs = 2 f = 5
zc = 9 zm = 8 zs = 3 f = 5
Selecting parameters:
zc = 9 zm = 8 zs = 0 f = 5 IDAT size = 231658
Output IDAT size = 231658 bytes (5756 bytes decrease)
Output file size = 231736 bytes (6092 bytes = 2.56% decrease)
** Processing: /home/hornik/tmp/R.check/r-release-gcc/Work/PKGS/wxgenR.Rcheck/vign_test/wxgenR/vignettes/Vignette_BlacksburgVA_files/figure-html/unnamed-chunk-12-1.png
768x768 pixels, 3x8 bits/pixel, RGB
Input IDAT size = 97071 bytes
Input file size = 97281 bytes
Trying:
zc = 9 zm = 8 zs = 0 f = 0 IDAT size = 79633
zc = 9 zm = 8 zs = 1 f = 0
zc = 1 zm = 8 zs = 2 f = 0
zc = 9 zm = 8 zs = 3 f = 0
zc = 9 zm = 8 zs = 0 f = 5
zc = 9 zm = 8 zs = 1 f = 5
zc = 1 zm = 8 zs = 2 f = 5
zc = 9 zm = 8 zs = 3 f = 5
Selecting parameters:
zc = 9 zm = 8 zs = 0 f = 0 IDAT size = 79633
Output IDAT size = 79633 bytes (17438 bytes decrease)
Output file size = 79711 bytes (17570 bytes = 18.06% decrease)
** Processing: /home/hornik/tmp/R.check/r-release-gcc/Work/PKGS/wxgenR.Rcheck/vign_test/wxgenR/vignettes/Vignette_BlacksburgVA_files/figure-html/unnamed-chunk-13-1.png
768x768 pixels, 3x8 bits/pixel, RGB
Input IDAT size = 90268 bytes
Input file size = 90478 bytes
Trying:
zc = 9 zm = 8 zs = 0 f = 0 IDAT size = 73896
zc = 9 zm = 8 zs = 1 f = 0
zc = 1 zm = 8 zs = 2 f = 0
zc = 9 zm = 8 zs = 3 f = 0
zc = 9 zm = 8 zs = 0 f = 5
zc = 9 zm = 8 zs = 1 f = 5
zc = 1 zm = 8 zs = 2 f = 5
zc = 9 zm = 8 zs = 3 f = 5
Selecting parameters:
zc = 9 zm = 8 zs = 0 f = 0 IDAT size = 73896
Output IDAT size = 73896 bytes (16372 bytes decrease)
Output file size = 73974 bytes (16504 bytes = 18.24% decrease)
--- finished re-building ‘Vignette_BlacksburgVA.Rmd’
--- re-building ‘Vignette_LowerSantaCruzRiverBasinAZ.Rmd’ using rmarkdown
Quitting from lines 198-201 [unnamed-chunk-6] (Vignette_LowerSantaCruzRiverBasinAZ.Rmd)
Error: processing vignette 'Vignette_LowerSantaCruzRiverBasinAZ.Rmd' failed with diagnostics:
The melt generic in data.table has been passed a data.frame and will attempt to redirect to the relevant reshape2 method; please note that reshape2 is superseded and is no longer actively developed, and this redirection is now deprecated. To continue using melt methods from reshape2 while both packages are attached, e.g. melt.list, you can prepend the namespace, i.e. reshape2::melt(.). In the next version, this warning will become an error.
--- failed re-building ‘Vignette_LowerSantaCruzRiverBasinAZ.Rmd’
SUMMARY: processing the following file failed:
‘Vignette_LowerSantaCruzRiverBasinAZ.Rmd’
Error: Vignette re-building failed.
Execution halted
Flavor: r-release-linux-x86_64
These binaries (installable software) and packages are in development.
They may not be fully stable and should be used with caution. We make no claims about them.
Health stats visible at Monitor.