Last updated on 2025-10-09 20:04:26 CEST.
Flavor | Version | Tinstall | Tcheck | Ttotal | Status | Flags |
---|---|---|---|---|---|---|
r-devel-linux-x86_64-debian-clang | 0.1.2 | 118.32 | 68.04 | 186.36 | WARN | |
r-devel-linux-x86_64-debian-gcc | 0.1.3 | 71.17 | 47.83 | 119.00 | OK | |
r-devel-linux-x86_64-fedora-clang | 0.1.3 | 376.07 | OK | |||
r-devel-linux-x86_64-fedora-gcc | 0.1.3 | 312.32 | OK | |||
r-devel-windows-x86_64 | 0.1.3 | 97.00 | 103.00 | 200.00 | OK | |
r-patched-linux-x86_64 | 0.1.2 | 106.49 | 62.97 | 169.46 | WARN | |
r-release-linux-x86_64 | 0.1.2 | 98.69 | 62.27 | 160.96 | WARN | |
r-release-macos-arm64 | 0.1.3 | 72.00 | OK | |||
r-release-macos-x86_64 | 0.1.3 | 104.00 | OK | |||
r-release-windows-x86_64 | 0.1.2 | 125.00 | 108.00 | 233.00 | WARN | |
r-oldrel-macos-arm64 | 0.1.3 | 78.00 | NOTE | |||
r-oldrel-macos-x86_64 | 0.1.3 | 100.00 | NOTE | |||
r-oldrel-windows-x86_64 | 0.1.2 | 156.00 | 132.00 | 288.00 | WARN |
Version: 0.1.2
Check: CRAN incoming feasibility
Result: NOTE
Maintainer: ‘Stéphane Guerrier <stef.guerrier@gmail.com>’
The Description field contains
Guerrier, S. & Molinari, R. (2016) <arXiv:1607.05858>.
Please refer to arXiv e-prints via their arXiv DOI <doi:10.48550/arXiv.YYMM.NNNNN>.
Flavor: r-devel-linux-x86_64-debian-clang
Version: 0.1.2
Check: whether package can be installed
Result: WARN
Found the following significant warnings:
rtoarmadillo.cpp:541:20: warning: 'is_finite<double>' is deprecated: change arma::is_finite(val) to std::isfinite(val) [-Wdeprecated-declarations]
rtoarmadillo.cpp:542:20: warning: 'is_finite<double>' is deprecated: change arma::is_finite(val) to std::isfinite(val) [-Wdeprecated-declarations]
See ‘/home/hornik/tmp/R.check/r-devel-clang/Work/PKGS/wv.Rcheck/00install.out’ for details.
* used C++ compiler: ‘Debian clang version 19.1.7 (7)’
Flavor: r-devel-linux-x86_64-debian-clang
Version: 0.1.2
Check: Rd files
Result: NOTE
checkRd: (-1) batch_modwt_wvar_cpp.Rd:36: Lost braces in \itemize; \value handles \item{}{} directly
checkRd: (-1) batch_modwt_wvar_cpp.Rd:37: Lost braces in \itemize; \value handles \item{}{} directly
checkRd: (-1) batch_modwt_wvar_cpp.Rd:38: Lost braces in \itemize; \value handles \item{}{} directly
checkRd: (-1) ci_eta3.Rd:19: Lost braces in \itemize; \value handles \item{}{} directly
checkRd: (-1) ci_eta3.Rd:20: Lost braces in \itemize; \value handles \item{}{} directly
checkRd: (-1) ci_eta3.Rd:21: Lost braces in \itemize; \value handles \item{}{} directly
checkRd: (-1) ci_eta3_robust.Rd:21: Lost braces in \itemize; \value handles \item{}{} directly
checkRd: (-1) ci_eta3_robust.Rd:22: Lost braces in \itemize; \value handles \item{}{} directly
checkRd: (-1) ci_eta3_robust.Rd:23: Lost braces in \itemize; \value handles \item{}{} directly
checkRd: (-1) ci_wave_variance.Rd:32: Lost braces in \itemize; \value handles \item{}{} directly
checkRd: (-1) ci_wave_variance.Rd:33: Lost braces in \itemize; \value handles \item{}{} directly
checkRd: (-1) ci_wave_variance.Rd:34: Lost braces in \itemize; \value handles \item{}{} directly
checkRd: (-1) modwt_wvar_cpp.Rd:36: Lost braces in \itemize; \value handles \item{}{} directly
checkRd: (-1) modwt_wvar_cpp.Rd:37: Lost braces in \itemize; \value handles \item{}{} directly
checkRd: (-1) modwt_wvar_cpp.Rd:38: Lost braces in \itemize; \value handles \item{}{} directly
checkRd: (-1) wvar_cpp.Rd:23: Lost braces in \itemize; \value handles \item{}{} directly
checkRd: (-1) wvar_cpp.Rd:24: Lost braces in \itemize; \value handles \item{}{} directly
checkRd: (-1) wvar_cpp.Rd:25: Lost braces in \itemize; \value handles \item{}{} directly
Flavors: r-devel-linux-x86_64-debian-clang, r-patched-linux-x86_64, r-release-linux-x86_64, r-release-windows-x86_64, r-oldrel-windows-x86_64
Version: 0.1.2
Check: whether package can be installed
Result: WARN
Found the following significant warnings:
rtoarmadillo.cpp:541:29: warning: ‘bool arma::is_finite(eT, const typename arma_scalar_only<eT>::result*) [with eT = double; typename arma_scalar_only<eT>::result = double]’ is deprecated: change arma::is_finite(val) to std::isfinite(val) [-Wdeprecated-declarations]
rtoarmadillo.cpp:542:29: warning: ‘bool arma::is_finite(eT, const typename arma_scalar_only<eT>::result*) [with eT = double; typename arma_scalar_only<eT>::result = double]’ is deprecated: change arma::is_finite(val) to std::isfinite(val) [-Wdeprecated-declarations]
See ‘/home/hornik/tmp/R.check/r-patched-gcc/Work/PKGS/wv.Rcheck/00install.out’ for details.
* used C++ compiler: ‘g++-14 (Debian 14.3.0-8) 14.3.0’
Flavor: r-patched-linux-x86_64
Version: 0.1.2
Check: whether package can be installed
Result: WARN
Found the following significant warnings:
rtoarmadillo.cpp:541:29: warning: ‘bool arma::is_finite(eT, const typename arma_scalar_only<eT>::result*) [with eT = double; typename arma_scalar_only<eT>::result = double]’ is deprecated: change arma::is_finite(val) to std::isfinite(val) [-Wdeprecated-declarations]
rtoarmadillo.cpp:542:29: warning: ‘bool arma::is_finite(eT, const typename arma_scalar_only<eT>::result*) [with eT = double; typename arma_scalar_only<eT>::result = double]’ is deprecated: change arma::is_finite(val) to std::isfinite(val) [-Wdeprecated-declarations]
See ‘/home/hornik/tmp/R.check/r-release-gcc/Work/PKGS/wv.Rcheck/00install.out’ for details.
* used C++ compiler: ‘g++-14 (Debian 14.3.0-8) 14.3.0’
Flavor: r-release-linux-x86_64
Version: 0.1.2
Check: whether package can be installed
Result: WARN
Found the following significant warnings:
rtoarmadillo.cpp:541:29: warning: 'bool arma::is_finite(eT, const typename arma_scalar_only<eT>::result*) [with eT = double; typename arma_scalar_only<eT>::result = double]' is deprecated: change arma::is_finite(val) to std::isfinite(val) [-Wdeprecated-declarations]
rtoarmadillo.cpp:542:29: warning: 'bool arma::is_finite(eT, const typename arma_scalar_only<eT>::result*) [with eT = double; typename arma_scalar_only<eT>::result = double]' is deprecated: change arma::is_finite(val) to std::isfinite(val) [-Wdeprecated-declarations]
See 'd:/Rcompile/CRANpkg/local/4.5/wv.Rcheck/00install.out' for details.
* used C++ compiler: 'g++.exe (GCC) 14.2.0'
Flavor: r-release-windows-x86_64
Version: 0.1.3
Check: installed package size
Result: NOTE
installed size is 7.5Mb
sub-directories of 1Mb or more:
libs 6.6Mb
Flavors: r-oldrel-macos-arm64, r-oldrel-macos-x86_64
Version: 0.1.2
Check: whether package can be installed
Result: WARN
Found the following significant warnings:
rtoarmadillo.cpp:541:29: warning: 'bool arma::is_finite(eT, const typename arma_scalar_only<eT>::result*) [with eT = double; typename arma_scalar_only<eT>::result = double]' is deprecated: change arma::is_finite(val) to std::isfinite(val) [-Wdeprecated-declarations]
rtoarmadillo.cpp:542:29: warning: 'bool arma::is_finite(eT, const typename arma_scalar_only<eT>::result*) [with eT = double; typename arma_scalar_only<eT>::result = double]' is deprecated: change arma::is_finite(val) to std::isfinite(val) [-Wdeprecated-declarations]
See 'd:/Rcompile/CRANpkg/local/4.4/wv.Rcheck/00install.out' for details.
* used C++ compiler: 'g++.exe (GCC) 13.3.0'
Flavor: r-oldrel-windows-x86_64
These binaries (installable software) and packages are in development.
They may not be fully stable and should be used with caution. We make no claims about them.
Health stats visible at Monitor.