Last updated on 2025-05-07 22:48:44 CEST.
Flavor | Version | Tinstall | Tcheck | Ttotal | Status | Flags |
---|---|---|---|---|---|---|
r-devel-linux-x86_64-debian-clang | 1.2-3 | 2.78 | 50.76 | 53.54 | NOTE | |
r-devel-linux-x86_64-debian-gcc | 1.2-3 | 2.19 | 40.16 | 42.35 | NOTE | |
r-devel-linux-x86_64-fedora-clang | 1.2-3 | 72.81 | OK | |||
r-devel-linux-x86_64-fedora-gcc | 1.2-3 | 69.10 | OK | |||
r-devel-windows-x86_64 | 1.2-3 | 5.00 | 75.00 | 80.00 | OK | |
r-patched-linux-x86_64 | 1.2-3 | 2.79 | 47.72 | 50.51 | OK | |
r-release-linux-x86_64 | 1.2-3 | 2.83 | 46.78 | 49.61 | OK | |
r-release-macos-arm64 | 1.2-3 | 33.00 | OK | |||
r-release-macos-x86_64 | 1.2-3 | 59.00 | OK | |||
r-release-windows-x86_64 | 1.2-3 | 6.00 | 75.00 | 81.00 | OK | |
r-oldrel-macos-arm64 | 1.2-3 | 36.00 | NOTE | |||
r-oldrel-macos-x86_64 | 1.2-3 | 45.00 | NOTE | |||
r-oldrel-windows-x86_64 | 1.2-3 | 7.00 | 82.00 | 89.00 | NOTE |
Version: 1.2-3
Check: CRAN incoming feasibility
Result: NOTE
Maintainer: ‘Hana Sevcikova <hanas@uw.edu>’
No Authors@R field in DESCRIPTION.
Please add one, modifying
Authors@R: c(person(given = c("United", "Nations", "Population"),
family = "Division",
role = "aut"),
person(given = "Hana",
family = "Sevcikova",
role = "cre",
email = "hanas@uw.edu"))
as necessary.
Flavors: r-devel-linux-x86_64-debian-clang, r-devel-linux-x86_64-debian-gcc
Version: 1.2-3
Check: installed package size
Result: NOTE
installed size is 11.5Mb
sub-directories of 1Mb or more:
data 11.4Mb
Flavors: r-oldrel-macos-arm64, r-oldrel-macos-x86_64, r-oldrel-windows-x86_64
These binaries (installable software) and packages are in development.
They may not be fully stable and should be used with caution. We make no claims about them.
Health stats visible at Monitor.