Last updated on 2025-02-23 15:50:02 CET.
Flavor | Version | Tinstall | Tcheck | Ttotal | Status | Flags |
---|---|---|---|---|---|---|
r-devel-linux-x86_64-debian-clang | 1.7.1 | 8.56 | 175.01 | 183.57 | NOTE | |
r-devel-linux-x86_64-debian-gcc | 1.7.1 | 5.37 | 110.74 | 116.11 | NOTE | |
r-devel-linux-x86_64-fedora-clang | 1.7.1 | 264.01 | OK | |||
r-devel-linux-x86_64-fedora-gcc | 1.7.1 | 274.01 | OK | |||
r-devel-macos-arm64 | 1.7.1 | 137.00 | OK | |||
r-devel-macos-x86_64 | 1.7.1 | 208.00 | OK | |||
r-devel-windows-x86_64 | 1.7.1 | 10.00 | 176.00 | 186.00 | NOTE | |
r-patched-linux-x86_64 | 1.7.1 | 12.94 | 167.52 | 180.46 | OK | |
r-release-linux-x86_64 | 1.7.1 | 7.05 | 167.93 | 174.98 | OK | |
r-release-macos-arm64 | 1.7.1 | 117.00 | OK | |||
r-release-macos-x86_64 | 1.7.1 | 175.00 | OK | |||
r-release-windows-x86_64 | 1.7.1 | 11.00 | 171.00 | 182.00 | OK | |
r-oldrel-macos-arm64 | 1.7.1 | 107.00 | OK | |||
r-oldrel-macos-x86_64 | 1.7.1 | 183.00 | OK | |||
r-oldrel-windows-x86_64 | 1.7.1 | 13.00 | 195.00 | 208.00 | OK |
Version: 1.7.1
Check: Rd cross-references
Result: NOTE
Found the following Rd file(s) with Rd \link{} targets missing package
anchors:
wflow_build.Rd: rmarkdown
wflow_git_commit.Rd: git2r
wflow_git_config.Rd: git2r
wflow_git_pull.Rd: git2r
wflow_git_push.Rd: git2r
wflow_post_knit.Rd: rmarkdown
wflow_pre_knit.Rd: rmarkdown
wflow_pre_processor.Rd: rmarkdown
wflow_remove.Rd: git2r
wflow_rename.Rd: git2r
wflow_start.Rd: git2r
wflow_status.Rd: git2r
Please provide package anchors for all Rd \link{} targets not in the
package itself and the base packages.
Flavors: r-devel-linux-x86_64-debian-clang, r-devel-linux-x86_64-debian-gcc, r-devel-windows-x86_64
These binaries (installable software) and packages are in development.
They may not be fully stable and should be used with caution. We make no claims about them.
Health stats visible at Monitor.