Last updated on 2024-05-02 13:50:21 CEST.
Flavor | Version | Tinstall | Tcheck | Ttotal | Status | Flags |
---|---|---|---|---|---|---|
r-devel-linux-x86_64-debian-clang | 3.0.0 | 2.50 | 55.45 | 57.95 | OK | |
r-devel-linux-x86_64-debian-gcc | 3.0.0 | 1.89 | 40.76 | 42.65 | OK | |
r-devel-linux-x86_64-fedora-clang | 3.0.0 | 75.40 | OK | |||
r-devel-linux-x86_64-fedora-gcc | 3.0.0 | 83.64 | OK | |||
r-devel-windows-x86_64 | 3.0.0 | 5.00 | 73.00 | 78.00 | OK | |
r-patched-linux-x86_64 | 3.0.0 | 2.83 | 51.50 | 54.33 | OK | |
r-release-linux-x86_64 | 3.0.0 | 2.58 | 52.69 | 55.27 | OK | |
r-release-macos-arm64 | 3.0.0 | 34.00 | ERROR | |||
r-release-macos-x86_64 | 3.0.0 | 13.00 | WARN | |||
r-release-windows-x86_64 | 3.0.0 | 6.00 | 73.00 | 79.00 | OK | |
r-oldrel-macos-arm64 | 3.0.0 | 59.00 | OK | |||
r-oldrel-macos-x86_64 | 3.0.0 | 136.00 | OK | |||
r-oldrel-windows-x86_64 | 3.0.0 | 6.00 | 78.00 | 84.00 | OK |
Version: 3.0.0
Check: tests
Result: ERROR
Running ‘testthat.R’ [5s/6s]
Running the tests in ‘tests/testthat.R’ failed.
Complete output:
> library(testthat)
> library(withr)
>
> test_check("withr")
[ FAIL 0 | WARN 3 | SKIP 5 | PASS 382 ]
══ Skipped tests (5) ═══════════════════════════════════════════════════════════
Error in base::nchar(wide_chars$test, type = "width") :
cannot open file '/Volumes/Builds/packages/big-sur-arm64/Rlib/4.4/cli/R/sysdata.rdb': No such file or directory
Calls: test_check ... unicode_pre -> setup_unicode_width_fix -> <Anonymous>
Execution halted
No deferred expressions to run
No deferred expressions to run
Flavor: r-release-macos-arm64
Version: 3.0.0
Check: package dependencies
Result: WARN
Skipping vignette re-building
Packages suggested but not available for checking:
'callr', 'covr', 'DBI', 'knitr', 'rlang', 'rmarkdown', 'RSQLite',
'testthat'
VignetteBuilder package required for checking but not installed: ‘knitr’
Flavor: r-release-macos-x86_64
These binaries (installable software) and packages are in development.
They may not be fully stable and should be used with caution. We make no claims about them.
Health stats visible at Monitor.