CRAN Package Check Results for Package widgetframe

Last updated on 2025-05-15 07:49:55 CEST.

Flavor Version Tinstall Tcheck Ttotal Status Flags
r-devel-linux-x86_64-debian-clang 0.3.1 2.57 29.75 32.32 NOTE
r-devel-linux-x86_64-debian-gcc 0.3.1 1.90 23.39 25.29 NOTE
r-devel-linux-x86_64-fedora-clang 0.3.1 52.94 OK
r-devel-linux-x86_64-fedora-gcc 0.3.1 63.77 OK
r-devel-windows-x86_64 0.3.1 6.00 51.00 57.00 OK
r-patched-linux-x86_64 0.3.1 2.73 28.93 31.66 OK
r-release-linux-x86_64 0.3.1 2.25 28.96 31.21 OK
r-release-macos-arm64 0.3.1 OK
r-release-macos-x86_64 0.3.1 45.00 OK
r-release-windows-x86_64 0.3.1 5.00 50.00 55.00 OK
r-oldrel-macos-arm64 0.3.1 26.00 NOTE
r-oldrel-macos-x86_64 0.3.1 39.00 NOTE
r-oldrel-windows-x86_64 0.3.1 5.00 56.00 61.00 NOTE

Check Details

Version: 0.3.1
Check: CRAN incoming feasibility
Result: NOTE Maintainer: ‘Bhaskar Karambelkar <bhaskarvk@gmail.com>’ Found the following (possibly) invalid file URIs: URI: rmarkdown.rstudio.com From: inst/doc/Using_widgetframe.html URI: yihui.name/knitr/ From: inst/doc/Using_widgetframe.html Flavors: r-devel-linux-x86_64-debian-clang, r-devel-linux-x86_64-debian-gcc

Version: 0.3.1
Check: LazyData
Result: NOTE 'LazyData' is specified without a 'data' directory Flavors: r-oldrel-macos-arm64, r-oldrel-macos-x86_64, r-oldrel-windows-x86_64

These binaries (installable software) and packages are in development.
They may not be fully stable and should be used with caution. We make no claims about them.
Health stats visible at Monitor.