Last updated on 2025-02-23 15:50:02 CET.
Flavor | Version | Tinstall | Tcheck | Ttotal | Status | Flags |
---|---|---|---|---|---|---|
r-devel-linux-x86_64-debian-clang | 0.6.1 | 4.10 | 45.91 | 50.01 | NOTE | |
r-devel-linux-x86_64-debian-gcc | 0.6.1 | 2.93 | 35.17 | 38.10 | NOTE | |
r-devel-linux-x86_64-fedora-clang | 0.6.1 | 76.88 | OK | |||
r-devel-linux-x86_64-fedora-gcc | 0.6.1 | 88.06 | OK | |||
r-devel-macos-arm64 | 0.6.1 | 64.00 | OK | |||
r-devel-macos-x86_64 | 0.6.1 | 136.00 | OK | |||
r-devel-windows-x86_64 | 0.6.1 | 6.00 | 178.00 | 184.00 | NOTE | |
r-patched-linux-x86_64 | 0.6.1 | 5.66 | 43.67 | 49.33 | OK | |
r-release-linux-x86_64 | 0.6.1 | 3.35 | 43.91 | 47.26 | OK | |
r-release-macos-arm64 | 0.6.1 | 66.00 | OK | |||
r-release-macos-x86_64 | 0.6.1 | 111.00 | OK | |||
r-release-windows-x86_64 | 0.6.1 | 6.00 | 176.00 | 182.00 | OK | |
r-oldrel-macos-arm64 | 0.6.1 | 115.00 | OK | |||
r-oldrel-macos-x86_64 | 0.6.1 | 186.00 | NOTE | |||
r-oldrel-windows-x86_64 | 0.6.1 | 7.00 | 198.00 | 205.00 | OK |
Version: 0.6.1
Check: Rd cross-references
Result: NOTE
Found the following Rd file(s) with Rd \link{} targets missing package
anchors:
Hals.fastcv.snow.Rd: snowfall
Hals.snow.Rd: snowfall
fun.load.Rd: snowfall
widals.snow.Rd: snowfall
Please provide package anchors for all Rd \link{} targets not in the
package itself and the base packages.
Flavors: r-devel-linux-x86_64-debian-clang, r-devel-linux-x86_64-debian-gcc, r-devel-windows-x86_64
Version: 0.6.1
Check: re-building of vignette outputs
Result: NOTE
Error(s) in re-building vignettes:
--- re-building ‘funwithfunload.Snw’ using Sweave
Error: processing vignette 'funwithfunload.Snw' failed with diagnostics:
Running 'texi2dvi' on 'funwithfunload.tex' failed.
LaTeX errors:
! LaTeX Error: File `supertabular.sty' not found.
Type X to quit or <RETURN> to proceed,
or enter new name. (Default extension: sty)
! Emergency stop.
<read *>
l.12 \usepackage
{wasysym}^^M
! ==> Fatal error occurred, no output PDF file produced!
--- failed re-building ‘funwithfunload.Snw’
--- re-building ‘widals.Snw’ using Sweave
Loading required package: snow
snowfall 1.84-6.2 initialized (using snow 0.4-4): parallel execution on 2 CPUs.
Library widals loaded in cluster.
Library widals loaded in cluster.
Stopping cluster
snowfall 1.84-6.2 initialized (using snow 0.4-4): parallel execution on 2 CPUs.
Library widals loaded in cluster.
Stopping cluster
snowfall 1.84-6.2 initialized (using snow 0.4-4): parallel execution on 2 CPUs.
Library widals loaded in cluster.
Stopping cluster
snowfall 1.84-6.2 initialized (using snow 0.4-4): parallel execution on 2 CPUs.
Library widals loaded in cluster.
Stopping cluster
snowfall 1.84-6.2 initialized (using snow 0.4-4): parallel execution on 2 CPUs.
Library widals loaded in cluster.
Stopping cluster
snowfall 1.84-6.2 initialized (using snow 0.4-4): parallel execution on 2 CPUs.
Library widals loaded in cluster.
Stopping cluster
snowfall 1.84-6.2 initialized (using snow 0.4-4): parallel execution on 2 CPUs.
Library widals loaded in cluster.
Library widals loaded in cluster.
Stopping cluster
Error: processing vignette 'widals.Snw' failed with diagnostics:
Running 'texi2dvi' on 'widals.tex' failed.
LaTeX errors:
! LaTeX Error: File `supertabular.sty' not found.
Type X to quit or <RETURN> to proceed,
or enter new name. (Default extension: sty)
! Emergency stop.
<read *>
l.12 \usepackage
{wasysym}^^M
! ==> Fatal error occurred, no output PDF file produced!
--- failed re-building ‘widals.Snw’
SUMMARY: processing the following files failed:
‘funwithfunload.Snw’ ‘widals.Snw’
Error: Vignette re-building failed.
Execution halted
Flavor: r-oldrel-macos-x86_64
These binaries (installable software) and packages are in development.
They may not be fully stable and should be used with caution. We make no claims about them.
Health stats visible at Monitor.