Last updated on 2025-10-30 23:50:25 CET.
| Flavor | Version | Tinstall | Tcheck | Ttotal | Status | Flags | 
|---|---|---|---|---|---|---|
| r-devel-linux-x86_64-debian-clang | 0.9.5.3 | 9.02 | 116.90 | 125.92 | NOTE | |
| r-devel-linux-x86_64-debian-gcc | 0.9.5.3 | 6.67 | 67.05 | 73.72 | NOTE | |
| r-devel-linux-x86_64-fedora-clang | 0.9.5.3 | 17.00 | 176.85 | 193.85 | NOTE | |
| r-devel-linux-x86_64-fedora-gcc | 0.9.5.3 | 23.00 | 172.68 | 195.68 | NOTE | |
| r-devel-windows-x86_64 | 0.9.5.3 | 14.00 | 113.00 | 127.00 | NOTE | |
| r-patched-linux-x86_64 | 0.9.5.3 | 10.53 | 112.25 | 122.78 | NOTE | |
| r-release-linux-x86_64 | 0.9.5.3 | 9.08 | 111.26 | 120.34 | NOTE | |
| r-release-macos-arm64 | 0.9.5.3 | 4.00 | 36.00 | 40.00 | NOTE | |
| r-release-macos-x86_64 | 0.9.5.3 | 12.00 | 95.00 | 107.00 | NOTE | |
| r-release-windows-x86_64 | 0.9.5.3 | 15.00 | 114.00 | 129.00 | NOTE | |
| r-oldrel-macos-arm64 | 0.9.5.3 | 5.00 | 37.00 | 42.00 | NOTE | |
| r-oldrel-macos-x86_64 | 0.9.5.3 | 8.00 | 78.00 | 86.00 | NOTE | |
| r-oldrel-windows-x86_64 | 0.9.5.3 | 15.00 | 146.00 | 161.00 | NOTE | 
Version: 0.9.5.3
Check: CRAN incoming feasibility
Result: NOTE
  Maintainer: ‘Aristidis K. Nikoloulopoulos <a.nikoloulopoulos@uea.ac.uk>’
  
  The Description field contains
    <arXiv:1510.07376>.
  Please refer to arXiv e-prints via their arXiv DOI <doi:10.48550/arXiv.YYMM.NNNNN>.
Flavors: r-devel-linux-x86_64-debian-clang, r-devel-linux-x86_64-debian-gcc
Version: 0.9.5.3
Check: Rd files
Result: NOTE
  checkRd: (-1) CLIC.Rd:149: Lost braces
     149 | Composite likelihood {E}{M} algorithm with applications to
         |                         ^
Flavors: r-devel-linux-x86_64-debian-clang, r-devel-linux-x86_64-debian-gcc, r-devel-linux-x86_64-fedora-clang, r-devel-linux-x86_64-fedora-gcc, r-devel-windows-x86_64, r-patched-linux-x86_64, r-release-linux-x86_64, r-release-macos-arm64, r-release-macos-x86_64, r-release-windows-x86_64, r-oldrel-macos-arm64, r-oldrel-macos-x86_64, r-oldrel-windows-x86_64
Version: 0.9.5.3
Check: compiled code
Result: NOTE
  File ‘weightedScores/libs/weightedScores.so’:
    Found no calls to: ‘R_registerRoutines’, ‘R_useDynamicSymbols’
  
  It is good practice to register native routines and to disable symbol
  search.
  
  See ‘Writing portable packages’ in the ‘Writing R Extensions’ manual.
Flavors: r-devel-linux-x86_64-fedora-clang, r-devel-linux-x86_64-fedora-gcc
These binaries (installable software) and packages are in development.
They may not be fully stable and should be used with caution. We make no claims about them.
Health stats visible at Monitor.