Last updated on 2025-05-07 20:50:01 CEST.
Flavor | Version | Tinstall | Tcheck | Ttotal | Status | Flags |
---|---|---|---|---|---|---|
r-devel-linux-x86_64-debian-clang | 2.0.0 | 14.84 | 57.42 | 72.26 | NOTE | |
r-devel-linux-x86_64-debian-gcc | 2.0.0 | 11.52 | 41.93 | 53.45 | NOTE | |
r-devel-linux-x86_64-fedora-clang | 2.0.0 | 118.24 | OK | |||
r-devel-linux-x86_64-fedora-gcc | 2.0.0 | 108.03 | OK | |||
r-devel-windows-x86_64 | 2.0.0 | 18.00 | 82.00 | 100.00 | OK | |
r-patched-linux-x86_64 | 2.0.0 | 16.14 | 54.90 | 71.04 | OK | |
r-release-linux-x86_64 | 2.0.0 | 14.24 | 55.22 | 69.46 | OK | |
r-release-macos-arm64 | 2.0.0 | 39.00 | OK | |||
r-release-macos-x86_64 | 2.0.0 | 68.00 | OK | |||
r-release-windows-x86_64 | 2.0.0 | 17.00 | 84.00 | 101.00 | OK | |
r-oldrel-macos-arm64 | 2.0.0 | 33.00 | OK | |||
r-oldrel-macos-x86_64 | 2.0.0 | 82.00 | OK | |||
r-oldrel-windows-x86_64 | 2.0.0 | 22.00 | 95.00 | 117.00 | OK |
Version: 2.0.0
Check: DESCRIPTION meta-information
Result: NOTE
Author field differs from that derived from Authors@R
Author: ‘Scott Chamberlain [aut, cre] (<https://orcid.org/0000-0003-1444-9135>), Aaron Wolen [ctb] (<https://orcid.org/0000-0003-2542-2202>), rOpenSci [fnd] (019jywm96)’
Authors@R: ‘Scott Chamberlain [aut, cre] (ORCID: <https://orcid.org/0000-0003-1444-9135>), Aaron Wolen [ctb] (ORCID: <https://orcid.org/0000-0003-2542-2202>), rOpenSci [fnd] (ROR: <https://ror.org/019jywm96>)’
Flavors: r-devel-linux-x86_64-debian-clang, r-devel-linux-x86_64-debian-gcc
These binaries (installable software) and packages are in development.
They may not be fully stable and should be used with caution. We make no claims about them.
Health stats visible at Monitor.