Last updated on 2025-02-23 19:51:24 CET.
Flavor | Version | Tinstall | Tcheck | Ttotal | Status | Flags |
---|---|---|---|---|---|---|
r-devel-linux-x86_64-debian-clang | 1.3.0 | 8.28 | 64.72 | 73.00 | NOTE | |
r-devel-linux-x86_64-debian-gcc | 1.3.0 | 5.86 | 45.43 | 51.29 | NOTE | |
r-devel-linux-x86_64-fedora-clang | 1.3.0 | 117.55 | NOTE | |||
r-devel-linux-x86_64-fedora-gcc | 1.3.0 | 121.24 | NOTE | |||
r-devel-macos-arm64 | 1.3.0 | 39.00 | NOTE | |||
r-devel-macos-x86_64 | 1.3.0 | 82.00 | NOTE | |||
r-devel-windows-x86_64 | 1.3.0 | 10.00 | 89.00 | 99.00 | NOTE | |
r-patched-linux-x86_64 | 1.3.0 | 8.41 | 60.19 | 68.60 | NOTE | |
r-release-linux-x86_64 | 1.3.0 | 6.24 | 59.20 | 65.44 | NOTE | |
r-release-macos-arm64 | 1.3.0 | 38.00 | NOTE | |||
r-release-macos-x86_64 | 1.3.0 | 59.00 | NOTE | |||
r-release-windows-x86_64 | 1.3.0 | 10.00 | 83.00 | 93.00 | NOTE | |
r-oldrel-macos-arm64 | 1.3.0 | 122.00 | OK | |||
r-oldrel-macos-x86_64 | 1.3.0 | 69.00 | OK | |||
r-oldrel-windows-x86_64 | 1.3.0 | 14.00 | 95.00 | 109.00 | OK |
Version: 1.3.0
Check: Rd files
Result: NOTE
checkRd: (-1) get_cid.Rd:58-59: Lost braces
58 | <structure search> is assembled as "{\code{substructure} |
| ^
checkRd: (-1) get_cid.Rd:59-60: Lost braces
59 | \code{superstructure} | \code{similarity} | \code{identity}} / {\code{smiles}
| ^
checkRd: (-1) get_cid.Rd:70-71: Lost braces
70 | "{\code{fastidentity} | \code{fastsimilarity_2d} | \code{fastsimilarity_3d} |
| ^
checkRd: (-1) get_cid.Rd:71-72: Lost braces
71 | \code{fastsubstructure} | \code{fastsuperstructure}}/{\code{smiles} |
| ^
Flavors: r-devel-linux-x86_64-debian-clang, r-devel-linux-x86_64-debian-gcc, r-devel-linux-x86_64-fedora-clang, r-devel-linux-x86_64-fedora-gcc, r-devel-macos-arm64, r-devel-macos-x86_64, r-devel-windows-x86_64, r-patched-linux-x86_64, r-release-linux-x86_64, r-release-macos-arm64, r-release-macos-x86_64, r-release-windows-x86_64
These binaries (installable software) and packages are in development.
They may not be fully stable and should be used with caution. We make no claims about them.
Health stats visible at Monitor.