Last updated on 2025-02-08 19:49:34 CET.
Flavor | Version | Tinstall | Tcheck | Ttotal | Status | Flags |
---|---|---|---|---|---|---|
r-devel-linux-x86_64-debian-clang | 1.0.0 | 28.88 | 301.28 | 330.16 | OK | |
r-devel-linux-x86_64-debian-gcc | 1.0.0 | 15.62 | 189.49 | 205.11 | OK | |
r-devel-linux-x86_64-fedora-clang | 1.0.0 | 539.20 | OK | |||
r-devel-linux-x86_64-fedora-gcc | 1.0.0 | 508.06 | OK | |||
r-devel-windows-x86_64 | 1.0.0 | 24.00 | 289.00 | 313.00 | OK | |
r-patched-linux-x86_64 | 1.0.0 | 25.54 | 272.79 | 298.33 | OK | |
r-release-linux-x86_64 | 1.0.0 | 23.25 | 273.30 | 296.55 | OK | |
r-release-macos-arm64 | 1.0.0 | 135.00 | OK | |||
r-release-macos-x86_64 | 1.0.0 | 375.00 | OK | |||
r-release-windows-x86_64 | 1.0.0 | 23.00 | 284.00 | 307.00 | OK | |
r-oldrel-macos-arm64 | 1.0.0 | 134.00 | ERROR | |||
r-oldrel-macos-x86_64 | 1.0.0 | 250.00 | OK | |||
r-oldrel-windows-x86_64 | 1.0.0 | 32.00 | 357.00 | 389.00 | ERROR |
Version: 1.0.0
Check: re-building of vignette outputs
Result: ERROR
Error(s) in re-building vignettes:
--- re-building ‘use_case.Rmd’ using rmarkdown
--- finished re-building ‘use_case.Rmd’
--- re-building ‘weatherOz.Rmd’ using rmarkdown_notangle
--- finished re-building ‘weatherOz.Rmd’
--- re-building ‘weatherOz_for_BOM.Rmd’ using rmarkdown_notangle
--- finished re-building ‘weatherOz_for_BOM.Rmd’
--- re-building ‘weatherOz_for_DPIRD.Rmd’ using rmarkdown_notangle
File vignettes/view_sw_ag_region-1.png not found in resource path
Error: processing vignette 'weatherOz_for_DPIRD.Rmd' failed with diagnostics:
pandoc document conversion failed with error 99
--- failed re-building ‘weatherOz_for_DPIRD.Rmd’
--- re-building ‘weatherOz_for_SILO.Rmd’ using rmarkdown_notangle
--- finished re-building ‘weatherOz_for_SILO.Rmd’
SUMMARY: processing the following file failed:
‘weatherOz_for_DPIRD.Rmd’
Error: Vignette re-building failed.
Execution halted
Flavors: r-oldrel-macos-arm64, r-oldrel-windows-x86_64
These binaries (installable software) and packages are in development.
They may not be fully stable and should be used with caution. We make no claims about them.
Health stats visible at Monitor.