Last updated on 2025-11-01 07:48:54 CET.
| Flavor | Version | Tinstall | Tcheck | Ttotal | Status | Flags |
|---|---|---|---|---|---|---|
| r-devel-linux-x86_64-debian-clang | 1.0.2 | 4.72 | 51.91 | 56.63 | OK | |
| r-devel-linux-x86_64-debian-gcc | 1.0.2 | 2.97 | 38.75 | 41.72 | OK | |
| r-devel-linux-x86_64-fedora-clang | 1.0.2 | 28.00 | 65.17 | 93.17 | OK | |
| r-devel-linux-x86_64-fedora-gcc | 1.0.2 | 21.00 | 77.85 | 98.85 | OK | |
| r-devel-windows-x86_64 | 1.0.1 | 6.00 | 73.00 | 79.00 | OK | |
| r-patched-linux-x86_64 | 1.0.2 | 4.61 | 48.07 | 52.68 | OK | |
| r-release-linux-x86_64 | 1.0.1 | 3.79 | 47.38 | 51.17 | ERROR | |
| r-release-macos-arm64 | 1.0.2 | 2.00 | 39.00 | 41.00 | OK | |
| r-release-macos-x86_64 | 1.0.2 | 6.00 | 114.00 | 120.00 | OK | |
| r-release-windows-x86_64 | 1.0.2 | 7.00 | 81.00 | 88.00 | OK | |
| r-oldrel-macos-arm64 | 1.0.2 | 2.00 | 41.00 | 43.00 | OK | |
| r-oldrel-macos-x86_64 | 1.0.2 | 8.00 | 112.00 | 120.00 | OK | |
| r-oldrel-windows-x86_64 | 1.0.2 | 9.00 | 82.00 | 91.00 | OK |
Version: 1.0.1
Check: examples
Result: ERROR
Running examples in ‘wbwdi-Ex.R’ failed
The error most likely occurred in:
> base::assign(".ptime", proc.time(), pos = "CheckExEnv")
> ### Name: wdi_get_sources
> ### Title: Download data sources from the World Bank API
> ### Aliases: wdi_get_sources
>
> ### ** Examples
>
> ## Don't show:
> if (curl::has_internet()) (if (getRversion() >= "3.4") withAutoprint else force)({ # examplesIf
+ ## End(Don't show)
+ # Download all available data sources in English
+ wdi_get_sources()
+ ## Don't show:
+ }) # examplesIf
> wdi_get_sources()
Error in `req_perform()`:
! HTTP 400 Bad Request.
Backtrace:
▆
1. ├─(if (getRversion() >= "3.4") withAutoprint else force)(...)
2. │ └─base::source(...)
3. │ ├─base::withVisible(eval(ei, envir))
4. │ └─base::eval(ei, envir)
5. │ └─base::eval(ei, envir)
6. └─wbwdi::wdi_get_sources()
7. └─wbwdi:::perform_request("sources", language)
8. └─httr2::req_perform(req)
9. └─httr2:::handle_resp(req, resp, error_call = error_call)
10. └─httr2:::resp_failure_cnd(req, resp, error_call = error_call)
11. ├─rlang::catch_cnd(...)
12. │ ├─rlang::eval_bare(...)
13. │ ├─base::tryCatch(...)
14. │ │ └─base (local) tryCatchList(expr, classes, parentenv, handlers)
15. │ │ └─base (local) tryCatchOne(expr, names, parentenv, handlers[[1L]])
16. │ │ └─base (local) doTryCatch(return(expr), name, parentenv, handler)
17. │ └─base::force(expr)
18. └─rlang::abort(...)
Execution halted
Flavor: r-release-linux-x86_64
These binaries (installable software) and packages are in development.
They may not be fully stable and should be used with caution. We make no claims about them.
Health stats visible at Monitor.