CRAN Package Check Results for Package wbids

Last updated on 2025-10-10 03:51:20 CEST.

Flavor Version Tinstall Tcheck Ttotal Status Flags
r-devel-linux-x86_64-debian-clang 1.1.0 4.50 62.32 66.82 OK
r-devel-linux-x86_64-debian-gcc 1.1.0 3.52 45.09 48.61 OK
r-devel-linux-x86_64-fedora-clang 1.1.0 106.48 OK
r-devel-linux-x86_64-fedora-gcc 1.1.0 108.61 OK
r-devel-windows-x86_64 1.1.0 6.00 88.00 94.00 OK
r-patched-linux-x86_64 1.1.0 4.52 57.00 61.52 OK
r-release-linux-x86_64 1.1.0 3.44 56.57 60.01 OK
r-release-macos-arm64 1.1.0 48.00 OK
r-release-macos-x86_64 1.1.0 84.00 OK
r-release-windows-x86_64 1.1.0 8.00 84.00 92.00 OK
r-oldrel-macos-arm64 1.1.0 58.00 OK
r-oldrel-macos-x86_64 1.1.0 94.00 OK
r-oldrel-windows-x86_64 1.1.0 8.00 103.00 111.00 ERROR

Check Details

Version: 1.1.0
Check: examples
Result: ERROR Running examples in 'wbids-Ex.R' failed The error most likely occurred in: > ### Name: ids_bulk_files > ### Title: Retrieve Available Bulk Download Files for International Debt > ### Statistics > ### Aliases: ids_bulk_files > > ### ** Examples > > ## Don't show: > if (curl::has_internet() && rlang::is_installed("jsonlite")) (if (getRversion() >= "3.4") withAutoprint else force)({ # examplesIf + ## End(Don't show) + ids_bulk_files() + ## Don't show: + }) # examplesIf > ids_bulk_files() Warning in open.connection(con, "rb") : cannot open URL 'https://datacatalogapi.worldbank.org/ddhxext/DatasetDownload?dataset_unique_id=0038015&version_id=': HTTP status was '429 Unknown Error' Error in open.connection(con, "rb") : cannot open the connection to 'https://datacatalogapi.worldbank.org/ddhxext/DatasetDownload?dataset_unique_id=0038015&version_id=' Calls: <Anonymous> ... parse_and_simplify -> parseJSON -> parse_con -> open -> open.connection Execution halted Flavor: r-oldrel-windows-x86_64

Version: 1.1.0
Check: tests
Result: ERROR Running 'testthat.R' [26s] Running the tests in 'tests/testthat.R' failed. Complete output: > # This file is part of the standard setup for testthat. > # It is recommended that you do not modify it. > # > # Where should you do additional test configuration? > # Learn more about the roles of various files in: > # * https://r-pkgs.org/testing-design.html#sec-tests-files-overview > # * https://testthat.r-lib.org/articles/special-files.html > > library(testthat) > library(wbids) > > test_check("wbids") Downloading file to: D:\temp\2025_10_08_01_50_00_15188\RtmpO2iFQY\file299c43c... [ FAIL 2 | WARN 2 | SKIP 7 | PASS 144 ] ══ Skipped tests (7) ═══════════════════════════════════════════════════════════ • On CRAN (7): 'test-ids_bulk.R:5:3', 'test-ids_bulk.R:78:3', 'test-ids_bulk.R:166:3', 'test-ids_bulk.R:220:3', 'test-ids_bulk.R:253:3', 'test-ids_bulk.R:305:3', 'test-ids_bulk.R:372:3' ══ Failed tests ════════════════════════════════════════════════════════════════ ── Error ('test-ids_bulk_series.R:4:3'): ids_bulk_series returns a tibble with expected columns ── Error in `open.connection(con, "rb")`: cannot open the connection to 'https://datacatalogapi.worldbank.org/ddhxext/DatasetDownload?dataset_unique_id=0038015&version_id=' Backtrace: ▆ 1. └─wbids::ids_bulk_series() at test-ids_bulk_series.R:4:3 2. └─wbids:::read_bulk_info() 3. └─jsonlite::fromJSON(...) 4. └─jsonlite:::parse_and_simplify(...) 5. └─jsonlite:::parseJSON(txt, bigint_as_char) 6. └─jsonlite:::parse_con(txt, bigint_as_char) 7. ├─base::open(con, "rb") 8. └─base::open.connection(con, "rb") ── Error ('test-read_bulk_info.R:2:3'): read_bulk_info returns necessary data structure ── Error in `open.connection(con, "rb")`: cannot open the connection to 'https://datacatalogapi.worldbank.org/ddhxext/DatasetDownload?dataset_unique_id=0038015&version_id=' Backtrace: ▆ 1. └─wbids:::read_bulk_info() at test-read_bulk_info.R:2:3 2. └─jsonlite::fromJSON(...) 3. └─jsonlite:::parse_and_simplify(...) 4. └─jsonlite:::parseJSON(txt, bigint_as_char) 5. └─jsonlite:::parse_con(txt, bigint_as_char) 6. ├─base::open(con, "rb") 7. └─base::open.connection(con, "rb") [ FAIL 2 | WARN 2 | SKIP 7 | PASS 144 ] Error: Test failures Execution halted Flavor: r-oldrel-windows-x86_64

These binaries (installable software) and packages are in development.
They may not be fully stable and should be used with caution. We make no claims about them.
Health stats visible at Monitor.