Last updated on 2024-05-02 04:00:40 CEST.
Flavor | Version | Tinstall | Tcheck | Ttotal | Status | Flags |
---|---|---|---|---|---|---|
r-devel-linux-x86_64-debian-clang | 1.2.0 | 6.55 | 49.70 | 56.25 | NOTE | |
r-devel-linux-x86_64-debian-gcc | 1.2.0 | 3.99 | 36.55 | 40.54 | NOTE | |
r-devel-linux-x86_64-fedora-clang | 1.2.0 | 68.75 | NOTE | |||
r-devel-linux-x86_64-fedora-gcc | 1.2.0 | 64.84 | NOTE | |||
r-devel-windows-x86_64 | 1.2.0 | 7.00 | 58.00 | 65.00 | NOTE | |
r-patched-linux-x86_64 | 1.2.0 | 5.05 | 44.88 | 49.93 | NOTE | |
r-release-linux-x86_64 | 1.2.0 | 4.63 | 45.86 | 50.49 | NOTE | |
r-release-macos-arm64 | 1.2.0 | 21.00 | NOTE | |||
r-release-windows-x86_64 | 1.2.0 | 8.00 | 58.00 | 66.00 | NOTE | |
r-oldrel-macos-arm64 | 1.2.0 | 23.00 | OK | |||
r-oldrel-macos-x86_64 | 1.2.0 | 43.00 | OK | |||
r-oldrel-windows-x86_64 | 1.2.0 | 8.00 | 64.00 | 72.00 | OK |
Version: 1.2.0
Check: Rd files
Result: NOTE
checkRd: (-1) Hoover.Rd:21: Lost braces; missing escapes or markup?
21 | Let x_{i} be the income of the i-th person and \eqn{\overline{x}} be the mean income. Then the Hoover index H is:
| ^
checkRd: (-1) RicciSchutz.Rd:21: Lost braces; missing escapes or markup?
21 | In the case of an empirical distribution with n elements where y_{i} denotes the wealth of household i and \eqn{\overline{y}} the sample average, the Ricci and Schutz coefficient can be expressed as:
| ^
Flavors: r-devel-linux-x86_64-debian-clang, r-devel-linux-x86_64-debian-gcc, r-devel-linux-x86_64-fedora-clang, r-devel-linux-x86_64-fedora-gcc, r-devel-windows-x86_64, r-patched-linux-x86_64, r-release-linux-x86_64, r-release-macos-arm64, r-release-windows-x86_64
Version: 1.2.0
Check: data for non-ASCII characters
Result: NOTE
Note: found 1 marked UTF-8 string
Flavors: r-devel-linux-x86_64-fedora-clang, r-devel-linux-x86_64-fedora-gcc
These binaries (installable software) and packages are in development.
They may not be fully stable and should be used with caution. We make no claims about them.
Health stats visible at Monitor.