Last updated on 2025-02-23 15:50:01 CET.
Flavor | Version | Tinstall | Tcheck | Ttotal | Status | Flags |
---|---|---|---|---|---|---|
r-devel-linux-x86_64-debian-clang | 1.0.6 | 95.79 | 63.16 | 158.95 | OK | |
r-devel-linux-x86_64-debian-gcc | 1.0.7 | 77.59 | 48.17 | 125.76 | OK | |
r-devel-linux-x86_64-fedora-clang | 1.0.7 | 254.87 | OK | |||
r-devel-linux-x86_64-fedora-gcc | 1.0.7 | 272.57 | OK | |||
r-devel-macos-arm64 | 1.0.6 | 86.00 | OK | |||
r-devel-macos-x86_64 | 1.0.7 | 149.00 | OK | |||
r-devel-windows-x86_64 | 1.0.6 | 180.00 | 249.00 | 429.00 | OK | |
r-patched-linux-x86_64 | 1.0.6 | 94.50 | 60.64 | 155.14 | NOTE | |
r-release-linux-x86_64 | 1.0.7 | 96.07 | 61.94 | 158.01 | NOTE | |
r-release-macos-arm64 | 1.0.6 | 101.00 | NOTE | |||
r-release-macos-x86_64 | 1.0.7 | 145.00 | NOTE | |||
r-release-windows-x86_64 | 1.0.6 | 177.00 | 246.00 | 423.00 | NOTE | |
r-oldrel-macos-arm64 | 1.0.5 | 102.00 | NOTE | |||
r-oldrel-macos-x86_64 | 1.0.7 | 140.00 | NOTE | |||
r-oldrel-windows-x86_64 | 1.0.6 | 204.00 | 293.00 | 497.00 | NOTE |
Version: 1.0.6
Check: for GNU extensions in Makefiles
Result: NOTE
GNU make is a SystemRequirements.
Flavors: r-patched-linux-x86_64, r-release-macos-arm64, r-release-windows-x86_64, r-oldrel-windows-x86_64
Version: 1.0.7
Check: for GNU extensions in Makefiles
Result: NOTE
GNU make is a SystemRequirements.
Flavors: r-release-linux-x86_64, r-release-macos-x86_64, r-oldrel-macos-x86_64
Version: 1.0.6
Check: installed package size
Result: NOTE
installed size is 30.4Mb
sub-directories of 1Mb or more:
extdata 1.6Mb
libs 28.5Mb
Flavors: r-release-macos-arm64, r-release-windows-x86_64, r-oldrel-windows-x86_64
Version: 1.0.7
Check: installed package size
Result: NOTE
installed size is 28.5Mb
sub-directories of 1Mb or more:
extdata 1.6Mb
libs 26.6Mb
Flavors: r-release-macos-x86_64, r-oldrel-macos-x86_64
Version: 1.0.5
Check: installed package size
Result: NOTE
installed size is 31.9Mb
sub-directories of 1Mb or more:
extdata 1.6Mb
libs 30.0Mb
Flavor: r-oldrel-macos-arm64
Version: 1.0.5
Check: for GNU extensions in Makefiles
Result: NOTE
GNU make is a SystemRequirements.
Flavor: r-oldrel-macos-arm64
These binaries (installable software) and packages are in development.
They may not be fully stable and should be used with caution. We make no claims about them.
Health stats visible at Monitor.