Last updated on 2025-10-09 20:04:26 CEST.
Flavor | Version | Tinstall | Tcheck | Ttotal | Status | Flags |
---|---|---|---|---|---|---|
r-devel-linux-x86_64-debian-clang | 0.4.1 | 2.80 | 61.98 | 64.78 | ERROR | |
r-devel-linux-x86_64-debian-gcc | 0.4.1 | 2.21 | 45.35 | 47.56 | ERROR | |
r-devel-linux-x86_64-fedora-clang | 0.4.1 | 101.67 | ERROR | |||
r-devel-linux-x86_64-fedora-gcc | 0.4.1 | 111.94 | ERROR | |||
r-devel-windows-x86_64 | 0.4.1 | 6.00 | 73.00 | 79.00 | ERROR | |
r-patched-linux-x86_64 | 0.4.1 | 3.71 | 56.71 | 60.42 | ERROR | |
r-release-linux-x86_64 | 0.4.1 | 2.98 | 56.72 | 59.70 | ERROR | |
r-release-macos-arm64 | 0.4.1 | 70.00 | OK | |||
r-release-macos-x86_64 | 0.4.1 | 126.00 | OK | |||
r-release-windows-x86_64 | 0.4.1 | 6.00 | 72.00 | 78.00 | ERROR | |
r-oldrel-macos-arm64 | 0.4.1 | 53.00 | OK | |||
r-oldrel-macos-x86_64 | 0.4.1 | 103.00 | OK | |||
r-oldrel-windows-x86_64 | 0.4.1 | 7.00 | 90.00 | 97.00 | ERROR |
Version: 0.4.1
Check: CRAN incoming feasibility
Result: NOTE
Maintainer: ‘Brandon M. Greenwell <greenwell.brandon@gmail.com>’
The Description field contains
described in Greenwell et al. (2018) <arXiv:1805.04755>. A
Please refer to arXiv e-prints via their arXiv DOI <doi:10.48550/arXiv.YYMM.NNNNN>.
Flavors: r-devel-linux-x86_64-debian-clang, r-devel-linux-x86_64-debian-gcc
Version: 0.4.1
Check: tests
Result: ERROR
Running ‘tinytest.R’ [13s/16s]
Running the tests in ‘tests/tinytest.R’ failed.
Complete output:
> if (requireNamespace("tinytest", quietly = TRUE)) {
+ home <- length(unclass(packageVersion("vip"))[[1L]]) == 4
+ tinytest::test_package("vip", at_home = home)
+ }
Attaching package: 'vip'
The following object is masked from 'package:utils':
vi
test_get_feature_names.R...... 0 tests
test_get_feature_names.R...... 0 tests
test_get_feature_names.R...... 0 tests
test_get_feature_names.R...... 1 tests <1b>[0;32mOK<1b>[0m
test_get_feature_names.R...... 2 tests <1b>[0;32mOK<1b>[0m
test_get_feature_names.R...... 3 tests <1b>[0;32mOK<1b>[0m
test_get_feature_names.R...... 3 tests <1b>[0;32mOK<1b>[0m
test_get_feature_names.R...... 3 tests <1b>[0;32mOK<1b>[0m
test_get_feature_names.R...... 3 tests <1b>[0;32mOK<1b>[0m
test_get_feature_names.R...... 3 tests <1b>[0;32mOK<1b>[0m
test_get_feature_names.R...... 3 tests <1b>[0;32mOK<1b>[0m
test_get_feature_names.R...... 4 tests <1b>[0;32mOK<1b>[0m
test_get_feature_names.R...... 5 tests <1b>[0;32mOK<1b>[0m <1b>[0;34m0.2s<1b>[0m
test_pkg_C50.R................ 0 tests <1b>[0;36m6ms<1b>[0m [Exited at #12: Package 'C50' missing]
test_pkg_Cubist.R............. 0 tests <1b>[0;36m5ms<1b>[0m [Exited at #5: Package 'caret' missing]
test_pkg_RSNNS.R.............. 0 tests <1b>[0;36m7ms<1b>[0m [Exited at #5: Package 'RSNNS' missing]
test_pkg_caret.R.............. 0 tests <1b>[0;36m8ms<1b>[0m [Exited at #12: Package 'caret' missing]
test_pkg_earth.R.............. 0 tests <1b>[0;36m7ms<1b>[0m [Exited at #7: Package 'earth' missing]
test_pkg_gbm.R................ 0 tests <1b>[0;36m2ms<1b>[0m [Exited at #12: Package 'gbm' missing]
test_pkg_glmnet.R............. 0 tests <1b>[0;36m9ms<1b>[0m [Exited at #12: Package 'glmnet' missing]
test_pkg_h2o.R................ 0 tests <1b>[0;36m3ms<1b>[0m [Exited at #5: Package 'h2o' missing]
test_pkg_lightgbm.R........... 0 tests <1b>[0;36m2ms<1b>[0m [Exited at #12: Package 'lightgbm' missing]
test_pkg_mixOmics.R........... 0 tests <1b>[0;36m5ms<1b>[0m [Exited at #12: Bioconductor package 'mixOmics' missing]
test_pkg_mlr.R................ 0 tests <1b>[0;36m7ms<1b>[0m [Exited at #5: Package 'mlr' missing]
test_pkg_mlr3.R............... 0 tests <1b>[0;36m2ms<1b>[0m [Exited at #5: Package 'mlr3' missing]
test_pkg_neuralnet.R.......... 0 tests <1b>[0;36m8ms<1b>[0m [Exited at #5: Package 'neuralnet' missing]
test_pkg_nnet.R............... 0 tests
test_pkg_nnet.R............... 0 tests
test_pkg_nnet.R............... 0 tests
test_pkg_nnet.R............... 0 tests
test_pkg_nnet.R............... 0 tests
test_pkg_nnet.R............... 0 tests
test_pkg_nnet.R............... 0 tests
test_pkg_nnet.R............... 1 tests <1b>[0;32mOK<1b>[0m
test_pkg_nnet.R............... 2 tests <1b>[0;32mOK<1b>[0m
test_pkg_nnet.R............... 3 tests <1b>[0;32mOK<1b>[0m
test_pkg_nnet.R............... 3 tests <1b>[0;32mOK<1b>[0m
test_pkg_nnet.R............... 4 tests <1b>[0;31m1 fails<1b>[0m <1b>[0;34m2.4s<1b>[0m
test_pkg_party.R.............. 0 tests
test_pkg_party.R.............. 0 tests
test_pkg_party.R.............. 0 tests
test_pkg_party.R.............. 0 tests
test_pkg_party.R.............. 0 tests
test_pkg_party.R.............. 0 tests
test_pkg_party.R.............. 0 tests
test_pkg_party.R.............. 0 tests
test_pkg_party.R.............. 0 tests
test_pkg_party.R.............. 0 tests
test_pkg_party.R.............. 0 tests
test_pkg_party.R.............. 0 tests
test_pkg_party.R.............. 0 tests
test_pkg_party.R.............. 0 tests
test_pkg_party.R.............. 0 tests
test_pkg_party.R.............. 1 tests <1b>[0;32mOK<1b>[0m
test_pkg_party.R.............. 2 tests <1b>[0;32mOK<1b>[0m
test_pkg_party.R.............. 3 tests <1b>[0;32mOK<1b>[0m
test_pkg_party.R.............. 4 tests <1b>[0;32mOK<1b>[0m
test_pkg_party.R.............. 5 tests <1b>[0;32mOK<1b>[0m
test_pkg_party.R.............. 6 tests <1b>[0;32mOK<1b>[0m <1b>[0;34m9.0s<1b>[0m
test_pkg_partykit.R........... 0 tests <1b>[0;36m9ms<1b>[0m [Exited at #7: Package 'partykit' missing]
test_pkg_pls.R................ 0 tests <1b>[0;36m2ms<1b>[0m [Exited at #5: Package 'caret' missing]
test_pkg_randomForest.R....... 0 tests <1b>[0;36m5ms<1b>[0m [Exited at #12: Package 'randomForest' missing]
test_pkg_ranger.R............. 0 tests <1b>[0;36m6ms<1b>[0m [Exited at #12: Package 'ranger' missing]
test_pkg_rpart.R.............. 0 tests <1b>[0;36m2ms<1b>[0m [Exited at #12: Package 'rpart' missing]
test_pkg_stats.R.............. 0 tests
test_pkg_stats.R.............. 0 tests
test_pkg_stats.R.............. 0 tests
test_pkg_stats.R.............. 0 tests
test_pkg_stats.R.............. 0 tests
test_pkg_stats.R.............. 0 tests
test_pkg_stats.R.............. 1 tests <1b>[0;32mOK<1b>[0m
test_pkg_stats.R.............. 2 tests <1b>[0;32mOK<1b>[0m
test_pkg_stats.R.............. 3 tests <1b>[0;32mOK<1b>[0m
test_pkg_stats.R.............. 4 tests <1b>[0;32mOK<1b>[0m <1b>[0;36m59ms<1b>[0m
test_pkg_tidymodels.R......... 0 tests <1b>[0;36m6ms<1b>[0m [Exited at #5: Package 'ranger' missing]
test_pkg_xgboost.R............ 0 tests <1b>[0;36m6ms<1b>[0m [Exited at #12: Package 'xgboost' missing]
test_vi_firm.R................ 0 tests <1b>[0;36m45ms<1b>[0m [Exited at #8: 'requireNamespace("ranger", quietly = TRUE)' is not TRUE]
test_vi_permute.R............. 0 tests <1b>[0;36m10ms<1b>[0m [Exited at #7: 'requireNamespace("ranger", quietly = TRUE)' is not TRUE]
test_vi_shap.R................ 0 tests
test_vi_shap.R................ 0 tests
test_vi_shap.R................ 0 tests
test_vi_shap.R................ 0 tests
test_vi_shap.R................ 0 tests
test_vi_shap.R................ 0 tests
test_vi_shap.R................ 0 tests
test_vi_shap.R................ 0 tests
test_vi_shap.R................ 0 tests
test_vi_shap.R................ 0 tests
test_vi_shap.R................ 0 tests <1b>[0;34m3.7s<1b>[0m
test_vip.R.................... 0 tests
test_vip.R.................... 0 tests
test_vip.R.................... 0 tests
test_vip.R.................... 0 tests
test_vip.R.................... 1 tests <1b>[0;32mOK<1b>[0m
test_vip.R.................... 2 tests <1b>[0;32mOK<1b>[0m
test_vip.R.................... 3 tests <1b>[0;32mOK<1b>[0m <1b>[0;36m24ms<1b>[0m
----- FAILED[data]: test_pkg_nnet.R<47--50>
call| expect_identical(current = class(p), target = c("gg", "ggplot"))
diff| Lengths (2, 5) differ (string compare on first 2)
diff| 1 string mismatch
Error: 1 out of 22 tests failed
Execution halted
Flavor: r-devel-linux-x86_64-debian-clang
Version: 0.4.1
Check: tests
Result: ERROR
Running ‘tinytest.R’ [8s/10s]
Running the tests in ‘tests/tinytest.R’ failed.
Complete output:
> if (requireNamespace("tinytest", quietly = TRUE)) {
+ home <- length(unclass(packageVersion("vip"))[[1L]]) == 4
+ tinytest::test_package("vip", at_home = home)
+ }
Attaching package: 'vip'
The following object is masked from 'package:utils':
vi
test_get_feature_names.R...... 0 tests
test_get_feature_names.R...... 0 tests
test_get_feature_names.R...... 0 tests
test_get_feature_names.R...... 1 tests <1b>[0;32mOK<1b>[0m
test_get_feature_names.R...... 2 tests <1b>[0;32mOK<1b>[0m
test_get_feature_names.R...... 3 tests <1b>[0;32mOK<1b>[0m
test_get_feature_names.R...... 3 tests <1b>[0;32mOK<1b>[0m
test_get_feature_names.R...... 3 tests <1b>[0;32mOK<1b>[0m
test_get_feature_names.R...... 3 tests <1b>[0;32mOK<1b>[0m
test_get_feature_names.R...... 3 tests <1b>[0;32mOK<1b>[0m
test_get_feature_names.R...... 3 tests <1b>[0;32mOK<1b>[0m
test_get_feature_names.R...... 4 tests <1b>[0;32mOK<1b>[0m
test_get_feature_names.R...... 5 tests <1b>[0;32mOK<1b>[0m <1b>[0;36m93ms<1b>[0m
test_pkg_C50.R................ 0 tests <1b>[0;36m2ms<1b>[0m [Exited at #12: Package 'C50' missing]
test_pkg_Cubist.R............. 0 tests <1b>[0;36m6ms<1b>[0m [Exited at #5: Package 'caret' missing]
test_pkg_RSNNS.R.............. 0 tests <1b>[0;36m2ms<1b>[0m [Exited at #5: Package 'RSNNS' missing]
test_pkg_caret.R.............. 0 tests <1b>[0;36m6ms<1b>[0m [Exited at #12: Package 'caret' missing]
test_pkg_earth.R.............. 0 tests <1b>[0;36m2ms<1b>[0m [Exited at #7: Package 'earth' missing]
test_pkg_gbm.R................ 0 tests <1b>[0;36m2ms<1b>[0m [Exited at #12: Package 'gbm' missing]
test_pkg_glmnet.R............. 0 tests <1b>[0;36m6ms<1b>[0m [Exited at #12: Package 'glmnet' missing]
test_pkg_h2o.R................ 0 tests <1b>[0;36m8ms<1b>[0m [Exited at #5: Package 'h2o' missing]
test_pkg_lightgbm.R........... 0 tests <1b>[0;36m1ms<1b>[0m [Exited at #12: Package 'lightgbm' missing]
test_pkg_mixOmics.R........... 0 tests <1b>[0;36m1ms<1b>[0m [Exited at #12: Bioconductor package 'mixOmics' missing]
test_pkg_mlr.R................ 0 tests <1b>[0;36m1ms<1b>[0m [Exited at #5: Package 'mlr' missing]
test_pkg_mlr3.R............... 0 tests <1b>[0;36m1ms<1b>[0m [Exited at #5: Package 'mlr3' missing]
test_pkg_neuralnet.R.......... 0 tests <1b>[0;36m6ms<1b>[0m [Exited at #5: Package 'neuralnet' missing]
test_pkg_nnet.R............... 0 tests
test_pkg_nnet.R............... 0 tests
test_pkg_nnet.R............... 0 tests
test_pkg_nnet.R............... 0 tests
test_pkg_nnet.R............... 0 tests
test_pkg_nnet.R............... 0 tests
test_pkg_nnet.R............... 0 tests
test_pkg_nnet.R............... 1 tests <1b>[0;32mOK<1b>[0m
test_pkg_nnet.R............... 2 tests <1b>[0;32mOK<1b>[0m
test_pkg_nnet.R............... 3 tests <1b>[0;32mOK<1b>[0m
test_pkg_nnet.R............... 3 tests <1b>[0;32mOK<1b>[0m
test_pkg_nnet.R............... 4 tests <1b>[0;31m1 fails<1b>[0m <1b>[0;34m1.4s<1b>[0m
test_pkg_party.R.............. 0 tests
test_pkg_party.R.............. 0 tests
test_pkg_party.R.............. 0 tests
test_pkg_party.R.............. 0 tests
test_pkg_party.R.............. 0 tests
test_pkg_party.R.............. 0 tests
test_pkg_party.R.............. 0 tests
test_pkg_party.R.............. 0 tests
test_pkg_party.R.............. 0 tests
test_pkg_party.R.............. 0 tests
test_pkg_party.R.............. 0 tests
test_pkg_party.R.............. 0 tests
test_pkg_party.R.............. 0 tests
test_pkg_party.R.............. 0 tests
test_pkg_party.R.............. 0 tests
test_pkg_party.R.............. 1 tests <1b>[0;32mOK<1b>[0m
test_pkg_party.R.............. 2 tests <1b>[0;32mOK<1b>[0m
test_pkg_party.R.............. 3 tests <1b>[0;32mOK<1b>[0m
test_pkg_party.R.............. 4 tests <1b>[0;32mOK<1b>[0m
test_pkg_party.R.............. 5 tests <1b>[0;32mOK<1b>[0m
test_pkg_party.R.............. 6 tests <1b>[0;32mOK<1b>[0m <1b>[0;34m5.1s<1b>[0m
test_pkg_partykit.R........... 0 tests <1b>[0;36m2ms<1b>[0m [Exited at #7: Package 'partykit' missing]
test_pkg_pls.R................ 0 tests <1b>[0;36m3ms<1b>[0m [Exited at #5: Package 'caret' missing]
test_pkg_randomForest.R....... 0 tests <1b>[0;36m2ms<1b>[0m [Exited at #12: Package 'randomForest' missing]
test_pkg_ranger.R............. 0 tests <1b>[0;36m4ms<1b>[0m [Exited at #12: Package 'ranger' missing]
test_pkg_rpart.R.............. 0 tests <1b>[0;36m2ms<1b>[0m [Exited at #12: Package 'rpart' missing]
test_pkg_stats.R.............. 0 tests
test_pkg_stats.R.............. 0 tests
test_pkg_stats.R.............. 0 tests
test_pkg_stats.R.............. 0 tests
test_pkg_stats.R.............. 0 tests
test_pkg_stats.R.............. 0 tests
test_pkg_stats.R.............. 1 tests <1b>[0;32mOK<1b>[0m
test_pkg_stats.R.............. 2 tests <1b>[0;32mOK<1b>[0m
test_pkg_stats.R.............. 3 tests <1b>[0;32mOK<1b>[0m
test_pkg_stats.R.............. 4 tests <1b>[0;32mOK<1b>[0m <1b>[0;36m32ms<1b>[0m
test_pkg_tidymodels.R......... 0 tests <1b>[0;36m2ms<1b>[0m [Exited at #5: Package 'ranger' missing]
test_pkg_xgboost.R............ 0 tests <1b>[0;36m3ms<1b>[0m [Exited at #12: Package 'xgboost' missing]
test_vi_firm.R................ 0 tests <1b>[0;36m11ms<1b>[0m [Exited at #8: 'requireNamespace("ranger", quietly = TRUE)' is not TRUE]
test_vi_permute.R............. 0 tests <1b>[0;36m9ms<1b>[0m [Exited at #7: 'requireNamespace("ranger", quietly = TRUE)' is not TRUE]
test_vi_shap.R................ 0 tests
test_vi_shap.R................ 0 tests
test_vi_shap.R................ 0 tests
test_vi_shap.R................ 0 tests
test_vi_shap.R................ 0 tests
test_vi_shap.R................ 0 tests
test_vi_shap.R................ 0 tests
test_vi_shap.R................ 0 tests
test_vi_shap.R................ 0 tests
test_vi_shap.R................ 0 tests
test_vi_shap.R................ 0 tests <1b>[0;34m2.4s<1b>[0m
test_vip.R.................... 0 tests
test_vip.R.................... 0 tests
test_vip.R.................... 0 tests
test_vip.R.................... 0 tests
test_vip.R.................... 1 tests <1b>[0;32mOK<1b>[0m
test_vip.R.................... 2 tests <1b>[0;32mOK<1b>[0m
test_vip.R.................... 3 tests <1b>[0;32mOK<1b>[0m <1b>[0;36m17ms<1b>[0m
----- FAILED[data]: test_pkg_nnet.R<47--50>
call| expect_identical(current = class(p), target = c("gg", "ggplot"))
diff| Lengths (2, 5) differ (string compare on first 2)
diff| 1 string mismatch
Error: 1 out of 22 tests failed
Execution halted
Flavor: r-devel-linux-x86_64-debian-gcc
Version: 0.4.1
Check: tests
Result: ERROR
Running ‘tinytest.R’ [21s/81s]
Running the tests in ‘tests/tinytest.R’ failed.
Complete output:
> if (requireNamespace("tinytest", quietly = TRUE)) {
+ home <- length(unclass(packageVersion("vip"))[[1L]]) == 4
+ tinytest::test_package("vip", at_home = home)
+ }
Attaching package: 'vip'
The following object is masked from 'package:utils':
vi
test_get_feature_names.R...... 0 tests
test_get_feature_names.R...... 0 tests
test_get_feature_names.R...... 0 tests
test_get_feature_names.R...... 1 tests <1b>[0;32mOK<1b>[0m
test_get_feature_names.R...... 2 tests <1b>[0;32mOK<1b>[0m
test_get_feature_names.R...... 3 tests <1b>[0;32mOK<1b>[0m
test_get_feature_names.R...... 3 tests <1b>[0;32mOK<1b>[0m
test_get_feature_names.R...... 3 tests <1b>[0;32mOK<1b>[0m
test_get_feature_names.R...... 3 tests <1b>[0;32mOK<1b>[0m
test_get_feature_names.R...... 3 tests <1b>[0;32mOK<1b>[0m
test_get_feature_names.R...... 3 tests <1b>[0;32mOK<1b>[0m
test_get_feature_names.R...... 4 tests <1b>[0;32mOK<1b>[0m
test_get_feature_names.R...... 5 tests <1b>[0;32mOK<1b>[0m <1b>[0;34m1.0s<1b>[0m
test_pkg_C50.R................ 0 tests <1b>[0;36m20ms<1b>[0m [Exited at #12: Package 'C50' missing]
test_pkg_Cubist.R............. 0 tests <1b>[0;36m19ms<1b>[0m [Exited at #5: Package 'caret' missing]
test_pkg_RSNNS.R.............. 0 tests <1b>[0;36m19ms<1b>[0m [Exited at #5: Package 'RSNNS' missing]
test_pkg_caret.R.............. 0 tests <1b>[0;36m19ms<1b>[0m [Exited at #12: Package 'caret' missing]
test_pkg_earth.R.............. 0 tests <1b>[0;36m20ms<1b>[0m [Exited at #7: Package 'earth' missing]
test_pkg_gbm.R................ 0 tests <1b>[0;36m24ms<1b>[0m [Exited at #12: Package 'gbm' missing]
test_pkg_glmnet.R............. 0 tests <1b>[0;36m32ms<1b>[0m [Exited at #12: Package 'glmnet' missing]
test_pkg_h2o.R................ 0 tests <1b>[0;36m19ms<1b>[0m [Exited at #5: Package 'h2o' missing]
test_pkg_lightgbm.R........... 0 tests <1b>[0;36m23ms<1b>[0m [Exited at #12: Package 'lightgbm' missing]
test_pkg_mixOmics.R........... 0 tests <1b>[0;36m27ms<1b>[0m [Exited at #12: Bioconductor package 'mixOmics' missing]
test_pkg_mlr.R................ 0 tests <1b>[0;36m4ms<1b>[0m [Exited at #5: Package 'mlr' missing]
test_pkg_mlr3.R............... 0 tests <1b>[0;36m24ms<1b>[0m [Exited at #5: Package 'mlr3' missing]
test_pkg_neuralnet.R.......... 0 tests <1b>[0;36m23ms<1b>[0m [Exited at #5: Package 'neuralnet' missing]
test_pkg_nnet.R............... 0 tests
test_pkg_nnet.R............... 0 tests
test_pkg_nnet.R............... 0 tests
test_pkg_nnet.R............... 0 tests
test_pkg_nnet.R............... 0 tests
test_pkg_nnet.R............... 0 tests
test_pkg_nnet.R............... 0 tests
test_pkg_nnet.R............... 1 tests <1b>[0;32mOK<1b>[0m
test_pkg_nnet.R............... 2 tests <1b>[0;32mOK<1b>[0m
test_pkg_nnet.R............... 3 tests <1b>[0;32mOK<1b>[0m
test_pkg_nnet.R............... 3 tests <1b>[0;32mOK<1b>[0m
test_pkg_nnet.R............... 4 tests <1b>[0;31m1 fails<1b>[0m <1b>[0;34m14.7s<1b>[0m
test_pkg_party.R.............. 0 tests
test_pkg_party.R.............. 0 tests
test_pkg_party.R.............. 0 tests
test_pkg_party.R.............. 0 tests
test_pkg_party.R.............. 0 tests
test_pkg_party.R.............. 0 tests
test_pkg_party.R.............. 0 tests
test_pkg_party.R.............. 0 tests
test_pkg_party.R.............. 0 tests
test_pkg_party.R.............. 0 tests
test_pkg_party.R.............. 0 tests
test_pkg_party.R.............. 0 tests
test_pkg_party.R.............. 0 tests
test_pkg_party.R.............. 0 tests
test_pkg_party.R.............. 0 tests
test_pkg_party.R.............. 1 tests <1b>[0;32mOK<1b>[0m
test_pkg_party.R.............. 2 tests <1b>[0;32mOK<1b>[0m
test_pkg_party.R.............. 3 tests <1b>[0;32mOK<1b>[0m
test_pkg_party.R.............. 4 tests <1b>[0;32mOK<1b>[0m
test_pkg_party.R.............. 5 tests <1b>[0;32mOK<1b>[0m
test_pkg_party.R.............. 6 tests <1b>[0;32mOK<1b>[0m <1b>[0;34m40.7s<1b>[0m
test_pkg_partykit.R........... 0 tests <1b>[0;36m16ms<1b>[0m [Exited at #7: Package 'partykit' missing]
test_pkg_pls.R................ 0 tests <1b>[0;36m3ms<1b>[0m [Exited at #5: Package 'caret' missing]
test_pkg_randomForest.R....... 0 tests <1b>[0;36m12ms<1b>[0m [Exited at #12: Package 'randomForest' missing]
test_pkg_ranger.R............. 0 tests <1b>[0;36m11ms<1b>[0m [Exited at #12: Package 'ranger' missing]
test_pkg_rpart.R.............. 0 tests <1b>[0;36m16ms<1b>[0m [Exited at #12: Package 'rpart' missing]
test_pkg_stats.R.............. 0 tests
test_pkg_stats.R.............. 0 tests
test_pkg_stats.R.............. 0 tests
test_pkg_stats.R.............. 0 tests
test_pkg_stats.R.............. 0 tests
test_pkg_stats.R.............. 0 tests
test_pkg_stats.R.............. 1 tests <1b>[0;32mOK<1b>[0m
test_pkg_stats.R.............. 2 tests <1b>[0;32mOK<1b>[0m
test_pkg_stats.R.............. 3 tests <1b>[0;32mOK<1b>[0m
test_pkg_stats.R.............. 4 tests <1b>[0;32mOK<1b>[0m <1b>[0;34m0.2s<1b>[0m
test_pkg_tidymodels.R......... 0 tests <1b>[0;36m15ms<1b>[0m [Exited at #5: Package 'ranger' missing]
test_pkg_xgboost.R............ 0 tests <1b>[0;36m16ms<1b>[0m [Exited at #12: Package 'xgboost' missing]
test_vi_firm.R................ 0 tests <1b>[0;34m0.1s<1b>[0m [Exited at #8: 'requireNamespace("ranger", quietly = TRUE)' is not TRUE]
test_vi_permute.R............. 0 tests <1b>[0;36m18ms<1b>[0m [Exited at #7: 'requireNamespace("ranger", quietly = TRUE)' is not TRUE]
test_vi_shap.R................ 0 tests
test_vi_shap.R................ 0 tests
test_vi_shap.R................ 0 tests
test_vi_shap.R................ 0 tests
test_vi_shap.R................ 0 tests
test_vi_shap.R................ 0 tests
test_vi_shap.R................ 0 tests
test_vi_shap.R................ 0 tests
test_vi_shap.R................ 0 tests
test_vi_shap.R................ 0 tests
test_vi_shap.R................ 0 tests <1b>[0;34m21.3s<1b>[0m
test_vip.R.................... 0 tests
test_vip.R.................... 0 tests
test_vip.R.................... 0 tests
test_vip.R.................... 0 tests
test_vip.R.................... 1 tests <1b>[0;32mOK<1b>[0m
test_vip.R.................... 2 tests <1b>[0;32mOK<1b>[0m
test_vip.R.................... 3 tests <1b>[0;32mOK<1b>[0m <1b>[0;36m79ms<1b>[0m
----- FAILED[data]: test_pkg_nnet.R<47--50>
call| expect_identical(current = class(p), target = c("gg", "ggplot"))
diff| Lengths (2, 5) differ (string compare on first 2)
diff| 1 string mismatch
Error: 1 out of 22 tests failed
Execution halted
Flavor: r-devel-linux-x86_64-fedora-clang
Version: 0.4.1
Check: tests
Result: ERROR
Running ‘tinytest.R’ [25s/28s]
Running the tests in ‘tests/tinytest.R’ failed.
Complete output:
> if (requireNamespace("tinytest", quietly = TRUE)) {
+ home <- length(unclass(packageVersion("vip"))[[1L]]) == 4
+ tinytest::test_package("vip", at_home = home)
+ }
Attaching package: 'vip'
The following object is masked from 'package:utils':
vi
test_get_feature_names.R...... 0 tests
test_get_feature_names.R...... 0 tests
test_get_feature_names.R...... 0 tests
test_get_feature_names.R...... 1 tests <1b>[0;32mOK<1b>[0m
test_get_feature_names.R...... 2 tests <1b>[0;32mOK<1b>[0m
test_get_feature_names.R...... 3 tests <1b>[0;32mOK<1b>[0m
test_get_feature_names.R...... 3 tests <1b>[0;32mOK<1b>[0m
test_get_feature_names.R...... 3 tests <1b>[0;32mOK<1b>[0m
test_get_feature_names.R...... 3 tests <1b>[0;32mOK<1b>[0m
test_get_feature_names.R...... 3 tests <1b>[0;32mOK<1b>[0m
test_get_feature_names.R...... 3 tests <1b>[0;32mOK<1b>[0m
test_get_feature_names.R...... 4 tests <1b>[0;32mOK<1b>[0m
test_get_feature_names.R...... 5 tests <1b>[0;32mOK<1b>[0m <1b>[0;34m0.2s<1b>[0m
test_pkg_C50.R................ 0 tests
test_pkg_C50.R................ 0 tests
test_pkg_C50.R................ 0 tests
test_pkg_C50.R................ 0 tests
test_pkg_C50.R................ 0 tests
test_pkg_C50.R................ 0 tests
test_pkg_C50.R................ 1 tests <1b>[0;32mOK<1b>[0m
test_pkg_C50.R................ 2 tests <1b>[0;32mOK<1b>[0m
test_pkg_C50.R................ 3 tests <1b>[0;32mOK<1b>[0m
test_pkg_C50.R................ 4 tests <1b>[0;32mOK<1b>[0m
test_pkg_C50.R................ 5 tests <1b>[0;32mOK<1b>[0m <1b>[0;34m3.6s<1b>[0m
test_pkg_Cubist.R............. 0 tests
test_pkg_Cubist.R............. 0 tests
test_pkg_Cubist.R............. 0 tests
test_pkg_Cubist.R............. 0 tests
test_pkg_Cubist.R............. 0 tests
test_pkg_Cubist.R............. 0 tests
test_pkg_Cubist.R............. 1 tests <1b>[0;32mOK<1b>[0m
test_pkg_Cubist.R............. 2 tests <1b>[0;32mOK<1b>[0m <1b>[0;34m4.4s<1b>[0m
test_pkg_RSNNS.R.............. 0 tests
test_pkg_RSNNS.R.............. 0 tests
test_pkg_RSNNS.R.............. 0 tests
test_pkg_RSNNS.R.............. 0 tests
test_pkg_RSNNS.R.............. 0 tests
test_pkg_RSNNS.R.............. 0 tests
test_pkg_RSNNS.R.............. 0 tests
test_pkg_RSNNS.R.............. 1 tests <1b>[0;32mOK<1b>[0m
test_pkg_RSNNS.R.............. 2 tests <1b>[0;32mOK<1b>[0m <1b>[0;34m2.0s<1b>[0m
test_pkg_caret.R.............. 0 tests
test_pkg_caret.R.............. 0 tests Loading required package: ggplot2
Loading required package: lattice
test_pkg_caret.R.............. 0 tests
test_pkg_caret.R.............. 0 tests
test_pkg_caret.R.............. 0 tests
test_pkg_caret.R.............. 1 tests <1b>[0;32mOK<1b>[0m
test_pkg_caret.R.............. 2 tests <1b>[0;32mOK<1b>[0m <1b>[0;34m1.2s<1b>[0m
test_pkg_earth.R.............. 0 tests
test_pkg_earth.R.............. 0 tests
test_pkg_earth.R.............. 0 tests
test_pkg_earth.R.............. 0 tests
test_pkg_earth.R.............. 0 tests
test_pkg_earth.R.............. 0 tests
test_pkg_earth.R.............. 0 tests
test_pkg_earth.R.............. 0 tests
test_pkg_earth.R.............. 1 tests <1b>[0;32mOK<1b>[0m
test_pkg_earth.R.............. 2 tests <1b>[0;32mOK<1b>[0m
test_pkg_earth.R.............. 3 tests <1b>[0;32mOK<1b>[0m
test_pkg_earth.R.............. 4 tests <1b>[0;32mOK<1b>[0m <1b>[0;34m0.2s<1b>[0m
test_pkg_gbm.R................ 0 tests
test_pkg_gbm.R................ 0 tests
test_pkg_gbm.R................ 0 tests
test_pkg_gbm.R................ 0 tests
test_pkg_gbm.R................ 0 tests
test_pkg_gbm.R................ 0 tests
test_pkg_gbm.R................ 0 tests
test_pkg_gbm.R................ 0 tests
test_pkg_gbm.R................ 0 tests
test_pkg_gbm.R................ 0 tests
test_pkg_gbm.R................ 1 tests <1b>[0;32mOK<1b>[0m
test_pkg_gbm.R................ 2 tests <1b>[0;32mOK<1b>[0m
test_pkg_gbm.R................ 3 tests <1b>[0;32mOK<1b>[0m <1b>[0;34m0.2s<1b>[0m
test_pkg_glmnet.R............. 0 tests
test_pkg_glmnet.R............. 0 tests
test_pkg_glmnet.R............. 0 tests
test_pkg_glmnet.R............. 0 tests
test_pkg_glmnet.R............. 0 tests
test_pkg_glmnet.R............. 0 tests
test_pkg_glmnet.R............. 0 tests
test_pkg_glmnet.R............. 0 tests
test_pkg_glmnet.R............. 0 tests
test_pkg_glmnet.R............. 1 tests <1b>[0;32mOK<1b>[0m
test_pkg_glmnet.R............. 2 tests <1b>[0;32mOK<1b>[0m
test_pkg_glmnet.R............. 3 tests <1b>[0;32mOK<1b>[0m
test_pkg_glmnet.R............. 4 tests <1b>[0;32mOK<1b>[0m
test_pkg_glmnet.R............. 5 tests <1b>[0;32mOK<1b>[0m
test_pkg_glmnet.R............. 6 tests <1b>[0;32mOK<1b>[0m
test_pkg_glmnet.R............. 7 tests <1b>[0;32mOK<1b>[0m
test_pkg_glmnet.R............. 8 tests <1b>[0;32mOK<1b>[0m
test_pkg_glmnet.R............. 9 tests <1b>[0;32mOK<1b>[0m <1b>[0;34m0.6s<1b>[0m
test_pkg_h2o.R................ 0 tests
test_pkg_h2o.R................ 0 tests <1b>[0;34m0.7s<1b>[0m [Exited at #10: Skip h2o tests for CRAN releases]
test_pkg_lightgbm.R........... 0 tests
test_pkg_lightgbm.R........... 0 tests
test_pkg_lightgbm.R........... 0 tests
test_pkg_lightgbm.R........... 0 tests
test_pkg_lightgbm.R........... 0 tests
test_pkg_lightgbm.R........... 0 tests
test_pkg_lightgbm.R........... 0 tests
test_pkg_lightgbm.R........... 0 tests
test_pkg_lightgbm.R........... 1 tests <1b>[0;32mOK<1b>[0m
test_pkg_lightgbm.R........... 2 tests <1b>[0;32mOK<1b>[0m
test_pkg_lightgbm.R........... 3 tests <1b>[0;32mOK<1b>[0m
test_pkg_lightgbm.R........... 4 tests <1b>[0;32mOK<1b>[0m
test_pkg_lightgbm.R........... 5 tests <1b>[0;32mOK<1b>[0m
test_pkg_lightgbm.R........... 5 tests <1b>[0;32mOK<1b>[0m
test_pkg_lightgbm.R........... 6 tests <1b>[0;31m1 fails<1b>[0m <1b>[0;34m10.9s<1b>[0m
test_pkg_mixOmics.R........... 0 tests
test_pkg_mixOmics.R........... 0 tests
test_pkg_mixOmics.R........... 0 tests
test_pkg_mixOmics.R........... 0 tests
test_pkg_mixOmics.R........... 0 tests
test_pkg_mixOmics.R........... 0 tests
test_pkg_mixOmics.R........... 0 tests
test_pkg_mixOmics.R........... 0 tests
test_pkg_mixOmics.R........... 0 tests
test_pkg_mixOmics.R........... 0 tests
test_pkg_mixOmics.R........... 0 tests
test_pkg_mixOmics.R........... 12 tests <1b>[0;32mOK<1b>[0m
test_pkg_mixOmics.R........... 12 tests <1b>[0;32mOK<1b>[0m
test_pkg_mixOmics.R........... 13 tests <1b>[0;32mOK<1b>[0m
test_pkg_mixOmics.R........... 13 tests <1b>[0;32mOK<1b>[0m
test_pkg_mixOmics.R........... 14 tests <1b>[0;32mOK<1b>[0m
test_pkg_mixOmics.R........... 14 tests <1b>[0;32mOK<1b>[0m
test_pkg_mixOmics.R........... 15 tests <1b>[0;32mOK<1b>[0m
test_pkg_mixOmics.R........... 15 tests <1b>[0;32mOK<1b>[0m
test_pkg_mixOmics.R........... 16 tests <1b>[0;32mOK<1b>[0m
test_pkg_mixOmics.R........... 17 tests <1b>[0;32mOK<1b>[0m
test_pkg_mixOmics.R........... 18 tests <1b>[0;32mOK<1b>[0m
test_pkg_mixOmics.R........... 19 tests <1b>[0;32mOK<1b>[0m <1b>[0;34m0.6s<1b>[0m
test_pkg_mlr.R................ 0 tests
test_pkg_mlr.R................ 0 tests
test_pkg_mlr.R................ 0 tests
test_pkg_mlr.R................ 0 tests
test_pkg_mlr.R................ 0 tests
test_pkg_mlr.R................ 0 tests
test_pkg_mlr.R................ 0 tests
test_pkg_mlr.R................ 0 tests
test_pkg_mlr.R................ 1 tests <1b>[0;32mOK<1b>[0m
test_pkg_mlr.R................ 2 tests <1b>[0;32mOK<1b>[0m
test_pkg_mlr.R................ 3 tests <1b>[0;32mOK<1b>[0m <1b>[0;34m1.4s<1b>[0m
test_pkg_mlr3.R............... 0 tests
test_pkg_mlr3.R............... 0 tests
test_pkg_mlr3.R............... 0 tests
test_pkg_mlr3.R............... 0 tests
test_pkg_mlr3.R............... 0 tests
test_pkg_mlr3.R............... 0 tests
test_pkg_mlr3.R............... 0 tests
test_pkg_mlr3.R............... 1 tests <1b>[0;32mOK<1b>[0m
test_pkg_mlr3.R............... 2 tests <1b>[0;32mOK<1b>[0m
test_pkg_mlr3.R............... 2 tests <1b>[0;32mOK<1b>[0m Error: Model-specific variable importance scores are currently not available for this type of model.
In addition: Warning messages:
1: In callback() :
Packages 'paradox' and 'ParamHelpers' are conflicting and should not be loaded in the same session
2: In callback() :
Packages 'mlr3' and 'mlr' are conflicting and should not be loaded in the same session
Execution halted
Flavor: r-devel-linux-x86_64-fedora-gcc
Version: 0.4.1
Check: tests
Result: ERROR
Running 'tinytest.R' [10s]
Running the tests in 'tests/tinytest.R' failed.
Complete output:
> if (requireNamespace("tinytest", quietly = TRUE)) {
+ home <- length(unclass(packageVersion("vip"))[[1L]]) == 4
+ tinytest::test_package("vip", at_home = home)
+ }
Attaching package: 'vip'
The following object is masked from 'package:utils':
vi
test_get_feature_names.R...... 0 tests
test_get_feature_names.R...... 0 tests
test_get_feature_names.R...... 0 tests
test_get_feature_names.R...... 1 tests <1b>[0;32mOK<1b>[0m
test_get_feature_names.R...... 2 tests <1b>[0;32mOK<1b>[0m
test_get_feature_names.R...... 3 tests <1b>[0;32mOK<1b>[0m
test_get_feature_names.R...... 3 tests <1b>[0;32mOK<1b>[0m
test_get_feature_names.R...... 3 tests <1b>[0;32mOK<1b>[0m
test_get_feature_names.R...... 3 tests <1b>[0;32mOK<1b>[0m
test_get_feature_names.R...... 3 tests <1b>[0;32mOK<1b>[0m
test_get_feature_names.R...... 3 tests <1b>[0;32mOK<1b>[0m
test_get_feature_names.R...... 4 tests <1b>[0;32mOK<1b>[0m
test_get_feature_names.R...... 5 tests <1b>[0;32mOK<1b>[0m <1b>[0;34m0.1s<1b>[0m
test_pkg_C50.R................ 0 tests <1b>[0;36m2ms<1b>[0m [Exited at #12: Package 'C50' missing]
test_pkg_Cubist.R............. 0 tests <1b>[0;36m2ms<1b>[0m [Exited at #5: Package 'caret' missing]
test_pkg_RSNNS.R.............. 0 tests <1b>[0;36m2ms<1b>[0m [Exited at #5: Package 'RSNNS' missing]
test_pkg_caret.R.............. 0 tests <1b>[0;36m3ms<1b>[0m [Exited at #12: Package 'caret' missing]
test_pkg_earth.R.............. 0 tests <1b>[0;36m3ms<1b>[0m [Exited at #7: Package 'earth' missing]
test_pkg_gbm.R................ 0 tests <1b>[0;36m3ms<1b>[0m [Exited at #12: Package 'gbm' missing]
test_pkg_glmnet.R............. 0 tests <1b>[0;36m3ms<1b>[0m [Exited at #12: Package 'glmnet' missing]
test_pkg_h2o.R................ 0 tests <1b>[0;36m3ms<1b>[0m [Exited at #5: Package 'h2o' missing]
test_pkg_lightgbm.R........... 0 tests <1b>[0;36m3ms<1b>[0m [Exited at #12: Package 'lightgbm' missing]
test_pkg_mixOmics.R........... 0 tests <1b>[0;36m3ms<1b>[0m [Exited at #12: Bioconductor package 'mixOmics' missing]
test_pkg_mlr.R................ 0 tests <1b>[0;36m3ms<1b>[0m [Exited at #5: Package 'mlr' missing]
test_pkg_mlr3.R............... 0 tests <1b>[0;36m4ms<1b>[0m [Exited at #5: Package 'mlr3' missing]
test_pkg_neuralnet.R.......... 0 tests <1b>[0;36m4ms<1b>[0m [Exited at #5: Package 'neuralnet' missing]
test_pkg_nnet.R............... 0 tests
test_pkg_nnet.R............... 0 tests
test_pkg_nnet.R............... 0 tests
test_pkg_nnet.R............... 0 tests
test_pkg_nnet.R............... 0 tests
test_pkg_nnet.R............... 0 tests
test_pkg_nnet.R............... 0 tests
test_pkg_nnet.R............... 1 tests <1b>[0;32mOK<1b>[0m
test_pkg_nnet.R............... 2 tests <1b>[0;32mOK<1b>[0m
test_pkg_nnet.R............... 3 tests <1b>[0;32mOK<1b>[0m
test_pkg_nnet.R............... 3 tests <1b>[0;32mOK<1b>[0m
test_pkg_nnet.R............... 4 tests <1b>[0;31m1 fails<1b>[0m <1b>[0;34m1.8s<1b>[0m
test_pkg_party.R.............. 0 tests
test_pkg_party.R.............. 0 tests
test_pkg_party.R.............. 0 tests
test_pkg_party.R.............. 0 tests
test_pkg_party.R.............. 0 tests
test_pkg_party.R.............. 0 tests
test_pkg_party.R.............. 0 tests
test_pkg_party.R.............. 0 tests
test_pkg_party.R.............. 0 tests
test_pkg_party.R.............. 0 tests
test_pkg_party.R.............. 0 tests
test_pkg_party.R.............. 0 tests
test_pkg_party.R.............. 0 tests
test_pkg_party.R.............. 0 tests
test_pkg_party.R.............. 0 tests
test_pkg_party.R.............. 1 tests <1b>[0;32mOK<1b>[0m
test_pkg_party.R.............. 2 tests <1b>[0;32mOK<1b>[0m
test_pkg_party.R.............. 3 tests <1b>[0;32mOK<1b>[0m
test_pkg_party.R.............. 4 tests <1b>[0;32mOK<1b>[0m
test_pkg_party.R.............. 5 tests <1b>[0;32mOK<1b>[0m
test_pkg_party.R.............. 6 tests <1b>[0;32mOK<1b>[0m <1b>[0;34m5.6s<1b>[0m
test_pkg_partykit.R........... 0 tests <1b>[0;36m2ms<1b>[0m [Exited at #7: Package 'partykit' missing]
test_pkg_pls.R................ 0 tests <1b>[0;36m2ms<1b>[0m [Exited at #5: Package 'caret' missing]
test_pkg_randomForest.R....... 0 tests <1b>[0;36m2ms<1b>[0m [Exited at #12: Package 'randomForest' missing]
test_pkg_ranger.R............. 0 tests <1b>[0;36m2ms<1b>[0m [Exited at #12: Package 'ranger' missing]
test_pkg_rpart.R.............. 0 tests <1b>[0;36m2ms<1b>[0m [Exited at #12: Package 'rpart' missing]
test_pkg_stats.R.............. 0 tests
test_pkg_stats.R.............. 0 tests
test_pkg_stats.R.............. 0 tests
test_pkg_stats.R.............. 0 tests
test_pkg_stats.R.............. 0 tests
test_pkg_stats.R.............. 0 tests
test_pkg_stats.R.............. 1 tests <1b>[0;32mOK<1b>[0m
test_pkg_stats.R.............. 2 tests <1b>[0;32mOK<1b>[0m
test_pkg_stats.R.............. 3 tests <1b>[0;32mOK<1b>[0m
test_pkg_stats.R.............. 4 tests <1b>[0;32mOK<1b>[0m <1b>[0;36m21ms<1b>[0m
test_pkg_tidymodels.R......... 0 tests <1b>[0;36m4ms<1b>[0m [Exited at #5: Package 'ranger' missing]
test_pkg_xgboost.R............ 0 tests <1b>[0;36m3ms<1b>[0m [Exited at #12: Package 'xgboost' missing]
test_vi_firm.R................ 0 tests <1b>[0;36m20ms<1b>[0m [Exited at #8: 'requireNamespace("ranger", quietly = TRUE)' is not TRUE]
test_vi_permute.R............. 0 tests <1b>[0;36m3ms<1b>[0m [Exited at #7: 'requireNamespace("ranger", quietly = TRUE)' is not TRUE]
test_vi_shap.R................ 0 tests
test_vi_shap.R................ 0 tests
test_vi_shap.R................ 0 tests
test_vi_shap.R................ 0 tests
test_vi_shap.R................ 0 tests
test_vi_shap.R................ 0 tests
test_vi_shap.R................ 0 tests
test_vi_shap.R................ 0 tests
test_vi_shap.R................ 0 tests
test_vi_shap.R................ 0 tests
test_vi_shap.R................ 0 tests <1b>[0;34m2.3s<1b>[0m
test_vip.R.................... 0 tests
test_vip.R.................... 0 tests
test_vip.R.................... 0 tests
test_vip.R.................... 0 tests
test_vip.R.................... 1 tests <1b>[0;32mOK<1b>[0m
test_vip.R.................... 2 tests <1b>[0;32mOK<1b>[0m
test_vip.R.................... 3 tests <1b>[0;32mOK<1b>[0m <1b>[0;36m11ms<1b>[0m
----- FAILED[data]: test_pkg_nnet.R<47--50>
call| expect_identical(current = class(p), target = c("gg", "ggplot"))
diff| Lengths (2, 5) differ (string compare on first 2)
diff| 1 string mismatch
Error: 1 out of 22 tests failed
Execution halted
Flavor: r-devel-windows-x86_64
Version: 0.4.1
Check: tests
Result: ERROR
Running ‘tinytest.R’ [12s/13s]
Running the tests in ‘tests/tinytest.R’ failed.
Complete output:
> if (requireNamespace("tinytest", quietly = TRUE)) {
+ home <- length(unclass(packageVersion("vip"))[[1L]]) == 4
+ tinytest::test_package("vip", at_home = home)
+ }
Attaching package: 'vip'
The following object is masked from 'package:utils':
vi
test_get_feature_names.R...... 0 tests
test_get_feature_names.R...... 0 tests
test_get_feature_names.R...... 0 tests
test_get_feature_names.R...... 1 tests <1b>[0;32mOK<1b>[0m
test_get_feature_names.R...... 2 tests <1b>[0;32mOK<1b>[0m
test_get_feature_names.R...... 3 tests <1b>[0;32mOK<1b>[0m
test_get_feature_names.R...... 3 tests <1b>[0;32mOK<1b>[0m
test_get_feature_names.R...... 3 tests <1b>[0;32mOK<1b>[0m
test_get_feature_names.R...... 3 tests <1b>[0;32mOK<1b>[0m
test_get_feature_names.R...... 3 tests <1b>[0;32mOK<1b>[0m
test_get_feature_names.R...... 3 tests <1b>[0;32mOK<1b>[0m
test_get_feature_names.R...... 4 tests <1b>[0;32mOK<1b>[0m
test_get_feature_names.R...... 5 tests <1b>[0;32mOK<1b>[0m <1b>[0;34m0.1s<1b>[0m
test_pkg_C50.R................ 0 tests <1b>[0;36m7ms<1b>[0m [Exited at #12: Package 'C50' missing]
test_pkg_Cubist.R............. 0 tests <1b>[0;36m2ms<1b>[0m [Exited at #5: Package 'caret' missing]
test_pkg_RSNNS.R.............. 0 tests <1b>[0;36m4ms<1b>[0m [Exited at #5: Package 'RSNNS' missing]
test_pkg_caret.R.............. 0 tests <1b>[0;36m19ms<1b>[0m [Exited at #12: Package 'caret' missing]
test_pkg_earth.R.............. 0 tests <1b>[0;36m2ms<1b>[0m [Exited at #7: Package 'earth' missing]
test_pkg_gbm.R................ 0 tests <1b>[0;36m2ms<1b>[0m [Exited at #12: Package 'gbm' missing]
test_pkg_glmnet.R............. 0 tests <1b>[0;36m2ms<1b>[0m [Exited at #12: Package 'glmnet' missing]
test_pkg_h2o.R................ 0 tests <1b>[0;36m4ms<1b>[0m [Exited at #5: Package 'h2o' missing]
test_pkg_lightgbm.R........... 0 tests <1b>[0;36m3ms<1b>[0m [Exited at #12: Package 'lightgbm' missing]
test_pkg_mixOmics.R........... 0 tests <1b>[0;36m9ms<1b>[0m [Exited at #12: Bioconductor package 'mixOmics' missing]
test_pkg_mlr.R................ 0 tests <1b>[0;36m2ms<1b>[0m [Exited at #5: Package 'mlr' missing]
test_pkg_mlr3.R............... 0 tests <1b>[0;36m4ms<1b>[0m [Exited at #5: Package 'mlr3' missing]
test_pkg_neuralnet.R.......... 0 tests <1b>[0;36m2ms<1b>[0m [Exited at #5: Package 'neuralnet' missing]
test_pkg_nnet.R............... 0 tests
test_pkg_nnet.R............... 0 tests
test_pkg_nnet.R............... 0 tests
test_pkg_nnet.R............... 0 tests
test_pkg_nnet.R............... 0 tests
test_pkg_nnet.R............... 0 tests
test_pkg_nnet.R............... 0 tests
test_pkg_nnet.R............... 1 tests <1b>[0;32mOK<1b>[0m
test_pkg_nnet.R............... 2 tests <1b>[0;32mOK<1b>[0m
test_pkg_nnet.R............... 3 tests <1b>[0;32mOK<1b>[0m
test_pkg_nnet.R............... 3 tests <1b>[0;32mOK<1b>[0m
test_pkg_nnet.R............... 4 tests <1b>[0;31m1 fails<1b>[0m <1b>[0;34m2.5s<1b>[0m
test_pkg_party.R.............. 0 tests
test_pkg_party.R.............. 0 tests
test_pkg_party.R.............. 0 tests
test_pkg_party.R.............. 0 tests
test_pkg_party.R.............. 0 tests
test_pkg_party.R.............. 0 tests
test_pkg_party.R.............. 0 tests
test_pkg_party.R.............. 0 tests
test_pkg_party.R.............. 0 tests
test_pkg_party.R.............. 0 tests
test_pkg_party.R.............. 0 tests
test_pkg_party.R.............. 0 tests
test_pkg_party.R.............. 0 tests
test_pkg_party.R.............. 0 tests
test_pkg_party.R.............. 0 tests
test_pkg_party.R.............. 1 tests <1b>[0;32mOK<1b>[0m
test_pkg_party.R.............. 2 tests <1b>[0;32mOK<1b>[0m
test_pkg_party.R.............. 3 tests <1b>[0;32mOK<1b>[0m
test_pkg_party.R.............. 4 tests <1b>[0;32mOK<1b>[0m
test_pkg_party.R.............. 5 tests <1b>[0;32mOK<1b>[0m
test_pkg_party.R.............. 6 tests <1b>[0;32mOK<1b>[0m <1b>[0;34m6.5s<1b>[0m
test_pkg_partykit.R........... 0 tests <1b>[0;36m8ms<1b>[0m [Exited at #7: Package 'partykit' missing]
test_pkg_pls.R................ 0 tests <1b>[0;36m2ms<1b>[0m [Exited at #5: Package 'caret' missing]
test_pkg_randomForest.R....... 0 tests <1b>[0;36m6ms<1b>[0m [Exited at #12: Package 'randomForest' missing]
test_pkg_ranger.R............. 0 tests <1b>[0;36m7ms<1b>[0m [Exited at #12: Package 'ranger' missing]
test_pkg_rpart.R.............. 0 tests <1b>[0;36m3ms<1b>[0m [Exited at #12: Package 'rpart' missing]
test_pkg_stats.R.............. 0 tests
test_pkg_stats.R.............. 0 tests
test_pkg_stats.R.............. 0 tests
test_pkg_stats.R.............. 0 tests
test_pkg_stats.R.............. 0 tests
test_pkg_stats.R.............. 0 tests
test_pkg_stats.R.............. 1 tests <1b>[0;32mOK<1b>[0m
test_pkg_stats.R.............. 2 tests <1b>[0;32mOK<1b>[0m
test_pkg_stats.R.............. 3 tests <1b>[0;32mOK<1b>[0m
test_pkg_stats.R.............. 4 tests <1b>[0;32mOK<1b>[0m <1b>[0;36m38ms<1b>[0m
test_pkg_tidymodels.R......... 0 tests <1b>[0;36m3ms<1b>[0m [Exited at #5: Package 'ranger' missing]
test_pkg_xgboost.R............ 0 tests <1b>[0;36m7ms<1b>[0m [Exited at #12: Package 'xgboost' missing]
test_vi_firm.R................ 0 tests <1b>[0;36m38ms<1b>[0m [Exited at #8: 'requireNamespace("ranger", quietly = TRUE)' is not TRUE]
test_vi_permute.R............. 0 tests <1b>[0;36m7ms<1b>[0m [Exited at #7: 'requireNamespace("ranger", quietly = TRUE)' is not TRUE]
test_vi_shap.R................ 0 tests
test_vi_shap.R................ 0 tests
test_vi_shap.R................ 0 tests
test_vi_shap.R................ 0 tests
test_vi_shap.R................ 0 tests
test_vi_shap.R................ 0 tests
test_vi_shap.R................ 0 tests
test_vi_shap.R................ 0 tests
test_vi_shap.R................ 0 tests
test_vi_shap.R................ 0 tests
test_vi_shap.R................ 0 tests <1b>[0;34m3.4s<1b>[0m
test_vip.R.................... 0 tests
test_vip.R.................... 0 tests
test_vip.R.................... 0 tests
test_vip.R.................... 0 tests
test_vip.R.................... 1 tests <1b>[0;32mOK<1b>[0m
test_vip.R.................... 2 tests <1b>[0;32mOK<1b>[0m
test_vip.R.................... 3 tests <1b>[0;32mOK<1b>[0m <1b>[0;36m12ms<1b>[0m
----- FAILED[data]: test_pkg_nnet.R<47--50>
call| expect_identical(current = class(p), target = c("gg", "ggplot"))
diff| Lengths (2, 5) differ (string compare on first 2)
diff| 1 string mismatch
Error: 1 out of 22 tests failed
Execution halted
Flavor: r-patched-linux-x86_64
Version: 0.4.1
Check: tests
Result: ERROR
Running ‘tinytest.R’ [12s/17s]
Running the tests in ‘tests/tinytest.R’ failed.
Complete output:
> if (requireNamespace("tinytest", quietly = TRUE)) {
+ home <- length(unclass(packageVersion("vip"))[[1L]]) == 4
+ tinytest::test_package("vip", at_home = home)
+ }
Attaching package: 'vip'
The following object is masked from 'package:utils':
vi
test_get_feature_names.R...... 0 tests
test_get_feature_names.R...... 0 tests
test_get_feature_names.R...... 0 tests
test_get_feature_names.R...... 1 tests <1b>[0;32mOK<1b>[0m
test_get_feature_names.R...... 2 tests <1b>[0;32mOK<1b>[0m
test_get_feature_names.R...... 3 tests <1b>[0;32mOK<1b>[0m
test_get_feature_names.R...... 3 tests <1b>[0;32mOK<1b>[0m
test_get_feature_names.R...... 3 tests <1b>[0;32mOK<1b>[0m
test_get_feature_names.R...... 3 tests <1b>[0;32mOK<1b>[0m
test_get_feature_names.R...... 3 tests <1b>[0;32mOK<1b>[0m
test_get_feature_names.R...... 3 tests <1b>[0;32mOK<1b>[0m
test_get_feature_names.R...... 4 tests <1b>[0;32mOK<1b>[0m
test_get_feature_names.R...... 5 tests <1b>[0;32mOK<1b>[0m <1b>[0;34m0.2s<1b>[0m
test_pkg_C50.R................ 0 tests <1b>[0;36m3ms<1b>[0m [Exited at #12: Package 'C50' missing]
test_pkg_Cubist.R............. 0 tests <1b>[0;36m8ms<1b>[0m [Exited at #5: Package 'caret' missing]
test_pkg_RSNNS.R.............. 0 tests <1b>[0;36m2ms<1b>[0m [Exited at #5: Package 'RSNNS' missing]
test_pkg_caret.R.............. 0 tests <1b>[0;36m17ms<1b>[0m [Exited at #12: Package 'caret' missing]
test_pkg_earth.R.............. 0 tests <1b>[0;36m2ms<1b>[0m [Exited at #7: Package 'earth' missing]
test_pkg_gbm.R................ 0 tests <1b>[0;36m9ms<1b>[0m [Exited at #12: Package 'gbm' missing]
test_pkg_glmnet.R............. 0 tests <1b>[0;36m2ms<1b>[0m [Exited at #12: Package 'glmnet' missing]
test_pkg_h2o.R................ 0 tests <1b>[0;36m9ms<1b>[0m [Exited at #5: Package 'h2o' missing]
test_pkg_lightgbm.R........... 0 tests <1b>[0;36m2ms<1b>[0m [Exited at #12: Package 'lightgbm' missing]
test_pkg_mixOmics.R........... 0 tests <1b>[0;36m9ms<1b>[0m [Exited at #12: Bioconductor package 'mixOmics' missing]
test_pkg_mlr.R................ 0 tests <1b>[0;36m2ms<1b>[0m [Exited at #5: Package 'mlr' missing]
test_pkg_mlr3.R............... 0 tests <1b>[0;36m2ms<1b>[0m [Exited at #5: Package 'mlr3' missing]
test_pkg_neuralnet.R.......... 0 tests <1b>[0;36m6ms<1b>[0m [Exited at #5: Package 'neuralnet' missing]
test_pkg_nnet.R............... 0 tests
test_pkg_nnet.R............... 0 tests
test_pkg_nnet.R............... 0 tests
test_pkg_nnet.R............... 0 tests
test_pkg_nnet.R............... 0 tests
test_pkg_nnet.R............... 0 tests
test_pkg_nnet.R............... 0 tests
test_pkg_nnet.R............... 1 tests <1b>[0;32mOK<1b>[0m
test_pkg_nnet.R............... 2 tests <1b>[0;32mOK<1b>[0m
test_pkg_nnet.R............... 3 tests <1b>[0;32mOK<1b>[0m
test_pkg_nnet.R............... 3 tests <1b>[0;32mOK<1b>[0m
test_pkg_nnet.R............... 4 tests <1b>[0;31m1 fails<1b>[0m <1b>[0;34m2.5s<1b>[0m
test_pkg_party.R.............. 0 tests
test_pkg_party.R.............. 0 tests
test_pkg_party.R.............. 0 tests
test_pkg_party.R.............. 0 tests
test_pkg_party.R.............. 0 tests
test_pkg_party.R.............. 0 tests
test_pkg_party.R.............. 0 tests
test_pkg_party.R.............. 0 tests
test_pkg_party.R.............. 0 tests
test_pkg_party.R.............. 0 tests
test_pkg_party.R.............. 0 tests
test_pkg_party.R.............. 0 tests
test_pkg_party.R.............. 0 tests
test_pkg_party.R.............. 0 tests
test_pkg_party.R.............. 0 tests
test_pkg_party.R.............. 1 tests <1b>[0;32mOK<1b>[0m
test_pkg_party.R.............. 2 tests <1b>[0;32mOK<1b>[0m
test_pkg_party.R.............. 3 tests <1b>[0;32mOK<1b>[0m
test_pkg_party.R.............. 4 tests <1b>[0;32mOK<1b>[0m
test_pkg_party.R.............. 5 tests <1b>[0;32mOK<1b>[0m
test_pkg_party.R.............. 6 tests <1b>[0;32mOK<1b>[0m <1b>[0;34m8.7s<1b>[0m
test_pkg_partykit.R........... 0 tests <1b>[0;36m8ms<1b>[0m [Exited at #7: Package 'partykit' missing]
test_pkg_pls.R................ 0 tests <1b>[0;36m2ms<1b>[0m [Exited at #5: Package 'caret' missing]
test_pkg_randomForest.R....... 0 tests <1b>[0;36m6ms<1b>[0m [Exited at #12: Package 'randomForest' missing]
test_pkg_ranger.R............. 0 tests <1b>[0;36m7ms<1b>[0m [Exited at #12: Package 'ranger' missing]
test_pkg_rpart.R.............. 0 tests <1b>[0;36m7ms<1b>[0m [Exited at #12: Package 'rpart' missing]
test_pkg_stats.R.............. 0 tests
test_pkg_stats.R.............. 0 tests
test_pkg_stats.R.............. 0 tests
test_pkg_stats.R.............. 0 tests
test_pkg_stats.R.............. 0 tests
test_pkg_stats.R.............. 0 tests
test_pkg_stats.R.............. 1 tests <1b>[0;32mOK<1b>[0m
test_pkg_stats.R.............. 2 tests <1b>[0;32mOK<1b>[0m
test_pkg_stats.R.............. 3 tests <1b>[0;32mOK<1b>[0m
test_pkg_stats.R.............. 4 tests <1b>[0;32mOK<1b>[0m <1b>[0;36m56ms<1b>[0m
test_pkg_tidymodels.R......... 0 tests <1b>[0;36m7ms<1b>[0m [Exited at #5: Package 'ranger' missing]
test_pkg_xgboost.R............ 0 tests <1b>[0;36m7ms<1b>[0m [Exited at #12: Package 'xgboost' missing]
test_vi_firm.R................ 0 tests <1b>[0;36m43ms<1b>[0m [Exited at #8: 'requireNamespace("ranger", quietly = TRUE)' is not TRUE]
test_vi_permute.R............. 0 tests <1b>[0;36m4ms<1b>[0m [Exited at #7: 'requireNamespace("ranger", quietly = TRUE)' is not TRUE]
test_vi_shap.R................ 0 tests
test_vi_shap.R................ 0 tests
test_vi_shap.R................ 0 tests
test_vi_shap.R................ 0 tests
test_vi_shap.R................ 0 tests
test_vi_shap.R................ 0 tests
test_vi_shap.R................ 0 tests
test_vi_shap.R................ 0 tests
test_vi_shap.R................ 0 tests
test_vi_shap.R................ 0 tests
test_vi_shap.R................ 0 tests <1b>[0;34m4.6s<1b>[0m
test_vip.R.................... 0 tests
test_vip.R.................... 0 tests
test_vip.R.................... 0 tests
test_vip.R.................... 0 tests
test_vip.R.................... 1 tests <1b>[0;32mOK<1b>[0m
test_vip.R.................... 2 tests <1b>[0;32mOK<1b>[0m
test_vip.R.................... 3 tests <1b>[0;32mOK<1b>[0m <1b>[0;36m12ms<1b>[0m
----- FAILED[data]: test_pkg_nnet.R<47--50>
call| expect_identical(current = class(p), target = c("gg", "ggplot"))
diff| Lengths (2, 5) differ (string compare on first 2)
diff| 1 string mismatch
Error: 1 out of 22 tests failed
Execution halted
Flavor: r-release-linux-x86_64
Version: 0.4.1
Check: tests
Result: ERROR
Running 'tinytest.R' [10s]
Running the tests in 'tests/tinytest.R' failed.
Complete output:
> if (requireNamespace("tinytest", quietly = TRUE)) {
+ home <- length(unclass(packageVersion("vip"))[[1L]]) == 4
+ tinytest::test_package("vip", at_home = home)
+ }
Attaching package: 'vip'
The following object is masked from 'package:utils':
vi
test_get_feature_names.R...... 0 tests
test_get_feature_names.R...... 0 tests
test_get_feature_names.R...... 0 tests
test_get_feature_names.R...... 1 tests <1b>[0;32mOK<1b>[0m
test_get_feature_names.R...... 2 tests <1b>[0;32mOK<1b>[0m
test_get_feature_names.R...... 3 tests <1b>[0;32mOK<1b>[0m
test_get_feature_names.R...... 3 tests <1b>[0;32mOK<1b>[0m
test_get_feature_names.R...... 3 tests <1b>[0;32mOK<1b>[0m
test_get_feature_names.R...... 3 tests <1b>[0;32mOK<1b>[0m
test_get_feature_names.R...... 3 tests <1b>[0;32mOK<1b>[0m
test_get_feature_names.R...... 3 tests <1b>[0;32mOK<1b>[0m
test_get_feature_names.R...... 4 tests <1b>[0;32mOK<1b>[0m
test_get_feature_names.R...... 5 tests <1b>[0;32mOK<1b>[0m <1b>[0;34m0.1s<1b>[0m
test_pkg_C50.R................ 0 tests <1b>[0;36m2ms<1b>[0m [Exited at #12: Package 'C50' missing]
test_pkg_Cubist.R............. 0 tests <1b>[0;36m2ms<1b>[0m [Exited at #5: Package 'caret' missing]
test_pkg_RSNNS.R.............. 0 tests <1b>[0;36m2ms<1b>[0m [Exited at #5: Package 'RSNNS' missing]
test_pkg_caret.R.............. 0 tests <1b>[0;36m2ms<1b>[0m [Exited at #12: Package 'caret' missing]
test_pkg_earth.R.............. 0 tests <1b>[0;36m2ms<1b>[0m [Exited at #7: Package 'earth' missing]
test_pkg_gbm.R................ 0 tests <1b>[0;36m2ms<1b>[0m [Exited at #12: Package 'gbm' missing]
test_pkg_glmnet.R............. 0 tests <1b>[0;36m2ms<1b>[0m [Exited at #12: Package 'glmnet' missing]
test_pkg_h2o.R................ 0 tests <1b>[0;36m2ms<1b>[0m [Exited at #5: Package 'h2o' missing]
test_pkg_lightgbm.R........... 0 tests <1b>[0;36m2ms<1b>[0m [Exited at #12: Package 'lightgbm' missing]
test_pkg_mixOmics.R........... 0 tests <1b>[0;36m3ms<1b>[0m [Exited at #12: Bioconductor package 'mixOmics' missing]
test_pkg_mlr.R................ 0 tests <1b>[0;36m2ms<1b>[0m [Exited at #5: Package 'mlr' missing]
test_pkg_mlr3.R............... 0 tests <1b>[0;36m2ms<1b>[0m [Exited at #5: Package 'mlr3' missing]
test_pkg_neuralnet.R.......... 0 tests <1b>[0;36m2ms<1b>[0m [Exited at #5: Package 'neuralnet' missing]
test_pkg_nnet.R............... 0 tests
test_pkg_nnet.R............... 0 tests
test_pkg_nnet.R............... 0 tests
test_pkg_nnet.R............... 0 tests
test_pkg_nnet.R............... 0 tests
test_pkg_nnet.R............... 0 tests
test_pkg_nnet.R............... 0 tests
test_pkg_nnet.R............... 1 tests <1b>[0;32mOK<1b>[0m
test_pkg_nnet.R............... 2 tests <1b>[0;32mOK<1b>[0m
test_pkg_nnet.R............... 3 tests <1b>[0;32mOK<1b>[0m
test_pkg_nnet.R............... 3 tests <1b>[0;32mOK<1b>[0m
test_pkg_nnet.R............... 4 tests <1b>[0;31m1 fails<1b>[0m <1b>[0;34m1.8s<1b>[0m
test_pkg_party.R.............. 0 tests
test_pkg_party.R.............. 0 tests
test_pkg_party.R.............. 0 tests
test_pkg_party.R.............. 0 tests
test_pkg_party.R.............. 0 tests
test_pkg_party.R.............. 0 tests
test_pkg_party.R.............. 0 tests
test_pkg_party.R.............. 0 tests
test_pkg_party.R.............. 0 tests
test_pkg_party.R.............. 0 tests
test_pkg_party.R.............. 0 tests
test_pkg_party.R.............. 0 tests
test_pkg_party.R.............. 0 tests
test_pkg_party.R.............. 0 tests
test_pkg_party.R.............. 0 tests
test_pkg_party.R.............. 1 tests <1b>[0;32mOK<1b>[0m
test_pkg_party.R.............. 2 tests <1b>[0;32mOK<1b>[0m
test_pkg_party.R.............. 3 tests <1b>[0;32mOK<1b>[0m
test_pkg_party.R.............. 4 tests <1b>[0;32mOK<1b>[0m
test_pkg_party.R.............. 5 tests <1b>[0;32mOK<1b>[0m
test_pkg_party.R.............. 6 tests <1b>[0;32mOK<1b>[0m <1b>[0;34m5.2s<1b>[0m
test_pkg_partykit.R........... 0 tests <1b>[0;36m3ms<1b>[0m [Exited at #7: Package 'partykit' missing]
test_pkg_pls.R................ 0 tests <1b>[0;36m3ms<1b>[0m [Exited at #5: Package 'caret' missing]
test_pkg_randomForest.R....... 0 tests <1b>[0;36m3ms<1b>[0m [Exited at #12: Package 'randomForest' missing]
test_pkg_ranger.R............. 0 tests <1b>[0;36m3ms<1b>[0m [Exited at #12: Package 'ranger' missing]
test_pkg_rpart.R.............. 0 tests <1b>[0;36m2ms<1b>[0m [Exited at #12: Package 'rpart' missing]
test_pkg_stats.R.............. 0 tests
test_pkg_stats.R.............. 0 tests
test_pkg_stats.R.............. 0 tests
test_pkg_stats.R.............. 0 tests
test_pkg_stats.R.............. 0 tests
test_pkg_stats.R.............. 0 tests
test_pkg_stats.R.............. 1 tests <1b>[0;32mOK<1b>[0m
test_pkg_stats.R.............. 2 tests <1b>[0;32mOK<1b>[0m
test_pkg_stats.R.............. 3 tests <1b>[0;32mOK<1b>[0m
test_pkg_stats.R.............. 4 tests <1b>[0;32mOK<1b>[0m <1b>[0;36m18ms<1b>[0m
test_pkg_tidymodels.R......... 0 tests <1b>[0;36m3ms<1b>[0m [Exited at #5: Package 'ranger' missing]
test_pkg_xgboost.R............ 0 tests <1b>[0;36m3ms<1b>[0m [Exited at #12: Package 'xgboost' missing]
test_vi_firm.R................ 0 tests <1b>[0;36m26ms<1b>[0m [Exited at #8: 'requireNamespace("ranger", quietly = TRUE)' is not TRUE]
test_vi_permute.R............. 0 tests <1b>[0;36m6ms<1b>[0m [Exited at #7: 'requireNamespace("ranger", quietly = TRUE)' is not TRUE]
test_vi_shap.R................ 0 tests
test_vi_shap.R................ 0 tests
test_vi_shap.R................ 0 tests
test_vi_shap.R................ 0 tests
test_vi_shap.R................ 0 tests
test_vi_shap.R................ 0 tests
test_vi_shap.R................ 0 tests
test_vi_shap.R................ 0 tests
test_vi_shap.R................ 0 tests
test_vi_shap.R................ 0 tests
test_vi_shap.R................ 0 tests <1b>[0;34m2.2s<1b>[0m
test_vip.R.................... 0 tests
test_vip.R.................... 0 tests
test_vip.R.................... 0 tests
test_vip.R.................... 0 tests
test_vip.R.................... 1 tests <1b>[0;32mOK<1b>[0m
test_vip.R.................... 2 tests <1b>[0;32mOK<1b>[0m
test_vip.R.................... 3 tests <1b>[0;32mOK<1b>[0m <1b>[0;36m10ms<1b>[0m
----- FAILED[data]: test_pkg_nnet.R<47--50>
call| expect_identical(current = class(p), target = c("gg", "ggplot"))
diff| Lengths (2, 5) differ (string compare on first 2)
diff| 1 string mismatch
Error: 1 out of 22 tests failed
Execution halted
Flavor: r-release-windows-x86_64
Version: 0.4.1
Check: tests
Result: ERROR
Running 'tinytest.R' [15s]
Running the tests in 'tests/tinytest.R' failed.
Complete output:
> if (requireNamespace("tinytest", quietly = TRUE)) {
+ home <- length(unclass(packageVersion("vip"))[[1L]]) == 4
+ tinytest::test_package("vip", at_home = home)
+ }
Attaching package: 'vip'
The following object is masked from 'package:utils':
vi
test_get_feature_names.R...... 0 tests
test_get_feature_names.R...... 0 tests
test_get_feature_names.R...... 0 tests
test_get_feature_names.R...... 1 tests <1b>[0;32mOK<1b>[0m
test_get_feature_names.R...... 2 tests <1b>[0;32mOK<1b>[0m
test_get_feature_names.R...... 3 tests <1b>[0;32mOK<1b>[0m
test_get_feature_names.R...... 3 tests <1b>[0;32mOK<1b>[0m
test_get_feature_names.R...... 3 tests <1b>[0;32mOK<1b>[0m
test_get_feature_names.R...... 3 tests <1b>[0;32mOK<1b>[0m
test_get_feature_names.R...... 3 tests <1b>[0;32mOK<1b>[0m
test_get_feature_names.R...... 3 tests <1b>[0;32mOK<1b>[0m
test_get_feature_names.R...... 4 tests <1b>[0;32mOK<1b>[0m
test_get_feature_names.R...... 5 tests <1b>[0;32mOK<1b>[0m <1b>[0;34m0.2s<1b>[0m
test_pkg_C50.R................ 0 tests <1b>[0;36m3ms<1b>[0m [Exited at #12: Package 'C50' missing]
test_pkg_Cubist.R............. 0 tests <1b>[0;36m4ms<1b>[0m [Exited at #5: Package 'caret' missing]
test_pkg_RSNNS.R.............. 0 tests <1b>[0;36m4ms<1b>[0m [Exited at #5: Package 'RSNNS' missing]
test_pkg_caret.R.............. 0 tests <1b>[0;36m4ms<1b>[0m [Exited at #12: Package 'caret' missing]
test_pkg_earth.R.............. 0 tests <1b>[0;36m4ms<1b>[0m [Exited at #7: Package 'earth' missing]
test_pkg_gbm.R................ 0 tests <1b>[0;36m4ms<1b>[0m [Exited at #12: Package 'gbm' missing]
test_pkg_glmnet.R............. 0 tests <1b>[0;36m5ms<1b>[0m [Exited at #12: Package 'glmnet' missing]
test_pkg_h2o.R................ 0 tests <1b>[0;36m5ms<1b>[0m [Exited at #5: Package 'h2o' missing]
test_pkg_lightgbm.R........... 0 tests <1b>[0;36m4ms<1b>[0m [Exited at #12: Package 'lightgbm' missing]
test_pkg_mixOmics.R........... 0 tests <1b>[0;36m5ms<1b>[0m [Exited at #12: Bioconductor package 'mixOmics' missing]
test_pkg_mlr.R................ 0 tests <1b>[0;36m4ms<1b>[0m [Exited at #5: Package 'mlr' missing]
test_pkg_mlr3.R............... 0 tests <1b>[0;36m4ms<1b>[0m [Exited at #5: Package 'mlr3' missing]
test_pkg_neuralnet.R.......... 0 tests <1b>[0;36m4ms<1b>[0m [Exited at #5: Package 'neuralnet' missing]
test_pkg_nnet.R............... 0 tests
test_pkg_nnet.R............... 0 tests
test_pkg_nnet.R............... 0 tests
test_pkg_nnet.R............... 0 tests
test_pkg_nnet.R............... 0 tests
test_pkg_nnet.R............... 0 tests
test_pkg_nnet.R............... 0 tests
test_pkg_nnet.R............... 1 tests <1b>[0;32mOK<1b>[0m
test_pkg_nnet.R............... 2 tests <1b>[0;32mOK<1b>[0m
test_pkg_nnet.R............... 3 tests <1b>[0;32mOK<1b>[0m
test_pkg_nnet.R............... 3 tests <1b>[0;32mOK<1b>[0m
test_pkg_nnet.R............... 4 tests <1b>[0;31m1 fails<1b>[0m <1b>[0;34m2.5s<1b>[0m
test_pkg_party.R.............. 0 tests
test_pkg_party.R.............. 0 tests
test_pkg_party.R.............. 0 tests
test_pkg_party.R.............. 0 tests
test_pkg_party.R.............. 0 tests
test_pkg_party.R.............. 0 tests
test_pkg_party.R.............. 0 tests
test_pkg_party.R.............. 0 tests
test_pkg_party.R.............. 0 tests
test_pkg_party.R.............. 0 tests
test_pkg_party.R.............. 0 tests
test_pkg_party.R.............. 0 tests
test_pkg_party.R.............. 0 tests
test_pkg_party.R.............. 0 tests
test_pkg_party.R.............. 0 tests
test_pkg_party.R.............. 1 tests <1b>[0;32mOK<1b>[0m
test_pkg_party.R.............. 2 tests <1b>[0;32mOK<1b>[0m
test_pkg_party.R.............. 3 tests <1b>[0;32mOK<1b>[0m
test_pkg_party.R.............. 4 tests <1b>[0;32mOK<1b>[0m
test_pkg_party.R.............. 5 tests <1b>[0;32mOK<1b>[0m
test_pkg_party.R.............. 6 tests <1b>[0;32mOK<1b>[0m <1b>[0;34m7.8s<1b>[0m
test_pkg_partykit.R........... 0 tests <1b>[0;36m4ms<1b>[0m [Exited at #7: Package 'partykit' missing]
test_pkg_pls.R................ 0 tests <1b>[0;36m4ms<1b>[0m [Exited at #5: Package 'caret' missing]
test_pkg_randomForest.R....... 0 tests <1b>[0;36m4ms<1b>[0m [Exited at #12: Package 'randomForest' missing]
test_pkg_ranger.R............. 0 tests <1b>[0;36m4ms<1b>[0m [Exited at #12: Package 'ranger' missing]
test_pkg_rpart.R.............. 0 tests <1b>[0;36m4ms<1b>[0m [Exited at #12: Package 'rpart' missing]
test_pkg_stats.R.............. 0 tests
test_pkg_stats.R.............. 0 tests
test_pkg_stats.R.............. 0 tests
test_pkg_stats.R.............. 0 tests
test_pkg_stats.R.............. 0 tests
test_pkg_stats.R.............. 0 tests
test_pkg_stats.R.............. 1 tests <1b>[0;32mOK<1b>[0m
test_pkg_stats.R.............. 2 tests <1b>[0;32mOK<1b>[0m
test_pkg_stats.R.............. 3 tests <1b>[0;32mOK<1b>[0m
test_pkg_stats.R.............. 4 tests <1b>[0;32mOK<1b>[0m <1b>[0;36m34ms<1b>[0m
test_pkg_tidymodels.R......... 0 tests <1b>[0;36m5ms<1b>[0m [Exited at #5: Package 'ranger' missing]
test_pkg_xgboost.R............ 0 tests <1b>[0;36m5ms<1b>[0m [Exited at #12: Package 'xgboost' missing]
test_vi_firm.R................ 0 tests <1b>[0;36m29ms<1b>[0m [Exited at #8: 'requireNamespace("ranger", quietly = TRUE)' is not TRUE]
test_vi_permute.R............. 0 tests <1b>[0;36m5ms<1b>[0m [Exited at #7: 'requireNamespace("ranger", quietly = TRUE)' is not TRUE]
test_vi_shap.R................ 0 tests
test_vi_shap.R................ 0 tests
test_vi_shap.R................ 0 tests
test_vi_shap.R................ 0 tests
test_vi_shap.R................ 0 tests
test_vi_shap.R................ 0 tests
test_vi_shap.R................ 0 tests
test_vi_shap.R................ 0 tests
test_vi_shap.R................ 0 tests
test_vi_shap.R................ 0 tests
test_vi_shap.R................ 0 tests <1b>[0;34m3.5s<1b>[0m
test_vip.R.................... 0 tests
test_vip.R.................... 0 tests
test_vip.R.................... 0 tests
test_vip.R.................... 0 tests
test_vip.R.................... 1 tests <1b>[0;32mOK<1b>[0m
test_vip.R.................... 2 tests <1b>[0;32mOK<1b>[0m
test_vip.R.................... 3 tests <1b>[0;32mOK<1b>[0m <1b>[0;36m16ms<1b>[0m
----- FAILED[data]: test_pkg_nnet.R<47--50>
call| expect_identical(current = class(p), target = c("gg", "ggplot"))
diff| Lengths (2, 5) differ (string compare on first 2)
diff| 1 string mismatch
Error: 1 out of 22 tests failed
Execution halted
Flavor: r-oldrel-windows-x86_64
These binaries (installable software) and packages are in development.
They may not be fully stable and should be used with caution. We make no claims about them.
Health stats visible at Monitor.