CRAN Package Check Results for Package vigicaen

Last updated on 2025-02-23 15:50:01 CET.

Flavor Version Tinstall Tcheck Ttotal Status Flags
r-devel-linux-x86_64-debian-gcc 0.15.5 6.28 105.16 111.44 OK
r-devel-linux-x86_64-fedora-clang 0.15.5 262.80 OK
r-devel-linux-x86_64-fedora-gcc 0.15.5 238.72 OK
r-devel-macos-x86_64 0.15.5 141.00 OK
r-release-linux-x86_64 0.15.5 9.46 141.98 151.44 OK
r-release-macos-x86_64 0.15.5 145.00 OK
r-oldrel-macos-x86_64 0.15.5 155.00 WARN

Check Details

Version: 0.15.5
Check: DESCRIPTION meta-information
Result: WARN Non-standard license specification: CeCILL-2.1 Standardizable: FALSE Flavor: r-oldrel-macos-x86_64

These binaries (installable software) and packages are in development.
They may not be fully stable and should be used with caution. We make no claims about them.
Health stats visible at Monitor.