Last updated on 2025-10-31 19:58:26 CET.
| Flavor | Version | Tinstall | Tcheck | Ttotal | Status | Flags | 
|---|---|---|---|---|---|---|
| r-devel-linux-x86_64-debian-clang | 0.2.0 | 7.30 | 67.08 | 74.38 | NOTE | |
| r-devel-linux-x86_64-debian-gcc | 0.2.0 | 4.63 | 47.61 | 52.24 | NOTE | |
| r-devel-linux-x86_64-fedora-clang | 0.2.0 | 14.00 | 98.41 | 112.41 | NOTE | |
| r-devel-linux-x86_64-fedora-gcc | 0.2.0 | 13.00 | 93.69 | 106.69 | NOTE | |
| r-devel-windows-x86_64 | 0.2.0 | 7.00 | 83.00 | 90.00 | NOTE | |
| r-patched-linux-x86_64 | 0.2.0 | 6.51 | 63.20 | 69.71 | NOTE | |
| r-release-linux-x86_64 | 0.2.0 | 5.72 | 63.67 | 69.39 | NOTE | |
| r-release-macos-arm64 | 0.2.0 | 12.00 | 68.00 | 80.00 | NOTE | |
| r-release-macos-x86_64 | 0.2.0 | 26.00 | 199.00 | 225.00 | NOTE | |
| r-release-windows-x86_64 | 0.2.0 | 8.00 | 85.00 | 93.00 | NOTE | |
| r-oldrel-macos-arm64 | 0.2.0 | 11.00 | 64.00 | 75.00 | NOTE | |
| r-oldrel-macos-x86_64 | 0.2.0 | 20.00 | 110.00 | 130.00 | NOTE | |
| r-oldrel-windows-x86_64 | 0.2.0 | 8.00 | 108.00 | 116.00 | NOTE | 
Version: 0.2.0
Check: CRAN incoming feasibility
Result: NOTE
  Maintainer: ‘Adam T. Kocsis <adam.t.kocsis@gmail.com>’
  
  The BugReports field in DESCRIPTION has
    https://github.com/adamkocsis/via
  which should likely be
    https://github.com/adamkocsis/via/issues
  instead.
Flavors: r-devel-linux-x86_64-debian-clang, r-devel-linux-x86_64-debian-gcc
Version: 0.2.0
Check: Rd files
Result: NOTE
  checkRd: (-1) VirtualArray-single-bracket-method.Rd:6: Lost braces
       6 | \title{Indexing to extract subsets of a 'code{\link[via:XArray-class]{VirtualArray}}'-class object}
         |                                              ^
  checkRd: (-1) subset.Rd:20: Lost braces
      20 | \item{drop}{\code{logical} in case the result of subsetting is a single element, should the \\code{\link[via:XArray-class]{VirtualArray}} wrapper be dropped?}
         |                                                                                                   ^
Flavors: r-devel-linux-x86_64-debian-clang, r-devel-linux-x86_64-debian-gcc, r-devel-linux-x86_64-fedora-clang, r-devel-linux-x86_64-fedora-gcc, r-devel-windows-x86_64, r-patched-linux-x86_64, r-release-linux-x86_64, r-release-macos-arm64, r-release-macos-x86_64, r-release-windows-x86_64, r-oldrel-macos-arm64, r-oldrel-macos-x86_64, r-oldrel-windows-x86_64
These binaries (installable software) and packages are in development.
They may not be fully stable and should be used with caution. We make no claims about them.
Health stats visible at Monitor.