Last updated on 2024-05-02 08:02:03 CEST.
Flavor | Version | Tinstall | Tcheck | Ttotal | Status | Flags |
---|---|---|---|---|---|---|
r-devel-linux-x86_64-debian-clang | 0.5 | 3.64 | 150.55 | 154.19 | OK | |
r-devel-linux-x86_64-debian-gcc | 0.5 | 2.40 | 88.81 | 91.21 | OK | |
r-devel-linux-x86_64-fedora-clang | 0.5 | 207.66 | OK | |||
r-devel-linux-x86_64-fedora-gcc | 0.5 | 206.52 | OK | |||
r-devel-windows-x86_64 | 0.5 | 3.00 | 80.00 | 83.00 | OK | |
r-patched-linux-x86_64 | 0.5 | 3.36 | 135.74 | 139.10 | OK | |
r-release-linux-x86_64 | 0.5 | 3.44 | 136.61 | 140.05 | OK | |
r-release-macos-arm64 | 0.5 | 38.00 | ERROR | |||
r-release-windows-x86_64 | 0.5 | 4.00 | 81.00 | 85.00 | OK | |
r-oldrel-macos-arm64 | 0.5 | 51.00 | OK | |||
r-oldrel-macos-x86_64 | 0.5 | 71.00 | OK | |||
r-oldrel-windows-x86_64 | 0.5 | 5.00 | 96.00 | 101.00 | OK |
Version: 0.5
Check: re-building of vignette outputs
Result: ERROR
Error(s) in re-building vignettes:
...
--- re-building ‘varrank.Rmd’ using knitr
Quitting from lines 110-115 [unnamed-chunk-7] (varrank.Rmd)
Error: processing vignette 'varrank.Rmd' failed with diagnostics:
cannot open file '/Volumes/Builds/packages/big-sur-arm64/Rlib/4.4/varSelRF/R/varSelRF.rdb': No such file or directory
--- failed re-building ‘varrank.Rmd’
SUMMARY: processing the following file failed:
‘varrank.Rmd’
Error: Vignette re-building failed.
Execution halted
Flavor: r-release-macos-arm64
These binaries (installable software) and packages are in development.
They may not be fully stable and should be used with caution. We make no claims about them.
Health stats visible at Monitor.